--
-- Host: localhost    Database: arete
-- ------------------------------------------------------

--
-- Table structure for table `eqdkp_adjustments`
--

CREATE TABLE `eqdkp_adjustments` (
  `adjustment_id` mediumint(8) unsigned NOT NULL,
  `adjustment_value` float(11,2) default NULL,
  `adjustment_date` int(11) NOT NULL default '0',
  `member_name` varchar(30) default NULL,
  `adjustment_reason` varchar(255) default NULL,
  `adjustment_added_by` varchar(30) NOT NULL,
  `adjustment_updated_by` varchar(30) default NULL,
  `adjustment_group_key` varchar(32) default NULL,
  PRIMARY KEY  (`adjustment_id`)
);

--
-- Dumping data for table `eqdkp_adjustments`
--


--
-- Table structure for table `eqdkp_auth_options`
--

CREATE TABLE `eqdkp_auth_options` (
  `auth_id` smallint(3) unsigned NOT NULL,
  `auth_value` varchar(25) NOT NULL,
  `auth_default` enum('N','Y') NOT NULL default 'N',
  PRIMARY KEY  (`auth_id`),
  KEY `auth_value` (`auth_value`)
);

--
-- Dumping data for table `eqdkp_auth_options`
--

INSERT INTO `eqdkp_auth_options` VALUES (1,'a_event_add','N');
INSERT INTO `eqdkp_auth_options` VALUES (2,'a_event_upd','N');
INSERT INTO `eqdkp_auth_options` VALUES (3,'a_event_del','N');
INSERT INTO `eqdkp_auth_options` VALUES (4,'a_groupadj_add','N');
INSERT INTO `eqdkp_auth_options` VALUES (5,'a_groupadj_upd','N');
INSERT INTO `eqdkp_auth_options` VALUES (6,'a_groupadj_del','N');
INSERT INTO `eqdkp_auth_options` VALUES (7,'a_indivadj_add','N');
INSERT INTO `eqdkp_auth_options` VALUES (8,'a_indivadj_upd','N');
INSERT INTO `eqdkp_auth_options` VALUES (9,'a_indivadj_del','N');
INSERT INTO `eqdkp_auth_options` VALUES (10,'a_item_add','N');
INSERT INTO `eqdkp_auth_options` VALUES (11,'a_item_upd','N');
INSERT INTO `eqdkp_auth_options` VALUES (12,'a_item_del','N');
INSERT INTO `eqdkp_auth_options` VALUES (13,'a_news_add','N');
INSERT INTO `eqdkp_auth_options` VALUES (14,'a_news_upd','N');
INSERT INTO `eqdkp_auth_options` VALUES (15,'a_news_del','N');
INSERT INTO `eqdkp_auth_options` VALUES (16,'a_raid_add','N');
INSERT INTO `eqdkp_auth_options` VALUES (17,'a_raid_upd','N');
INSERT INTO `eqdkp_auth_options` VALUES (18,'a_raid_del','N');
INSERT INTO `eqdkp_auth_options` VALUES (19,'a_turnin_add','N');
INSERT INTO `eqdkp_auth_options` VALUES (20,'a_config_man','N');
INSERT INTO `eqdkp_auth_options` VALUES (21,'a_members_man','N');
INSERT INTO `eqdkp_auth_options` VALUES (22,'a_users_man','N');
INSERT INTO `eqdkp_auth_options` VALUES (23,'a_logs_view','N');
INSERT INTO `eqdkp_auth_options` VALUES (24,'u_event_list','Y');
INSERT INTO `eqdkp_auth_options` VALUES (25,'u_event_view','Y');
INSERT INTO `eqdkp_auth_options` VALUES (26,'u_item_list','Y');
INSERT INTO `eqdkp_auth_options` VALUES (27,'u_item_view','Y');
INSERT INTO `eqdkp_auth_options` VALUES (28,'u_member_list','Y');
INSERT INTO `eqdkp_auth_options` VALUES (29,'u_member_view','Y');
INSERT INTO `eqdkp_auth_options` VALUES (30,'u_raid_list','Y');
INSERT INTO `eqdkp_auth_options` VALUES (31,'u_raid_view','Y');
INSERT INTO `eqdkp_auth_options` VALUES (32,'a_plugins_man','N');
INSERT INTO `eqdkp_auth_options` VALUES (33,'a_styles_man','N');
INSERT INTO `eqdkp_auth_options` VALUES (34,'a_soap_read','N');
INSERT INTO `eqdkp_auth_options` VALUES (35,'a_soap_write','N');
INSERT INTO `eqdkp_auth_options` VALUES (36,'a_lua_import','N');
INSERT INTO `eqdkp_auth_options` VALUES (501,'a_raidplan_add','N');
INSERT INTO `eqdkp_auth_options` VALUES (502,'a_raidplan_update','N');
INSERT INTO `eqdkp_auth_options` VALUES (503,'a_raidplan_delete','N');
INSERT INTO `eqdkp_auth_options` VALUES (504,'u_raidplan_list','Y');
INSERT INTO `eqdkp_auth_options` VALUES (505,'u_raidplan_view','Y');
INSERT INTO `eqdkp_auth_options` VALUES (506,'a_raidplan_config','N');
INSERT INTO `eqdkp_auth_options` VALUES (901,'a_raidbanker_import','N');
INSERT INTO `eqdkp_auth_options` VALUES (902,'u_raidbanker_view','Y');
INSERT INTO `eqdkp_auth_options` VALUES (903,'a_raidbanker_update','N');

--
-- Table structure for table `eqdkp_auth_users`
--

CREATE TABLE `eqdkp_auth_users` (
  `user_id` smallint(5) unsigned NOT NULL,
  `auth_id` smallint(3) unsigned NOT NULL,
  `auth_setting` enum('N','Y') NOT NULL default 'N',
  KEY `auth_id` (`auth_id`),
  KEY `user_id` (`user_id`)
);

--
-- Dumping data for table `eqdkp_auth_users`
--

INSERT INTO `eqdkp_auth_users` VALUES (1,1,'Y');
INSERT INTO `eqdkp_auth_users` VALUES (1,2,'Y');
INSERT INTO `eqdkp_auth_users` VALUES (1,3,'Y');
INSERT INTO `eqdkp_auth_users` VALUES (1,4,'Y');
INSERT INTO `eqdkp_auth_users` VALUES (1,5,'Y');
INSERT INTO `eqdkp_auth_users` VALUES (1,6,'Y');
INSERT INTO `eqdkp_auth_users` VALUES (1,7,'Y');
INSERT INTO `eqdkp_auth_users` VALUES (1,8,'Y');
INSERT INTO `eqdkp_auth_users` VALUES (1,9,'Y');
INSERT INTO `eqdkp_auth_users` VALUES (1,10,'Y');
INSERT INTO `eqdkp_auth_users` VALUES (1,11,'Y');
INSERT INTO `eqdkp_auth_users` VALUES (1,12,'Y');
INSERT INTO `eqdkp_auth_users` VALUES (1,13,'Y');
INSERT INTO `eqdkp_auth_users` VALUES (1,14,'Y');
INSERT INTO `eqdkp_auth_users` VALUES (1,15,'Y');
INSERT INTO `eqdkp_auth_users` VALUES (1,16,'Y');
INSERT INTO `eqdkp_auth_users` VALUES (1,17,'Y');
INSERT INTO `eqdkp_auth_users` VALUES (1,18,'Y');
INSERT INTO `eqdkp_auth_users` VALUES (1,19,'Y');
INSERT INTO `eqdkp_auth_users` VALUES (1,20,'Y');
INSERT INTO `eqdkp_auth_users` VALUES (1,21,'Y');
INSERT INTO `eqdkp_auth_users` VALUES (1,22,'Y');
INSERT INTO `eqdkp_auth_users` VALUES (1,23,'Y');
INSERT INTO `eqdkp_auth_users` VALUES (1,24,'Y');
INSERT INTO `eqdkp_auth_users` VALUES (1,25,'Y');
INSERT INTO `eqdkp_auth_users` VALUES (1,26,'Y');
INSERT INTO `eqdkp_auth_users` VALUES (1,27,'Y');
INSERT INTO `eqdkp_auth_users` VALUES (1,28,'Y');
INSERT INTO `eqdkp_auth_users` VALUES (1,29,'Y');
INSERT INTO `eqdkp_auth_users` VALUES (1,30,'Y');
INSERT INTO `eqdkp_auth_users` VALUES (1,31,'Y');
INSERT INTO `eqdkp_auth_users` VALUES (1,32,'Y');
INSERT INTO `eqdkp_auth_users` VALUES (1,33,'Y');
INSERT INTO `eqdkp_auth_users` VALUES (1,34,'Y');
INSERT INTO `eqdkp_auth_users` VALUES (1,35,'Y');
INSERT INTO `eqdkp_auth_users` VALUES (1,36,'Y');
INSERT INTO `eqdkp_auth_users` VALUES (2,1,'N');
INSERT INTO `eqdkp_auth_users` VALUES (2,2,'N');
INSERT INTO `eqdkp_auth_users` VALUES (2,3,'N');
INSERT INTO `eqdkp_auth_users` VALUES (2,4,'N');
INSERT INTO `eqdkp_auth_users` VALUES (2,5,'N');
INSERT INTO `eqdkp_auth_users` VALUES (2,6,'N');
INSERT INTO `eqdkp_auth_users` VALUES (2,7,'N');
INSERT INTO `eqdkp_auth_users` VALUES (2,8,'N');
INSERT INTO `eqdkp_auth_users` VALUES (2,9,'N');
INSERT INTO `eqdkp_auth_users` VALUES (2,10,'N');
INSERT INTO `eqdkp_auth_users` VALUES (2,11,'N');
INSERT INTO `eqdkp_auth_users` VALUES (2,12,'N');
INSERT INTO `eqdkp_auth_users` VALUES (2,13,'N');
INSERT INTO `eqdkp_auth_users` VALUES (2,14,'N');
INSERT INTO `eqdkp_auth_users` VALUES (2,15,'N');
INSERT INTO `eqdkp_auth_users` VALUES (2,16,'N');
INSERT INTO `eqdkp_auth_users` VALUES (2,17,'N');
INSERT INTO `eqdkp_auth_users` VALUES (2,18,'N');
INSERT INTO `eqdkp_auth_users` VALUES (2,19,'N');
INSERT INTO `eqdkp_auth_users` VALUES (2,20,'N');
INSERT INTO `eqdkp_auth_users` VALUES (2,21,'N');
INSERT INTO `eqdkp_auth_users` VALUES (2,22,'N');
INSERT INTO `eqdkp_auth_users` VALUES (2,23,'N');
INSERT INTO `eqdkp_auth_users` VALUES (2,24,'Y');
INSERT INTO `eqdkp_auth_users` VALUES (2,25,'Y');
INSERT INTO `eqdkp_auth_users` VALUES (2,26,'Y');
INSERT INTO `eqdkp_auth_users` VALUES (2,27,'Y');
INSERT INTO `eqdkp_auth_users` VALUES (2,28,'Y');
INSERT INTO `eqdkp_auth_users` VALUES (2,29,'Y');
INSERT INTO `eqdkp_auth_users` VALUES (2,30,'Y');
INSERT INTO `eqdkp_auth_users` VALUES (2,31,'Y');
INSERT INTO `eqdkp_auth_users` VALUES (2,32,'N');
INSERT INTO `eqdkp_auth_users` VALUES (2,33,'N');
INSERT INTO `eqdkp_auth_users` VALUES (2,34,'N');
INSERT INTO `eqdkp_auth_users` VALUES (2,35,'N');
INSERT INTO `eqdkp_auth_users` VALUES (2,36,'N');
INSERT INTO `eqdkp_auth_users` VALUES (2,501,'N');
INSERT INTO `eqdkp_auth_users` VALUES (2,502,'N');
INSERT INTO `eqdkp_auth_users` VALUES (2,503,'N');
INSERT INTO `eqdkp_auth_users` VALUES (2,504,'Y');
INSERT INTO `eqdkp_auth_users` VALUES (2,505,'Y');
INSERT INTO `eqdkp_auth_users` VALUES (2,506,'N');
INSERT INTO `eqdkp_auth_users` VALUES (2,901,'N');
INSERT INTO `eqdkp_auth_users` VALUES (2,902,'Y');
INSERT INTO `eqdkp_auth_users` VALUES (2,903,'N');
INSERT INTO `eqdkp_auth_users` VALUES (3,1,'N');
INSERT INTO `eqdkp_auth_users` VALUES (3,2,'N');
INSERT INTO `eqdkp_auth_users` VALUES (3,3,'N');
INSERT INTO `eqdkp_auth_users` VALUES (3,4,'N');
INSERT INTO `eqdkp_auth_users` VALUES (3,5,'N');
INSERT INTO `eqdkp_auth_users` VALUES (3,6,'N');
INSERT INTO `eqdkp_auth_users` VALUES (3,7,'N');
INSERT INTO `eqdkp_auth_users` VALUES (3,8,'N');
INSERT INTO `eqdkp_auth_users` VALUES (3,9,'N');
INSERT INTO `eqdkp_auth_users` VALUES (3,10,'N');
INSERT INTO `eqdkp_auth_users` VALUES (3,11,'N');
INSERT INTO `eqdkp_auth_users` VALUES (3,12,'N');
INSERT INTO `eqdkp_auth_users` VALUES (3,13,'N');
INSERT INTO `eqdkp_auth_users` VALUES (3,14,'N');
INSERT INTO `eqdkp_auth_users` VALUES (3,15,'N');
INSERT INTO `eqdkp_auth_users` VALUES (3,16,'N');
INSERT INTO `eqdkp_auth_users` VALUES (3,17,'N');
INSERT INTO `eqdkp_auth_users` VALUES (3,18,'N');
INSERT INTO `eqdkp_auth_users` VALUES (3,19,'N');
INSERT INTO `eqdkp_auth_users` VALUES (3,20,'N');
INSERT INTO `eqdkp_auth_users` VALUES (3,21,'N');
INSERT INTO `eqdkp_auth_users` VALUES (3,22,'N');
INSERT INTO `eqdkp_auth_users` VALUES (3,23,'N');
INSERT INTO `eqdkp_auth_users` VALUES (3,24,'Y');
INSERT INTO `eqdkp_auth_users` VALUES (3,25,'Y');
INSERT INTO `eqdkp_auth_users` VALUES (3,26,'Y');
INSERT INTO `eqdkp_auth_users` VALUES (3,27,'Y');
INSERT INTO `eqdkp_auth_users` VALUES (3,28,'Y');
INSERT INTO `eqdkp_auth_users` VALUES (3,29,'Y');
INSERT INTO `eqdkp_auth_users` VALUES (3,30,'Y');
INSERT INTO `eqdkp_auth_users` VALUES (3,31,'Y');
INSERT INTO `eqdkp_auth_users` VALUES (3,32,'N');
INSERT INTO `eqdkp_auth_users` VALUES (3,33,'N');
INSERT INTO `eqdkp_auth_users` VALUES (3,34,'N');
INSERT INTO `eqdkp_auth_users` VALUES (3,35,'N');
INSERT INTO `eqdkp_auth_users` VALUES (3,36,'N');
INSERT INTO `eqdkp_auth_users` VALUES (3,501,'N');
INSERT INTO `eqdkp_auth_users` VALUES (3,502,'N');
INSERT INTO `eqdkp_auth_users` VALUES (3,503,'N');
INSERT INTO `eqdkp_auth_users` VALUES (3,504,'Y');
INSERT INTO `eqdkp_auth_users` VALUES (3,505,'Y');
INSERT INTO `eqdkp_auth_users` VALUES (3,506,'N');
INSERT INTO `eqdkp_auth_users` VALUES (3,901,'N');
INSERT INTO `eqdkp_auth_users` VALUES (3,902,'Y');
INSERT INTO `eqdkp_auth_users` VALUES (3,903,'N');
INSERT INTO `eqdkp_auth_users` VALUES (4,1,'N');
INSERT INTO `eqdkp_auth_users` VALUES (4,2,'N');
INSERT INTO `eqdkp_auth_users` VALUES (4,3,'N');
INSERT INTO `eqdkp_auth_users` VALUES (4,4,'N');
INSERT INTO `eqdkp_auth_users` VALUES (4,5,'N');
INSERT INTO `eqdkp_auth_users` VALUES (4,6,'N');
INSERT INTO `eqdkp_auth_users` VALUES (4,7,'N');
INSERT INTO `eqdkp_auth_users` VALUES (4,8,'N');
INSERT INTO `eqdkp_auth_users` VALUES (4,9,'N');
INSERT INTO `eqdkp_auth_users` VALUES (4,10,'N');
INSERT INTO `eqdkp_auth_users` VALUES (4,11,'N');
INSERT INTO `eqdkp_auth_users` VALUES (4,12,'N');
INSERT INTO `eqdkp_auth_users` VALUES (4,13,'N');
INSERT INTO `eqdkp_auth_users` VALUES (4,14,'N');
INSERT INTO `eqdkp_auth_users` VALUES (4,15,'N');
INSERT INTO `eqdkp_auth_users` VALUES (4,16,'N');
INSERT INTO `eqdkp_auth_users` VALUES (4,17,'N');
INSERT INTO `eqdkp_auth_users` VALUES (4,18,'N');
INSERT INTO `eqdkp_auth_users` VALUES (4,19,'N');
INSERT INTO `eqdkp_auth_users` VALUES (4,20,'N');
INSERT INTO `eqdkp_auth_users` VALUES (4,21,'N');
INSERT INTO `eqdkp_auth_users` VALUES (4,22,'N');
INSERT INTO `eqdkp_auth_users` VALUES (4,23,'N');
INSERT INTO `eqdkp_auth_users` VALUES (4,24,'Y');
INSERT INTO `eqdkp_auth_users` VALUES (4,25,'Y');
INSERT INTO `eqdkp_auth_users` VALUES (4,26,'Y');
INSERT INTO `eqdkp_auth_users` VALUES (4,27,'Y');
INSERT INTO `eqdkp_auth_users` VALUES (4,28,'Y');
INSERT INTO `eqdkp_auth_users` VALUES (4,29,'Y');
INSERT INTO `eqdkp_auth_users` VALUES (4,30,'Y');
INSERT INTO `eqdkp_auth_users` VALUES (4,31,'Y');
INSERT INTO `eqdkp_auth_users` VALUES (4,32,'N');
INSERT INTO `eqdkp_auth_users` VALUES (4,33,'N');
INSERT INTO `eqdkp_auth_users` VALUES (4,34,'N');
INSERT INTO `eqdkp_auth_users` VALUES (4,35,'N');
INSERT INTO `eqdkp_auth_users` VALUES (4,36,'N');
INSERT INTO `eqdkp_auth_users` VALUES (4,501,'N');
INSERT INTO `eqdkp_auth_users` VALUES (4,502,'N');
INSERT INTO `eqdkp_auth_users` VALUES (4,503,'N');
INSERT INTO `eqdkp_auth_users` VALUES (4,504,'Y');
INSERT INTO `eqdkp_auth_users` VALUES (4,505,'Y');
INSERT INTO `eqdkp_auth_users` VALUES (4,506,'N');
INSERT INTO `eqdkp_auth_users` VALUES (4,901,'N');
INSERT INTO `eqdkp_auth_users` VALUES (4,902,'Y');
INSERT INTO `eqdkp_auth_users` VALUES (4,903,'N');
INSERT INTO `eqdkp_auth_users` VALUES (5,1,'N');
INSERT INTO `eqdkp_auth_users` VALUES (5,2,'N');
INSERT INTO `eqdkp_auth_users` VALUES (5,3,'N');
INSERT INTO `eqdkp_auth_users` VALUES (5,4,'N');
INSERT INTO `eqdkp_auth_users` VALUES (5,5,'N');
INSERT INTO `eqdkp_auth_users` VALUES (5,6,'N');
INSERT INTO `eqdkp_auth_users` VALUES (5,7,'N');
INSERT INTO `eqdkp_auth_users` VALUES (5,8,'N');
INSERT INTO `eqdkp_auth_users` VALUES (5,9,'N');
INSERT INTO `eqdkp_auth_users` VALUES (5,10,'N');
INSERT INTO `eqdkp_auth_users` VALUES (5,11,'N');
INSERT INTO `eqdkp_auth_users` VALUES (5,12,'N');
INSERT INTO `eqdkp_auth_users` VALUES (5,13,'N');
INSERT INTO `eqdkp_auth_users` VALUES (5,14,'N');
INSERT INTO `eqdkp_auth_users` VALUES (5,15,'N');
INSERT INTO `eqdkp_auth_users` VALUES (5,16,'N');
INSERT INTO `eqdkp_auth_users` VALUES (5,17,'N');
INSERT INTO `eqdkp_auth_users` VALUES (5,18,'N');
INSERT INTO `eqdkp_auth_users` VALUES (5,19,'N');
INSERT INTO `eqdkp_auth_users` VALUES (5,20,'N');
INSERT INTO `eqdkp_auth_users` VALUES (5,21,'N');
INSERT INTO `eqdkp_auth_users` VALUES (5,22,'N');
INSERT INTO `eqdkp_auth_users` VALUES (5,23,'N');
INSERT INTO `eqdkp_auth_users` VALUES (5,24,'Y');
INSERT INTO `eqdkp_auth_users` VALUES (5,25,'Y');
INSERT INTO `eqdkp_auth_users` VALUES (5,26,'Y');
INSERT INTO `eqdkp_auth_users` VALUES (5,27,'Y');
INSERT INTO `eqdkp_auth_users` VALUES (5,28,'Y');
INSERT INTO `eqdkp_auth_users` VALUES (5,29,'Y');
INSERT INTO `eqdkp_auth_users` VALUES (5,30,'Y');
INSERT INTO `eqdkp_auth_users` VALUES (5,31,'Y');
INSERT INTO `eqdkp_auth_users` VALUES (5,32,'N');
INSERT INTO `eqdkp_auth_users` VALUES (5,33,'N');
INSERT INTO `eqdkp_auth_users` VALUES (5,34,'N');
INSERT INTO `eqdkp_auth_users` VALUES (5,35,'N');
INSERT INTO `eqdkp_auth_users` VALUES (5,36,'N');
INSERT INTO `eqdkp_auth_users` VALUES (5,501,'N');
INSERT INTO `eqdkp_auth_users` VALUES (5,502,'N');
INSERT INTO `eqdkp_auth_users` VALUES (5,503,'N');
INSERT INTO `eqdkp_auth_users` VALUES (5,504,'Y');
INSERT INTO `eqdkp_auth_users` VALUES (5,505,'Y');
INSERT INTO `eqdkp_auth_users` VALUES (5,506,'N');
INSERT INTO `eqdkp_auth_users` VALUES (5,901,'N');
INSERT INTO `eqdkp_auth_users` VALUES (5,902,'Y');
INSERT INTO `eqdkp_auth_users` VALUES (5,903,'N');

--
-- Table structure for table `eqdkp_classes`
--

CREATE TABLE `eqdkp_classes` (
  `c_index` smallint(3) unsigned NOT NULL,
  `class_id` smallint(3) unsigned NOT NULL,
  `class_name` varchar(50) NOT NULL,
  `class_min_level` smallint(3) NOT NULL default '0',
  `class_max_level` smallint(3) NOT NULL default '999',
  `class_armor_type` varchar(50) NOT NULL,
  `class_hide` enum('0','1') NOT NULL default '0',
  PRIMARY KEY  (`c_index`)
);

--
-- Dumping data for table `eqdkp_classes`
--

INSERT INTO `eqdkp_classes` VALUES (18,0,'Unknown',0,60,'Plate','0');
INSERT INTO `eqdkp_classes` VALUES (19,1,'Warrior',0,39,'Mail','0');
INSERT INTO `eqdkp_classes` VALUES (20,2,'Rogue',0,60,'Leather','0');
INSERT INTO `eqdkp_classes` VALUES (21,3,'Hunter',0,39,'Leather','0');
INSERT INTO `eqdkp_classes` VALUES (22,4,'Hunter',40,60,'Mail','0');
INSERT INTO `eqdkp_classes` VALUES (23,5,'Paladin',0,39,'Mail','0');
INSERT INTO `eqdkp_classes` VALUES (24,6,'Priest',0,60,'Cloth','0');
INSERT INTO `eqdkp_classes` VALUES (25,7,'Druid',0,60,'Leather','0');
INSERT INTO `eqdkp_classes` VALUES (26,8,'Shaman',0,39,'Leather','0');
INSERT INTO `eqdkp_classes` VALUES (27,9,'Shaman',40,60,'Mail','0');
INSERT INTO `eqdkp_classes` VALUES (28,10,'Warlock',0,60,'Cloth','0');
INSERT INTO `eqdkp_classes` VALUES (29,11,'Mage',0,60,'Cloth','0');
INSERT INTO `eqdkp_classes` VALUES (30,12,'Warrior',40,60,'Plate','0');
INSERT INTO `eqdkp_classes` VALUES (31,13,'Paladin',40,60,'Plate','0');

--
-- Table structure for table `eqdkp_config`
--

CREATE TABLE `eqdkp_config` (
  `config_name` varchar(255) NOT NULL,
  `config_value` varchar(255) default NULL,
  PRIMARY KEY  (`config_name`)
);

--
-- Dumping data for table `eqdkp_config`
--

INSERT INTO `eqdkp_config` VALUES ('account_activation','1');
INSERT INTO `eqdkp_config` VALUES ('active_point_adj','0.00');
INSERT INTO `eqdkp_config` VALUES ('admin_email','jpwalch@charter.net');
INSERT INTO `eqdkp_config` VALUES ('cookie_domain','');
INSERT INTO `eqdkp_config` VALUES ('cookie_name','eqdkp');
INSERT INTO `eqdkp_config` VALUES ('cookie_path','/');
INSERT INTO `eqdkp_config` VALUES ('default_alimit','100');
INSERT INTO `eqdkp_config` VALUES ('default_elimit','100');
INSERT INTO `eqdkp_config` VALUES ('default_game','WoW');
INSERT INTO `eqdkp_config` VALUES ('default_ilimit','100');
INSERT INTO `eqdkp_config` VALUES ('default_lang','english');
INSERT INTO `eqdkp_config` VALUES ('default_locale','en_US');
INSERT INTO `eqdkp_config` VALUES ('default_nlimit','10');
INSERT INTO `eqdkp_config` VALUES ('default_rlimit','100');
INSERT INTO `eqdkp_config` VALUES ('default_style','6');
INSERT INTO `eqdkp_config` VALUES ('dkp_name','DKP');
INSERT INTO `eqdkp_config` VALUES ('enable_gzip','1');
INSERT INTO `eqdkp_config` VALUES ('eqdkp_start','1144913890');
INSERT INTO `eqdkp_config` VALUES ('guildtag','');
INSERT INTO `eqdkp_config` VALUES ('hide_inactive','1');
INSERT INTO `eqdkp_config` VALUES ('inactive_period','14');
INSERT INTO `eqdkp_config` VALUES ('inactive_point_adj','0.00');
INSERT INTO `eqdkp_config` VALUES ('main_title','');
INSERT INTO `eqdkp_config` VALUES ('parsetags','');
INSERT INTO `eqdkp_config` VALUES ('server_name','areteattendance.dkphost.net');
INSERT INTO `eqdkp_config` VALUES ('server_path','/');
INSERT INTO `eqdkp_config` VALUES ('server_port','80');
INSERT INTO `eqdkp_config` VALUES ('session_cleanup','0');
INSERT INTO `eqdkp_config` VALUES ('session_last_cleanup','1163236119');
INSERT INTO `eqdkp_config` VALUES ('session_length','3600');
INSERT INTO `eqdkp_config` VALUES ('start_page','viewnews.php');
INSERT INTO `eqdkp_config` VALUES ('sub_title','');

--
-- Table structure for table `eqdkp_events`
--

CREATE TABLE `eqdkp_events` (
  `event_id` smallint(5) unsigned NOT NULL,
  `event_name` varchar(255) default NULL,
  `event_value` float(6,2) default NULL,
  `event_added_by` varchar(30) NOT NULL,
  `event_updated_by` varchar(30) default NULL,
  PRIMARY KEY  (`event_id`)
);

--
-- Dumping data for table `eqdkp_events`
--

INSERT INTO `eqdkp_events` VALUES (1,'Ahn Qiraj',1.00,'gsc',NULL);
INSERT INTO `eqdkp_events` VALUES (2,'Blackwing Lair',1.00,'gsc',NULL);
INSERT INTO `eqdkp_events` VALUES (3,'Onyxia',1.00,'gsc',NULL);

--
-- Table structure for table `eqdkp_factions`
--

CREATE TABLE `eqdkp_factions` (
  `f_index` smallint(3) unsigned NOT NULL,
  `faction_id` smallint(3) unsigned NOT NULL,
  `faction_name` varchar(50) NOT NULL,
  `faction_hide` enum('0','1') NOT NULL default '0',
  PRIMARY KEY  (`f_index`)
);

--
-- Dumping data for table `eqdkp_factions`
--

INSERT INTO `eqdkp_factions` VALUES (3,1,'Alliance','0');
INSERT INTO `eqdkp_factions` VALUES (4,2,'Horde','0');

--
-- Table structure for table `eqdkp_items`
--

CREATE TABLE `eqdkp_items` (
  `item_id` mediumint(8) unsigned NOT NULL,
  `item_name` varchar(255) default NULL,
  `item_buyer` varchar(50) default NULL,
  `raid_id` int(10) unsigned NOT NULL default '0',
  `item_value` float(6,2) default NULL,
  `item_date` int(11) NOT NULL default '0',
  `item_added_by` varchar(30) NOT NULL,
  `item_updated_by` varchar(30) default NULL,
  `item_group_key` varchar(32) default NULL,
  PRIMARY KEY  (`item_id`)
);

--
-- Dumping data for table `eqdkp_items`
--


--
-- Table structure for table `eqdkp_logs`
--

CREATE TABLE `eqdkp_logs` (
  `log_id` int(11) unsigned NOT NULL,
  `log_date` int(11) NOT NULL default '0',
  `log_type` varchar(255) NOT NULL default '',
  `log_action` text NOT NULL,
  `log_ipaddress` varchar(15) NOT NULL default '',
  `log_sid` varchar(32) NOT NULL default '',
  `log_result` varchar(255) NOT NULL default '',
  `admin_id` smallint(5) unsigned NOT NULL default '0',
  PRIMARY KEY  (`log_id`),
  KEY `admin_id` (`admin_id`),
  KEY `log_type` (`log_type`),
  KEY `log_ipaddress` (`log_ipaddress`)
);

--
-- Dumping data for table `eqdkp_logs`
--

INSERT INTO `eqdkp_logs` VALUES (1,1158017737,'{L_ACTION_RAID_ADDED}','$log_action = array(\'header\' => \'{L_ACTION_RAID_ADDED}\',\'id\' => \'1\',\'{L_EVENT}\' => \'Unknown Event\',\'{L_ATTENDEES}\' => \'Afflicted, Aurix, Bendeadlong, Croog, Desdemonda, Halaster, Hockee, Imprezzed, Innouthule, Kadelthin, Karunaji, Kazgra, Krenshar, Lexanice, Lifeblood, Malanari, Malcontent, Malignance, Mindblade, Moofus, Mook, Moosby, Naydien, Nyuks, Overdose, Raldin, Simodine, Sreza, Subflict, Sufu, Swifteagle, Tanz, Tulgaat, Tzoo, Unarmed, Utgardloki, Vig, Witchking, Xarnum, Zhenkira\',\'{L_NOTE}\' => \'Raid Attendance 7:00-8:00\',\'{L_VALUE}\' => \'0\',\'{L_ADDED_BY}\' => \'RaidTracker (by gsc)\');','70.176.158.236','79cf39baf275efcedca814595ba52e82','{L_SUCCESS}',1);
INSERT INTO `eqdkp_logs` VALUES (2,1158017737,'{L_ACTION_MEMBER_ADDED}','$log_action = array(\'header\' => \'{L_ACTION_MEMBER_ADDED}\',\'{L_NAME}\' => \'Afflicted\',\'{L_EARNED}\' => \'0\',\'{L_SPENT}\' => \'0\',\'{L_ADJUSTMENT}\' => \'0\',\'{L_LEVEL}\' => \'Unknown\',\'{L_RACE}\' => \'Unknown\',\'{L_CLASS}\' => \'Unknown\',\'{L_ADDED_BY}\' => \'RaidTracker (by gsc)\');','70.176.158.236','79cf39baf275efcedca814595ba52e82','{L_SUCCESS}',1);
INSERT INTO `eqdkp_logs` VALUES (3,1158017737,'{L_ACTION_MEMBER_ADDED}','$log_action = array(\'header\' => \'{L_ACTION_MEMBER_ADDED}\',\'{L_NAME}\' => \'Aurix\',\'{L_EARNED}\' => \'0\',\'{L_SPENT}\' => \'0\',\'{L_ADJUSTMENT}\' => \'0\',\'{L_LEVEL}\' => \'Unknown\',\'{L_RACE}\' => \'Unknown\',\'{L_CLASS}\' => \'Unknown\',\'{L_ADDED_BY}\' => \'RaidTracker (by gsc)\');','70.176.158.236','79cf39baf275efcedca814595ba52e82','{L_SUCCESS}',1);
INSERT INTO `eqdkp_logs` VALUES (4,1158017737,'{L_ACTION_MEMBER_ADDED}','$log_action = array(\'header\' => \'{L_ACTION_MEMBER_ADDED}\',\'{L_NAME}\' => \'Bendeadlong\',\'{L_EARNED}\' => \'0\',\'{L_SPENT}\' => \'0\',\'{L_ADJUSTMENT}\' => \'0\',\'{L_LEVEL}\' => \'Unknown\',\'{L_RACE}\' => \'Unknown\',\'{L_CLASS}\' => \'Unknown\',\'{L_ADDED_BY}\' => \'RaidTracker (by gsc)\');','70.176.158.236','79cf39baf275efcedca814595ba52e82','{L_SUCCESS}',1);
INSERT INTO `eqdkp_logs` VALUES (5,1158017737,'{L_ACTION_MEMBER_ADDED}','$log_action = array(\'header\' => \'{L_ACTION_MEMBER_ADDED}\',\'{L_NAME}\' => \'Croog\',\'{L_EARNED}\' => \'0\',\'{L_SPENT}\' => \'0\',\'{L_ADJUSTMENT}\' => \'0\',\'{L_LEVEL}\' => \'Unknown\',\'{L_RACE}\' => \'Unknown\',\'{L_CLASS}\' => \'Unknown\',\'{L_ADDED_BY}\' => \'RaidTracker (by gsc)\');','70.176.158.236','79cf39baf275efcedca814595ba52e82','{L_SUCCESS}',1);
INSERT INTO `eqdkp_logs` VALUES (6,1158017737,'{L_ACTION_MEMBER_ADDED}','$log_action = array(\'header\' => \'{L_ACTION_MEMBER_ADDED}\',\'{L_NAME}\' => \'Desdemonda\',\'{L_EARNED}\' => \'0\',\'{L_SPENT}\' => \'0\',\'{L_ADJUSTMENT}\' => \'0\',\'{L_LEVEL}\' => \'Unknown\',\'{L_RACE}\' => \'Unknown\',\'{L_CLASS}\' => \'Unknown\',\'{L_ADDED_BY}\' => \'RaidTracker (by gsc)\');','70.176.158.236','79cf39baf275efcedca814595ba52e82','{L_SUCCESS}',1);
INSERT INTO `eqdkp_logs` VALUES (7,1158017737,'{L_ACTION_MEMBER_ADDED}','$log_action = array(\'header\' => \'{L_ACTION_MEMBER_ADDED}\',\'{L_NAME}\' => \'Halaster\',\'{L_EARNED}\' => \'0\',\'{L_SPENT}\' => \'0\',\'{L_ADJUSTMENT}\' => \'0\',\'{L_LEVEL}\' => \'Unknown\',\'{L_RACE}\' => \'Unknown\',\'{L_CLASS}\' => \'Unknown\',\'{L_ADDED_BY}\' => \'RaidTracker (by gsc)\');','70.176.158.236','79cf39baf275efcedca814595ba52e82','{L_SUCCESS}',1);
INSERT INTO `eqdkp_logs` VALUES (8,1158017737,'{L_ACTION_MEMBER_ADDED}','$log_action = array(\'header\' => \'{L_ACTION_MEMBER_ADDED}\',\'{L_NAME}\' => \'Hockee\',\'{L_EARNED}\' => \'0\',\'{L_SPENT}\' => \'0\',\'{L_ADJUSTMENT}\' => \'0\',\'{L_LEVEL}\' => \'Unknown\',\'{L_RACE}\' => \'Unknown\',\'{L_CLASS}\' => \'Unknown\',\'{L_ADDED_BY}\' => \'RaidTracker (by gsc)\');','70.176.158.236','79cf39baf275efcedca814595ba52e82','{L_SUCCESS}',1);
INSERT INTO `eqdkp_logs` VALUES (9,1158017737,'{L_ACTION_MEMBER_ADDED}','$log_action = array(\'header\' => \'{L_ACTION_MEMBER_ADDED}\',\'{L_NAME}\' => \'Imprezzed\',\'{L_EARNED}\' => \'0\',\'{L_SPENT}\' => \'0\',\'{L_ADJUSTMENT}\' => \'0\',\'{L_LEVEL}\' => \'Unknown\',\'{L_RACE}\' => \'Unknown\',\'{L_CLASS}\' => \'Unknown\',\'{L_ADDED_BY}\' => \'RaidTracker (by gsc)\');','70.176.158.236','79cf39baf275efcedca814595ba52e82','{L_SUCCESS}',1);
INSERT INTO `eqdkp_logs` VALUES (10,1158017737,'{L_ACTION_MEMBER_ADDED}','$log_action = array(\'header\' => \'{L_ACTION_MEMBER_ADDED}\',\'{L_NAME}\' => \'Innouthule\',\'{L_EARNED}\' => \'0\',\'{L_SPENT}\' => \'0\',\'{L_ADJUSTMENT}\' => \'0\',\'{L_LEVEL}\' => \'Unknown\',\'{L_RACE}\' => \'Unknown\',\'{L_CLASS}\' => \'Unknown\',\'{L_ADDED_BY}\' => \'RaidTracker (by gsc)\');','70.176.158.236','79cf39baf275efcedca814595ba52e82','{L_SUCCESS}',1);
INSERT INTO `eqdkp_logs` VALUES (11,1158017737,'{L_ACTION_MEMBER_ADDED}','$log_action = array(\'header\' => \'{L_ACTION_MEMBER_ADDED}\',\'{L_NAME}\' => \'Kadelthin\',\'{L_EARNED}\' => \'0\',\'{L_SPENT}\' => \'0\',\'{L_ADJUSTMENT}\' => \'0\',\'{L_LEVEL}\' => \'Unknown\',\'{L_RACE}\' => \'Unknown\',\'{L_CLASS}\' => \'Unknown\',\'{L_ADDED_BY}\' => \'RaidTracker (by gsc)\');','70.176.158.236','79cf39baf275efcedca814595ba52e82','{L_SUCCESS}',1);
INSERT INTO `eqdkp_logs` VALUES (12,1158017737,'{L_ACTION_MEMBER_ADDED}','$log_action = array(\'header\' => \'{L_ACTION_MEMBER_ADDED}\',\'{L_NAME}\' => \'Karunaji\',\'{L_EARNED}\' => \'0\',\'{L_SPENT}\' => \'0\',\'{L_ADJUSTMENT}\' => \'0\',\'{L_LEVEL}\' => \'Unknown\',\'{L_RACE}\' => \'Unknown\',\'{L_CLASS}\' => \'Unknown\',\'{L_ADDED_BY}\' => \'RaidTracker (by gsc)\');','70.176.158.236','79cf39baf275efcedca814595ba52e82','{L_SUCCESS}',1);
INSERT INTO `eqdkp_logs` VALUES (13,1158017737,'{L_ACTION_MEMBER_ADDED}','$log_action = array(\'header\' => \'{L_ACTION_MEMBER_ADDED}\',\'{L_NAME}\' => \'Kazgra\',\'{L_EARNED}\' => \'0\',\'{L_SPENT}\' => \'0\',\'{L_ADJUSTMENT}\' => \'0\',\'{L_LEVEL}\' => \'Unknown\',\'{L_RACE}\' => \'Unknown\',\'{L_CLASS}\' => \'Unknown\',\'{L_ADDED_BY}\' => \'RaidTracker (by gsc)\');','70.176.158.236','79cf39baf275efcedca814595ba52e82','{L_SUCCESS}',1);
INSERT INTO `eqdkp_logs` VALUES (14,1158017737,'{L_ACTION_MEMBER_ADDED}','$log_action = array(\'header\' => \'{L_ACTION_MEMBER_ADDED}\',\'{L_NAME}\' => \'Krenshar\',\'{L_EARNED}\' => \'0\',\'{L_SPENT}\' => \'0\',\'{L_ADJUSTMENT}\' => \'0\',\'{L_LEVEL}\' => \'Unknown\',\'{L_RACE}\' => \'Unknown\',\'{L_CLASS}\' => \'Unknown\',\'{L_ADDED_BY}\' => \'RaidTracker (by gsc)\');','70.176.158.236','79cf39baf275efcedca814595ba52e82','{L_SUCCESS}',1);
INSERT INTO `eqdkp_logs` VALUES (15,1158017737,'{L_ACTION_MEMBER_ADDED}','$log_action = array(\'header\' => \'{L_ACTION_MEMBER_ADDED}\',\'{L_NAME}\' => \'Lexanice\',\'{L_EARNED}\' => \'0\',\'{L_SPENT}\' => \'0\',\'{L_ADJUSTMENT}\' => \'0\',\'{L_LEVEL}\' => \'Unknown\',\'{L_RACE}\' => \'Unknown\',\'{L_CLASS}\' => \'Unknown\',\'{L_ADDED_BY}\' => \'RaidTracker (by gsc)\');','70.176.158.236','79cf39baf275efcedca814595ba52e82','{L_SUCCESS}',1);
INSERT INTO `eqdkp_logs` VALUES (16,1158017737,'{L_ACTION_MEMBER_ADDED}','$log_action = array(\'header\' => \'{L_ACTION_MEMBER_ADDED}\',\'{L_NAME}\' => \'Lifeblood\',\'{L_EARNED}\' => \'0\',\'{L_SPENT}\' => \'0\',\'{L_ADJUSTMENT}\' => \'0\',\'{L_LEVEL}\' => \'Unknown\',\'{L_RACE}\' => \'Unknown\',\'{L_CLASS}\' => \'Unknown\',\'{L_ADDED_BY}\' => \'RaidTracker (by gsc)\');','70.176.158.236','79cf39baf275efcedca814595ba52e82','{L_SUCCESS}',1);
INSERT INTO `eqdkp_logs` VALUES (17,1158017737,'{L_ACTION_MEMBER_ADDED}','$log_action = array(\'header\' => \'{L_ACTION_MEMBER_ADDED}\',\'{L_NAME}\' => \'Malanari\',\'{L_EARNED}\' => \'0\',\'{L_SPENT}\' => \'0\',\'{L_ADJUSTMENT}\' => \'0\',\'{L_LEVEL}\' => \'Unknown\',\'{L_RACE}\' => \'Unknown\',\'{L_CLASS}\' => \'Unknown\',\'{L_ADDED_BY}\' => \'RaidTracker (by gsc)\');','70.176.158.236','79cf39baf275efcedca814595ba52e82','{L_SUCCESS}',1);
INSERT INTO `eqdkp_logs` VALUES (18,1158017737,'{L_ACTION_MEMBER_ADDED}','$log_action = array(\'header\' => \'{L_ACTION_MEMBER_ADDED}\',\'{L_NAME}\' => \'Malcontent\',\'{L_EARNED}\' => \'0\',\'{L_SPENT}\' => \'0\',\'{L_ADJUSTMENT}\' => \'0\',\'{L_LEVEL}\' => \'Unknown\',\'{L_RACE}\' => \'Unknown\',\'{L_CLASS}\' => \'Unknown\',\'{L_ADDED_BY}\' => \'RaidTracker (by gsc)\');','70.176.158.236','79cf39baf275efcedca814595ba52e82','{L_SUCCESS}',1);
INSERT INTO `eqdkp_logs` VALUES (19,1158017737,'{L_ACTION_MEMBER_ADDED}','$log_action = array(\'header\' => \'{L_ACTION_MEMBER_ADDED}\',\'{L_NAME}\' => \'Malignance\',\'{L_EARNED}\' => \'0\',\'{L_SPENT}\' => \'0\',\'{L_ADJUSTMENT}\' => \'0\',\'{L_LEVEL}\' => \'Unknown\',\'{L_RACE}\' => \'Unknown\',\'{L_CLASS}\' => \'Unknown\',\'{L_ADDED_BY}\' => \'RaidTracker (by gsc)\');','70.176.158.236','79cf39baf275efcedca814595ba52e82','{L_SUCCESS}',1);
INSERT INTO `eqdkp_logs` VALUES (20,1158017737,'{L_ACTION_MEMBER_ADDED}','$log_action = array(\'header\' => \'{L_ACTION_MEMBER_ADDED}\',\'{L_NAME}\' => \'Mindblade\',\'{L_EARNED}\' => \'0\',\'{L_SPENT}\' => \'0\',\'{L_ADJUSTMENT}\' => \'0\',\'{L_LEVEL}\' => \'Unknown\',\'{L_RACE}\' => \'Unknown\',\'{L_CLASS}\' => \'Unknown\',\'{L_ADDED_BY}\' => \'RaidTracker (by gsc)\');','70.176.158.236','79cf39baf275efcedca814595ba52e82','{L_SUCCESS}',1);
INSERT INTO `eqdkp_logs` VALUES (21,1158017737,'{L_ACTION_MEMBER_ADDED}','$log_action = array(\'header\' => \'{L_ACTION_MEMBER_ADDED}\',\'{L_NAME}\' => \'Moofus\',\'{L_EARNED}\' => \'0\',\'{L_SPENT}\' => \'0\',\'{L_ADJUSTMENT}\' => \'0\',\'{L_LEVEL}\' => \'Unknown\',\'{L_RACE}\' => \'Unknown\',\'{L_CLASS}\' => \'Unknown\',\'{L_ADDED_BY}\' => \'RaidTracker (by gsc)\');','70.176.158.236','79cf39baf275efcedca814595ba52e82','{L_SUCCESS}',1);
INSERT INTO `eqdkp_logs` VALUES (22,1158017737,'{L_ACTION_MEMBER_ADDED}','$log_action = array(\'header\' => \'{L_ACTION_MEMBER_ADDED}\',\'{L_NAME}\' => \'Mook\',\'{L_EARNED}\' => \'0\',\'{L_SPENT}\' => \'0\',\'{L_ADJUSTMENT}\' => \'0\',\'{L_LEVEL}\' => \'Unknown\',\'{L_RACE}\' => \'Unknown\',\'{L_CLASS}\' => \'Unknown\',\'{L_ADDED_BY}\' => \'RaidTracker (by gsc)\');','70.176.158.236','79cf39baf275efcedca814595ba52e82','{L_SUCCESS}',1);
INSERT INTO `eqdkp_logs` VALUES (23,1158017737,'{L_ACTION_MEMBER_ADDED}','$log_action = array(\'header\' => \'{L_ACTION_MEMBER_ADDED}\',\'{L_NAME}\' => \'Moosby\',\'{L_EARNED}\' => \'0\',\'{L_SPENT}\' => \'0\',\'{L_ADJUSTMENT}\' => \'0\',\'{L_LEVEL}\' => \'Unknown\',\'{L_RACE}\' => \'Unknown\',\'{L_CLASS}\' => \'Unknown\',\'{L_ADDED_BY}\' => \'RaidTracker (by gsc)\');','70.176.158.236','79cf39baf275efcedca814595ba52e82','{L_SUCCESS}',1);
INSERT INTO `eqdkp_logs` VALUES (24,1158017737,'{L_ACTION_MEMBER_ADDED}','$log_action = array(\'header\' => \'{L_ACTION_MEMBER_ADDED}\',\'{L_NAME}\' => \'Naydien\',\'{L_EARNED}\' => \'0\',\'{L_SPENT}\' => \'0\',\'{L_ADJUSTMENT}\' => \'0\',\'{L_LEVEL}\' => \'Unknown\',\'{L_RACE}\' => \'Unknown\',\'{L_CLASS}\' => \'Unknown\',\'{L_ADDED_BY}\' => \'RaidTracker (by gsc)\');','70.176.158.236','79cf39baf275efcedca814595ba52e82','{L_SUCCESS}',1);
INSERT INTO `eqdkp_logs` VALUES (25,1158017737,'{L_ACTION_MEMBER_ADDED}','$log_action = array(\'header\' => \'{L_ACTION_MEMBER_ADDED}\',\'{L_NAME}\' => \'Nyuks\',\'{L_EARNED}\' => \'0\',\'{L_SPENT}\' => \'0\',\'{L_ADJUSTMENT}\' => \'0\',\'{L_LEVEL}\' => \'Unknown\',\'{L_RACE}\' => \'Unknown\',\'{L_CLASS}\' => \'Unknown\',\'{L_ADDED_BY}\' => \'RaidTracker (by gsc)\');','70.176.158.236','79cf39baf275efcedca814595ba52e82','{L_SUCCESS}',1);
INSERT INTO `eqdkp_logs` VALUES (26,1158017737,'{L_ACTION_MEMBER_ADDED}','$log_action = array(\'header\' => \'{L_ACTION_MEMBER_ADDED}\',\'{L_NAME}\' => \'Overdose\',\'{L_EARNED}\' => \'0\',\'{L_SPENT}\' => \'0\',\'{L_ADJUSTMENT}\' => \'0\',\'{L_LEVEL}\' => \'Unknown\',\'{L_RACE}\' => \'Unknown\',\'{L_CLASS}\' => \'Unknown\',\'{L_ADDED_BY}\' => \'RaidTracker (by gsc)\');','70.176.158.236','79cf39baf275efcedca814595ba52e82','{L_SUCCESS}',1);
INSERT INTO `eqdkp_logs` VALUES (27,1158017737,'{L_ACTION_MEMBER_ADDED}','$log_action = array(\'header\' => \'{L_ACTION_MEMBER_ADDED}\',\'{L_NAME}\' => \'Raldin\',\'{L_EARNED}\' => \'0\',\'{L_SPENT}\' => \'0\',\'{L_ADJUSTMENT}\' => \'0\',\'{L_LEVEL}\' => \'Unknown\',\'{L_RACE}\' => \'Unknown\',\'{L_CLASS}\' => \'Unknown\',\'{L_ADDED_BY}\' => \'RaidTracker (by gsc)\');','70.176.158.236','79cf39baf275efcedca814595ba52e82','{L_SUCCESS}',1);
INSERT INTO `eqdkp_logs` VALUES (28,1158017737,'{L_ACTION_MEMBER_ADDED}','$log_action = array(\'header\' => \'{L_ACTION_MEMBER_ADDED}\',\'{L_NAME}\' => \'Simodine\',\'{L_EARNED}\' => \'0\',\'{L_SPENT}\' => \'0\',\'{L_ADJUSTMENT}\' => \'0\',\'{L_LEVEL}\' => \'Unknown\',\'{L_RACE}\' => \'Unknown\',\'{L_CLASS}\' => \'Unknown\',\'{L_ADDED_BY}\' => \'RaidTracker (by gsc)\');','70.176.158.236','79cf39baf275efcedca814595ba52e82','{L_SUCCESS}',1);
INSERT INTO `eqdkp_logs` VALUES (29,1158017737,'{L_ACTION_MEMBER_ADDED}','$log_action = array(\'header\' => \'{L_ACTION_MEMBER_ADDED}\',\'{L_NAME}\' => \'Sreza\',\'{L_EARNED}\' => \'0\',\'{L_SPENT}\' => \'0\',\'{L_ADJUSTMENT}\' => \'0\',\'{L_LEVEL}\' => \'Unknown\',\'{L_RACE}\' => \'Unknown\',\'{L_CLASS}\' => \'Unknown\',\'{L_ADDED_BY}\' => \'RaidTracker (by gsc)\');','70.176.158.236','79cf39baf275efcedca814595ba52e82','{L_SUCCESS}',1);
INSERT INTO `eqdkp_logs` VALUES (30,1158017737,'{L_ACTION_MEMBER_ADDED}','$log_action = array(\'header\' => \'{L_ACTION_MEMBER_ADDED}\',\'{L_NAME}\' => \'Subflict\',\'{L_EARNED}\' => \'0\',\'{L_SPENT}\' => \'0\',\'{L_ADJUSTMENT}\' => \'0\',\'{L_LEVEL}\' => \'Unknown\',\'{L_RACE}\' => \'Unknown\',\'{L_CLASS}\' => \'Unknown\',\'{L_ADDED_BY}\' => \'RaidTracker (by gsc)\');','70.176.158.236','79cf39baf275efcedca814595ba52e82','{L_SUCCESS}',1);
INSERT INTO `eqdkp_logs` VALUES (31,1158017737,'{L_ACTION_MEMBER_ADDED}','$log_action = array(\'header\' => \'{L_ACTION_MEMBER_ADDED}\',\'{L_NAME}\' => \'Sufu\',\'{L_EARNED}\' => \'0\',\'{L_SPENT}\' => \'0\',\'{L_ADJUSTMENT}\' => \'0\',\'{L_LEVEL}\' => \'Unknown\',\'{L_RACE}\' => \'Unknown\',\'{L_CLASS}\' => \'Unknown\',\'{L_ADDED_BY}\' => \'RaidTracker (by gsc)\');','70.176.158.236','79cf39baf275efcedca814595ba52e82','{L_SUCCESS}',1);
INSERT INTO `eqdkp_logs` VALUES (32,1158017737,'{L_ACTION_MEMBER_ADDED}','$log_action = array(\'header\' => \'{L_ACTION_MEMBER_ADDED}\',\'{L_NAME}\' => \'Swifteagle\',\'{L_EARNED}\' => \'0\',\'{L_SPENT}\' => \'0\',\'{L_ADJUSTMENT}\' => \'0\',\'{L_LEVEL}\' => \'Unknown\',\'{L_RACE}\' => \'Unknown\',\'{L_CLASS}\' => \'Unknown\',\'{L_ADDED_BY}\' => \'RaidTracker (by gsc)\');','70.176.158.236','79cf39baf275efcedca814595ba52e82','{L_SUCCESS}',1);
INSERT INTO `eqdkp_logs` VALUES (33,1158017737,'{L_ACTION_MEMBER_ADDED}','$log_action = array(\'header\' => \'{L_ACTION_MEMBER_ADDED}\',\'{L_NAME}\' => \'Tanz\',\'{L_EARNED}\' => \'0\',\'{L_SPENT}\' => \'0\',\'{L_ADJUSTMENT}\' => \'0\',\'{L_LEVEL}\' => \'Unknown\',\'{L_RACE}\' => \'Unknown\',\'{L_CLASS}\' => \'Unknown\',\'{L_ADDED_BY}\' => \'RaidTracker (by gsc)\');','70.176.158.236','79cf39baf275efcedca814595ba52e82','{L_SUCCESS}',1);
INSERT INTO `eqdkp_logs` VALUES (34,1158017737,'{L_ACTION_MEMBER_ADDED}','$log_action = array(\'header\' => \'{L_ACTION_MEMBER_ADDED}\',\'{L_NAME}\' => \'Tulgaat\',\'{L_EARNED}\' => \'0\',\'{L_SPENT}\' => \'0\',\'{L_ADJUSTMENT}\' => \'0\',\'{L_LEVEL}\' => \'Unknown\',\'{L_RACE}\' => \'Unknown\',\'{L_CLASS}\' => \'Unknown\',\'{L_ADDED_BY}\' => \'RaidTracker (by gsc)\');','70.176.158.236','79cf39baf275efcedca814595ba52e82','{L_SUCCESS}',1);
INSERT INTO `eqdkp_logs` VALUES (35,1158017737,'{L_ACTION_MEMBER_ADDED}','$log_action = array(\'header\' => \'{L_ACTION_MEMBER_ADDED}\',\'{L_NAME}\' => \'Tzoo\',\'{L_EARNED}\' => \'0\',\'{L_SPENT}\' => \'0\',\'{L_ADJUSTMENT}\' => \'0\',\'{L_LEVEL}\' => \'Unknown\',\'{L_RACE}\' => \'Unknown\',\'{L_CLASS}\' => \'Unknown\',\'{L_ADDED_BY}\' => \'RaidTracker (by gsc)\');','70.176.158.236','79cf39baf275efcedca814595ba52e82','{L_SUCCESS}',1);
INSERT INTO `eqdkp_logs` VALUES (36,1158017737,'{L_ACTION_MEMBER_ADDED}','$log_action = array(\'header\' => \'{L_ACTION_MEMBER_ADDED}\',\'{L_NAME}\' => \'Unarmed\',\'{L_EARNED}\' => \'0\',\'{L_SPENT}\' => \'0\',\'{L_ADJUSTMENT}\' => \'0\',\'{L_LEVEL}\' => \'Unknown\',\'{L_RACE}\' => \'Unknown\',\'{L_CLASS}\' => \'Unknown\',\'{L_ADDED_BY}\' => \'RaidTracker (by gsc)\');','70.176.158.236','79cf39baf275efcedca814595ba52e82','{L_SUCCESS}',1);
INSERT INTO `eqdkp_logs` VALUES (37,1158017737,'{L_ACTION_MEMBER_ADDED}','$log_action = array(\'header\' => \'{L_ACTION_MEMBER_ADDED}\',\'{L_NAME}\' => \'Utgardloki\',\'{L_EARNED}\' => \'0\',\'{L_SPENT}\' => \'0\',\'{L_ADJUSTMENT}\' => \'0\',\'{L_LEVEL}\' => \'Unknown\',\'{L_RACE}\' => \'Unknown\',\'{L_CLASS}\' => \'Unknown\',\'{L_ADDED_BY}\' => \'RaidTracker (by gsc)\');','70.176.158.236','79cf39baf275efcedca814595ba52e82','{L_SUCCESS}',1);
INSERT INTO `eqdkp_logs` VALUES (38,1158017737,'{L_ACTION_MEMBER_ADDED}','$log_action = array(\'header\' => \'{L_ACTION_MEMBER_ADDED}\',\'{L_NAME}\' => \'Vig\',\'{L_EARNED}\' => \'0\',\'{L_SPENT}\' => \'0\',\'{L_ADJUSTMENT}\' => \'0\',\'{L_LEVEL}\' => \'Unknown\',\'{L_RACE}\' => \'Unknown\',\'{L_CLASS}\' => \'Unknown\',\'{L_ADDED_BY}\' => \'RaidTracker (by gsc)\');','70.176.158.236','79cf39baf275efcedca814595ba52e82','{L_SUCCESS}',1);
INSERT INTO `eqdkp_logs` VALUES (39,1158017737,'{L_ACTION_MEMBER_ADDED}','$log_action = array(\'header\' => \'{L_ACTION_MEMBER_ADDED}\',\'{L_NAME}\' => \'Witchking\',\'{L_EARNED}\' => \'0\',\'{L_SPENT}\' => \'0\',\'{L_ADJUSTMENT}\' => \'0\',\'{L_LEVEL}\' => \'Unknown\',\'{L_RACE}\' => \'Unknown\',\'{L_CLASS}\' => \'Unknown\',\'{L_ADDED_BY}\' => \'RaidTracker (by gsc)\');','70.176.158.236','79cf39baf275efcedca814595ba52e82','{L_SUCCESS}',1);
INSERT INTO `eqdkp_logs` VALUES (40,1158017737,'{L_ACTION_MEMBER_ADDED}','$log_action = array(\'header\' => \'{L_ACTION_MEMBER_ADDED}\',\'{L_NAME}\' => \'Xarnum\',\'{L_EARNED}\' => \'0\',\'{L_SPENT}\' => \'0\',\'{L_ADJUSTMENT}\' => \'0\',\'{L_LEVEL}\' => \'Unknown\',\'{L_RACE}\' => \'Unknown\',\'{L_CLASS}\' => \'Unknown\',\'{L_ADDED_BY}\' => \'RaidTracker (by gsc)\');','70.176.158.236','79cf39baf275efcedca814595ba52e82','{L_SUCCESS}',1);
INSERT INTO `eqdkp_logs` VALUES (41,1158017737,'{L_ACTION_MEMBER_ADDED}','$log_action = array(\'header\' => \'{L_ACTION_MEMBER_ADDED}\',\'{L_NAME}\' => \'Zhenkira\',\'{L_EARNED}\' => \'0\',\'{L_SPENT}\' => \'0\',\'{L_ADJUSTMENT}\' => \'0\',\'{L_LEVEL}\' => \'Unknown\',\'{L_RACE}\' => \'Unknown\',\'{L_CLASS}\' => \'Unknown\',\'{L_ADDED_BY}\' => \'RaidTracker (by gsc)\');','70.176.158.236','79cf39baf275efcedca814595ba52e82','{L_SUCCESS}',1);
INSERT INTO `eqdkp_logs` VALUES (42,1158017771,'{L_ACTION_EVENT_ADDED}','$log_action = array(\'header\' => \'{L_ACTION_EVENT_ADDED}\',\'id\' => \'1\',\'{L_NAME}\' => \'Ahn Qiraj\',\'{L_VALUE}\' => \'1.00\',\'{L_ADDED_BY}\' => \'gsc\');','70.176.158.236','79cf39baf275efcedca814595ba52e82','{L_SUCCESS}',1);
INSERT INTO `eqdkp_logs` VALUES (43,1158017796,'{L_ACTION_RAID_UPDATED}','$log_action = array(\'header\' => \'{L_ACTION_RAID_UPDATED}\',\'id\' => \'1\',\'{L_EVENT_BEFORE}\' => \'Unknown Event\',\'{L_ATTENDEES_BEFORE}\' => \'Afflicted, Aurix, Bendeadlong, Croog, Desdemonda, Halaster, Hockee, Imprezzed, Innouthule, Kadelthin, Karunaji, Kazgra, Krenshar, Lexanice, Lifeblood, Malanari, Malcontent, Malignance, Mindblade, Moofus, Mook, Moosby, Naydien, Nyuks, Overdose, Raldin, Simodine, Sreza, Subflict, Sufu, Swifteagle, Tanz, Tulgaat, Tzoo, Unarmed, Utgardloki, Vig, Witchking, Xarnum, Zhenkira\',\'{L_NOTE_BEFORE}\' => \'Raid Attendance 7:00-8:00\',\'{L_VALUE_BEFORE}\' => \'0.00\',\'{L_EVENT_AFTER}\' => \'<span class=\\\"negative\\\">Ahn Qiraj</span>\',\'{L_ATTENDEES_AFTER}\' => \'Afflicted, Aurix, Bendeadlong, Croog, Desdemonda, Halaster, Hockee, Imprezzed, Innouthule, Kadelthin, Karunaji, Kazgra, Krenshar, Lexanice, Lifeblood, Malanari, Malcontent, Malignance, Mindblade, Moofus, Mook, Moosby, Naydien, Nyuks, Overdose, Raldin, Simodine, Sreza, Subflict, Sufu, Swifteagle, Tanz, Tulgaat, Tzoo, Unarmed, Utgardloki, Vig, Witchking, Xarnum, Zhenkira\',\'{L_NOTE_AFTER}\' => \'Raid Attendance 7:00-8:00\',\'{L_VALUE_AFTER}\' => \'<span class=\\\"negative\\\">1.00</span>\',\'{L_UPDATED_BY}\' => \'gsc\');','70.176.158.236','79cf39baf275efcedca814595ba52e82','{L_SUCCESS}',1);
INSERT INTO `eqdkp_logs` VALUES (44,1158017861,'{L_ACTION_RAID_ADDED}','$log_action = array(\'header\' => \'{L_ACTION_RAID_ADDED}\',\'id\' => \'2\',\'{L_EVENT}\' => \'Ahn Qiraj\',\'{L_ATTENDEES}\' => \'Afflicted, Aurix, Bendeadlong, Croog, Desdemonda, Halaster, Hilltop, Hockee, Imprezzed, Innouthule, Kadelthin, Karunaji, Kazgra, Krenshar, Lexanice, Lifeblood, Malanari, Malcontent, Malignance, Mindblade, Moofus, Mook, Moosby, Naydien, Nyuks, Overdose, Raldin, Simodine, Sreza, Subflict, Swifteagle, Tanz, Tulgaat, Tzoo, Unarmed, Utgardloki, Vig, Witchking, Xarnum\',\'{L_NOTE}\' => \'Raid Attendance 8:00-9:00\',\'{L_VALUE}\' => \'0\',\'{L_ADDED_BY}\' => \'RaidTracker (by gsc)\');','70.176.158.236','79cf39baf275efcedca814595ba52e82','{L_SUCCESS}',1);
INSERT INTO `eqdkp_logs` VALUES (45,1158017861,'{L_ACTION_MEMBER_ADDED}','$log_action = array(\'header\' => \'{L_ACTION_MEMBER_ADDED}\',\'{L_NAME}\' => \'Hilltop\',\'{L_EARNED}\' => \'0\',\'{L_SPENT}\' => \'0\',\'{L_ADJUSTMENT}\' => \'0\',\'{L_LEVEL}\' => \'Unknown\',\'{L_RACE}\' => \'Unknown\',\'{L_CLASS}\' => \'Unknown\',\'{L_ADDED_BY}\' => \'RaidTracker (by gsc)\');','70.176.158.236','79cf39baf275efcedca814595ba52e82','{L_SUCCESS}',1);
INSERT INTO `eqdkp_logs` VALUES (46,1158017884,'{L_ACTION_RAID_UPDATED}','$log_action = array(\'header\' => \'{L_ACTION_RAID_UPDATED}\',\'id\' => \'2\',\'{L_EVENT_BEFORE}\' => \'Ahn Qiraj\',\'{L_ATTENDEES_BEFORE}\' => \'Afflicted, Aurix, Bendeadlong, Croog, Desdemonda, Halaster, Hilltop, Hockee, Imprezzed, Innouthule, Kadelthin, Karunaji, Kazgra, Krenshar, Lexanice, Lifeblood, Malanari, Malcontent, Malignance, Mindblade, Moofus, Mook, Moosby, Naydien, Nyuks, Overdose, Raldin, Simodine, Sreza, Subflict, Swifteagle, Tanz, Tulgaat, Tzoo, Unarmed, Utgardloki, Vig, Witchking, Xarnum\',\'{L_NOTE_BEFORE}\' => \'Raid Attendance 8:00-9:00\',\'{L_VALUE_BEFORE}\' => \'0.00\',\'{L_EVENT_AFTER}\' => \'Ahn Qiraj\',\'{L_ATTENDEES_AFTER}\' => \'Afflicted, Aurix, Bendeadlong, Croog, Desdemonda, Halaster, Hilltop, Hockee, Imprezzed, Innouthule, Kadelthin, Karunaji, Kazgra, Krenshar, Lexanice, Lifeblood, Malanari, Malcontent, Malignance, Mindblade, Moofus, Mook, Moosby, Naydien, Nyuks, Overdose, Raldin, Simodine, Sreza, Subflict, Swifteagle, Tanz, Tulgaat, Tzoo, Unarmed, Utgardloki, Vig, Witchking, Xarnum\',\'{L_NOTE_AFTER}\' => \'Raid Attendance 8:00-9:00\',\'{L_VALUE_AFTER}\' => \'<span class=\\\"negative\\\">1.00</span>\',\'{L_UPDATED_BY}\' => \'gsc\');','70.176.158.236','79cf39baf275efcedca814595ba52e82','{L_SUCCESS}',1);
INSERT INTO `eqdkp_logs` VALUES (47,1158017946,'{L_ACTION_RAID_ADDED}','$log_action = array(\'header\' => \'{L_ACTION_RAID_ADDED}\',\'id\' => \'3\',\'{L_EVENT}\' => \'Ahn Qiraj\',\'{L_ATTENDEES}\' => \'Afflicted, Aurix, Bendeadlong, Blangerdon, Croog, Desdemonda, Halaster, Hilltop, Hockee, Imprezzed, Innouthule, Kadelthin, Karunaji, Kazgra, Krenshar, Lexanice, Lifeblood, Malanari, Malcontent, Malignance, Mindblade, Moofus, Mook, Moosby, Naydien, Nyuks, Overdose, Raldin, Simodine, Sreza, Subflict, Swifteagle, Tanz, Tulgaat, Tzoo, Unarmed, Utgardloki, Vig, Witchking, Xarnum\',\'{L_NOTE}\' => \'Raid Attendance 9:00-10:00\',\'{L_VALUE}\' => \'\',\'{L_ADDED_BY}\' => \'RaidTracker (by gsc)\');','70.176.158.236','79cf39baf275efcedca814595ba52e82','{L_SUCCESS}',1);
INSERT INTO `eqdkp_logs` VALUES (48,1158017946,'{L_ACTION_MEMBER_ADDED}','$log_action = array(\'header\' => \'{L_ACTION_MEMBER_ADDED}\',\'{L_NAME}\' => \'Blangerdon\',\'{L_EARNED}\' => \'0\',\'{L_SPENT}\' => \'0\',\'{L_ADJUSTMENT}\' => \'0\',\'{L_LEVEL}\' => \'Unknown\',\'{L_RACE}\' => \'Unknown\',\'{L_CLASS}\' => \'Unknown\',\'{L_ADDED_BY}\' => \'RaidTracker (by gsc)\');','70.176.158.236','79cf39baf275efcedca814595ba52e82','{L_SUCCESS}',1);
INSERT INTO `eqdkp_logs` VALUES (49,1158017964,'{L_ACTION_RAID_UPDATED}','$log_action = array(\'header\' => \'{L_ACTION_RAID_UPDATED}\',\'id\' => \'3\',\'{L_EVENT_BEFORE}\' => \'Ahn Qiraj\',\'{L_ATTENDEES_BEFORE}\' => \'Afflicted, Aurix, Bendeadlong, Blangerdon, Croog, Desdemonda, Halaster, Hilltop, Hockee, Imprezzed, Innouthule, Kadelthin, Karunaji, Kazgra, Krenshar, Lexanice, Lifeblood, Malanari, Malcontent, Malignance, Mindblade, Moofus, Mook, Moosby, Naydien, Nyuks, Overdose, Raldin, Simodine, Sreza, Subflict, Swifteagle, Tanz, Tulgaat, Tzoo, Unarmed, Utgardloki, Vig, Witchking, Xarnum\',\'{L_NOTE_BEFORE}\' => \'Raid Attendance 9:00-10:00\',\'{L_VALUE_BEFORE}\' => \'0.00\',\'{L_EVENT_AFTER}\' => \'Ahn Qiraj\',\'{L_ATTENDEES_AFTER}\' => \'Afflicted, Aurix, Bendeadlong, Blangerdon, Croog, Desdemonda, Halaster, Hilltop, Hockee, Imprezzed, Innouthule, Kadelthin, Karunaji, Kazgra, Krenshar, Lexanice, Lifeblood, Malanari, Malcontent, Malignance, Mindblade, Moofus, Mook, Moosby, Naydien, Nyuks, Overdose, Raldin, Simodine, Sreza, Subflict, Swifteagle, Tanz, Tulgaat, Tzoo, Unarmed, Utgardloki, Vig, Witchking, Xarnum\',\'{L_NOTE_AFTER}\' => \'Raid Attendance 9:00-10:00\',\'{L_VALUE_AFTER}\' => \'<span class=\\\"negative\\\">1.00</span>\',\'{L_UPDATED_BY}\' => \'gsc\');','70.176.158.236','79cf39baf275efcedca814595ba52e82','{L_SUCCESS}',1);
INSERT INTO `eqdkp_logs` VALUES (50,1158018090,'{L_ACTION_RAID_ADDED}','$log_action = array(\'header\' => \'{L_ACTION_RAID_ADDED}\',\'id\' => \'4\',\'{L_EVENT}\' => \'Ahn Qiraj\',\'{L_ATTENDEES}\' => \'Afflicted, Aurix, Bendeadlong, Blangerdon, Croog, Desdemonda, Halaster, Hilltop, Hockee, Imprezzed, Innouthule, Kadelthin, Karunaji, Kazgra, Krenshar, Lexanice, Lifeblood, Malanari, Malcontent, Malignance, Mindblade, Moofus, Mook, Moosby, Naydien, Nyuks, Overdose, Raldin, Simodine, Sreza, Subflict, Swifteagle, Tanz, Tulgaat, Tzoo, Unarmed, Utgardloki, Vig, Witchking, Xarnum\',\'{L_NOTE}\' => \'Raid Attendance 10:00-11:00\',\'{L_VALUE}\' => \'1.00\',\'{L_ADDED_BY}\' => \'gsc\');','70.176.158.236','79cf39baf275efcedca814595ba52e82','{L_SUCCESS}',1);
INSERT INTO `eqdkp_logs` VALUES (51,1158018135,'{L_ACTION_RAID_UPDATED}','$log_action = array(\'header\' => \'{L_ACTION_RAID_UPDATED}\',\'id\' => \'4\',\'{L_EVENT_BEFORE}\' => \'Ahn Qiraj\',\'{L_ATTENDEES_BEFORE}\' => \'Afflicted, Aurix, Bendeadlong, Blangerdon, Croog, Desdemonda, Halaster, Hilltop, Hockee, Imprezzed, Innouthule, Kadelthin, Karunaji, Kazgra, Krenshar, Lexanice, Lifeblood, Malanari, Malcontent, Malignance, Mindblade, Moofus, Mook, Moosby, Naydien, Nyuks, Overdose, Raldin, Simodine, Sreza, Subflict, Swifteagle, Tanz, Tulgaat, Tzoo, Unarmed, Utgardloki, Vig, Witchking, Xarnum\',\'{L_NOTE_BEFORE}\' => \'Raid Attendance 10:00-11:00\',\'{L_VALUE_BEFORE}\' => \'1.00\',\'{L_EVENT_AFTER}\' => \'Ahn Qiraj\',\'{L_ATTENDEES_AFTER}\' => \'Afflicted, Aurix, Bendeadlong, Blangerdon, Croog, Desdemonda, Halaster, Hilltop, Hockee, Imprezzed, Innouthule, Kadelthin, Karunaji, Kazgra, Krenshar, Lexanice, Lifeblood, Malanari, Malcontent, Malignance, Mindblade, Moofus, Mook, Moosby, Naydien, Nyuks, Overdose, Raldin, Simodine, Sreza, Subflict, Swifteagle, Tanz, Tulgaat, Tzoo, Unarmed, Utgardloki, Vig, Witchking, Xarnum\',\'{L_NOTE_AFTER}\' => \'Raid Attendance 10:00-11:00\',\'{L_VALUE_AFTER}\' => \'1.00\',\'{L_UPDATED_BY}\' => \'gsc\');','70.176.158.236','79cf39baf275efcedca814595ba52e82','{L_SUCCESS}',1);
INSERT INTO `eqdkp_logs` VALUES (52,1158043064,'{L_ACTION_RAID_UPDATED}','$log_action = array(\'header\' => \'{L_ACTION_RAID_UPDATED}\',\'id\' => \'1\',\'{L_EVENT_BEFORE}\' => \'Ahn Qiraj\',\'{L_ATTENDEES_BEFORE}\' => \'Afflicted, Aurix, Bendeadlong, Croog, Desdemonda, Halaster, Hockee, Imprezzed, Innouthule, Kadelthin, Karunaji, Kazgra, Krenshar, Lexanice, Lifeblood, Malanari, Malcontent, Malignance, Mindblade, Moofus, Mook, Moosby, Naydien, Nyuks, Overdose, Raldin, Simodine, Sreza, Subflict, Sufu, Swifteagle, Tanz, Tulgaat, Tzoo, Unarmed, Utgardloki, Vig, Witchking, Xarnum, Zhenkira\',\'{L_NOTE_BEFORE}\' => \'Raid Attendance 7:00-8:00\',\'{L_VALUE_BEFORE}\' => \'1.00\',\'{L_EVENT_AFTER}\' => \'Ahn Qiraj\',\'{L_ATTENDEES_AFTER}\' => \'Afflicted, Aurix, Bendeadlong, <span class=\\\"negative\\\">Blangerdon</span>, Croog, Desdemonda, Halaster, Hockee, Imprezzed, Innouthule, <span class=\\\"negative\\\">Jelandi</span>, Kadelthin, Karunaji, Kazgra, Krenshar, Lexanice, Lifeblood, Malanari, Malcontent, Malignance, Mindblade, Moofus, Mook, Moosby, Naydien, Nyuks, Overdose, Raldin, <span class=\\\"negative\\\">Schittle</span>, Simodine, Sreza, Subflict, Sufu, Swifteagle, Tanz, Tulgaat, Tzoo, Unarmed, Utgardloki, Vig, Witchking, Xarnum, Zhenkira\',\'{L_NOTE_AFTER}\' => \'Raid Attendance 7:00-8:00\',\'{L_VALUE_AFTER}\' => \'1.00\',\'{L_UPDATED_BY}\' => \'gsc\');','70.176.158.236','38338a762b83dfe8edff2b47247d1836','{L_SUCCESS}',1);
INSERT INTO `eqdkp_logs` VALUES (53,1158043103,'{L_ACTION_RAID_UPDATED}','$log_action = array(\'header\' => \'{L_ACTION_RAID_UPDATED}\',\'id\' => \'2\',\'{L_EVENT_BEFORE}\' => \'Ahn Qiraj\',\'{L_ATTENDEES_BEFORE}\' => \'Afflicted, Aurix, Bendeadlong, Croog, Desdemonda, Halaster, Hilltop, Hockee, Imprezzed, Innouthule, Kadelthin, Karunaji, Kazgra, Krenshar, Lexanice, Lifeblood, Malanari, Malcontent, Malignance, Mindblade, Moofus, Mook, Moosby, Naydien, Nyuks, Overdose, Raldin, Simodine, Sreza, Subflict, Swifteagle, Tanz, Tulgaat, Tzoo, Unarmed, Utgardloki, Vig, Witchking, Xarnum\',\'{L_NOTE_BEFORE}\' => \'Raid Attendance 8:00-9:00\',\'{L_VALUE_BEFORE}\' => \'1.00\',\'{L_EVENT_AFTER}\' => \'Ahn Qiraj\',\'{L_ATTENDEES_AFTER}\' => \'Afflicted, Aurix, Bendeadlong, <span class=\\\"negative\\\">Blangerdon</span>, Croog, Desdemonda, Halaster, Hilltop, Hockee, Imprezzed, Innouthule, <span class=\\\"negative\\\">Jelandi</span>, Kadelthin, Karunaji, Kazgra, Krenshar, Lexanice, Lifeblood, Malanari, Malcontent, Malignance, Mindblade, Moofus, Mook, Moosby, Naydien, Nyuks, Overdose, Raldin, <span class=\\\"negative\\\">Schittle</span>, Simodine, Sreza, Subflict, Swifteagle, Tanz, Tulgaat, Tzoo, Unarmed, Utgardloki, Vig, Witchking, Xarnum\',\'{L_NOTE_AFTER}\' => \'Raid Attendance 8:00-9:00\',\'{L_VALUE_AFTER}\' => \'1.00\',\'{L_UPDATED_BY}\' => \'gsc\');','70.176.158.236','38338a762b83dfe8edff2b47247d1836','{L_SUCCESS}',1);
INSERT INTO `eqdkp_logs` VALUES (54,1158043119,'{L_ACTION_RAID_UPDATED}','$log_action = array(\'header\' => \'{L_ACTION_RAID_UPDATED}\',\'id\' => \'3\',\'{L_EVENT_BEFORE}\' => \'Ahn Qiraj\',\'{L_ATTENDEES_BEFORE}\' => \'Afflicted, Aurix, Bendeadlong, Blangerdon, Croog, Desdemonda, Halaster, Hilltop, Hockee, Imprezzed, Innouthule, Kadelthin, Karunaji, Kazgra, Krenshar, Lexanice, Lifeblood, Malanari, Malcontent, Malignance, Mindblade, Moofus, Mook, Moosby, Naydien, Nyuks, Overdose, Raldin, Simodine, Sreza, Subflict, Swifteagle, Tanz, Tulgaat, Tzoo, Unarmed, Utgardloki, Vig, Witchking, Xarnum\',\'{L_NOTE_BEFORE}\' => \'Raid Attendance 9:00-10:00\',\'{L_VALUE_BEFORE}\' => \'1.00\',\'{L_EVENT_AFTER}\' => \'Ahn Qiraj\',\'{L_ATTENDEES_AFTER}\' => \'Afflicted, Aurix, Bendeadlong, Blangerdon, Croog, Desdemonda, Halaster, Hilltop, Hockee, Imprezzed, Innouthule, <span class=\\\"negative\\\">Jelandi</span>, Kadelthin, Karunaji, Kazgra, Krenshar, Lexanice, Lifeblood, Malanari, Malcontent, Malignance, Mindblade, Moofus, Mook, Moosby, Naydien, Nyuks, Overdose, Raldin, <span class=\\\"negative\\\">Schittle</span>, Simodine, Sreza, Subflict, Swifteagle, Tanz, Tulgaat, Tzoo, Unarmed, Utgardloki, Vig, Witchking, Xarnum\',\'{L_NOTE_AFTER}\' => \'Raid Attendance 9:00-10:00\',\'{L_VALUE_AFTER}\' => \'1.00\',\'{L_UPDATED_BY}\' => \'gsc\');','70.176.158.236','38338a762b83dfe8edff2b47247d1836','{L_SUCCESS}',1);
INSERT INTO `eqdkp_logs` VALUES (55,1158043134,'{L_ACTION_RAID_UPDATED}','$log_action = array(\'header\' => \'{L_ACTION_RAID_UPDATED}\',\'id\' => \'4\',\'{L_EVENT_BEFORE}\' => \'Ahn Qiraj\',\'{L_ATTENDEES_BEFORE}\' => \'Afflicted, Aurix, Bendeadlong, Blangerdon, Croog, Desdemonda, Halaster, Hilltop, Hockee, Imprezzed, Innouthule, Kadelthin, Karunaji, Kazgra, Krenshar, Lexanice, Lifeblood, Malanari, Malcontent, Malignance, Mindblade, Moofus, Mook, Moosby, Naydien, Nyuks, Overdose, Raldin, Simodine, Sreza, Subflict, Swifteagle, Tanz, Tulgaat, Tzoo, Unarmed, Utgardloki, Vig, Witchking, Xarnum\',\'{L_NOTE_BEFORE}\' => \'Raid Attendance 10:00-11:00\',\'{L_VALUE_BEFORE}\' => \'1.00\',\'{L_EVENT_AFTER}\' => \'Ahn Qiraj\',\'{L_ATTENDEES_AFTER}\' => \'Afflicted, Aurix, Bendeadlong, Blangerdon, Croog, Desdemonda, Halaster, Hilltop, Hockee, Imprezzed, Innouthule, <span class=\\\"negative\\\">Jelandi</span>, Kadelthin, Karunaji, Kazgra, Krenshar, Lexanice, Lifeblood, Malanari, Malcontent, Malignance, Mindblade, Moofus, Mook, Moosby, Naydien, Nyuks, Overdose, Raldin, <span class=\\\"negative\\\">Schittle</span>, Simodine, Sreza, Subflict, Swifteagle, Tanz, Tulgaat, Tzoo, Unarmed, Utgardloki, Vig, Witchking, Xarnum\',\'{L_NOTE_AFTER}\' => \'Raid Attendance 10:00-11:00\',\'{L_VALUE_AFTER}\' => \'1.00\',\'{L_UPDATED_BY}\' => \'gsc\');','70.176.158.236','38338a762b83dfe8edff2b47247d1836','{L_SUCCESS}',1);
INSERT INTO `eqdkp_logs` VALUES (56,1158043135,'{L_ACTION_RAID_UPDATED}','$log_action = array(\'header\' => \'{L_ACTION_RAID_UPDATED}\',\'id\' => \'4\',\'{L_EVENT_BEFORE}\' => \'Ahn Qiraj\',\'{L_ATTENDEES_BEFORE}\' => \'<span class=\\\"negative\\\"></span>\',\'{L_NOTE_BEFORE}\' => \'Raid Attendance 10:00-11:00\',\'{L_VALUE_BEFORE}\' => \'1.00\',\'{L_EVENT_AFTER}\' => \'Ahn Qiraj\',\'{L_ATTENDEES_AFTER}\' => \'<span class=\\\"negative\\\">Afflicted</span>, <span class=\\\"negative\\\">Aurix</span>, <span class=\\\"negative\\\">Bendeadlong</span>, <span class=\\\"negative\\\">Blangerdon</span>, <span class=\\\"negative\\\">Croog</span>, <span class=\\\"negative\\\">Desdemonda</span>, <span class=\\\"negative\\\">Halaster</span>, <span class=\\\"negative\\\">Hilltop</span>, <span class=\\\"negative\\\">Hockee</span>, <span class=\\\"negative\\\">Imprezzed</span>, <span class=\\\"negative\\\">Innouthule</span>, <span class=\\\"negative\\\">Jelandi</span>, <span class=\\\"negative\\\">Kadelthin</span>, <span class=\\\"negative\\\">Karunaji</span>, <span class=\\\"negative\\\">Kazgra</span>, <span class=\\\"negative\\\">Krenshar</span>, <span class=\\\"negative\\\">Lexanice</span>, <span class=\\\"negative\\\">Lifeblood</span>, <span class=\\\"negative\\\">Malanari</span>, <span class=\\\"negative\\\">Malcontent</span>, <span class=\\\"negative\\\">Malignance</span>, <span class=\\\"negative\\\">Mindblade</span>, <span class=\\\"negative\\\">Moofus</span>, <span class=\\\"negative\\\">Mook</span>, <span class=\\\"negative\\\">Moosby</span>, <span class=\\\"negative\\\">Naydien</span>, <span class=\\\"negative\\\">Nyuks</span>, <span class=\\\"negative\\\">Overdose</span>, <span class=\\\"negative\\\">Raldin</span>, <span class=\\\"negative\\\">Schittle</span>, <span class=\\\"negative\\\">Simodine</span>, <span class=\\\"negative\\\">Sreza</span>, <span class=\\\"negative\\\">Subflict</span>, <span class=\\\"negative\\\">Swifteagle</span>, <span class=\\\"negative\\\">Tanz</span>, <span class=\\\"negative\\\">Tulgaat</span>, <span class=\\\"negative\\\">Tzoo</span>, <span class=\\\"negative\\\">Unarmed</span>, <span class=\\\"negative\\\">Utgardloki</span>, <span class=\\\"negative\\\">Vig</span>, <span class=\\\"negative\\\">Witchking</span>, <span class=\\\"negative\\\">Xarnum</span>\',\'{L_NOTE_AFTER}\' => \'Raid Attendance 10:00-11:00\',\'{L_VALUE_AFTER}\' => \'1.00\',\'{L_UPDATED_BY}\' => \'gsc\');','70.176.158.236','38338a762b83dfe8edff2b47247d1836','{L_SUCCESS}',1);
INSERT INTO `eqdkp_logs` VALUES (57,1158043332,'{L_ACTION_RAID_ADDED}','$log_action = array(\'header\' => \'{L_ACTION_RAID_ADDED}\',\'id\' => \'5\',\'{L_EVENT}\' => \'Ahn Qiraj\',\'{L_ATTENDEES}\' => \'Afflicted, Ambel, Aurix, Bendeadlong, Blangerdon, Dalehawkins, Desdemonda, Halaster, Hilltop, Imprezzed, Jelandi, Karunaji, Kazgra, Krenshar, Lexanice, Mackstab, Malanari, Malignance, Mallicia, Melisela, Mindblade, Moofus, Moosby, Morphcow, Narik, Naydien, Nyuks, Overdose, Raldin, Ronashi, Simodine, Sreza, Subflict, Sufu, Tulgaat, Tzoo, Unarmed, Utgardloki, Vaevictis, Xarnum\',\'{L_NOTE}\' => \'Raid Attendance 7:00-8:00\',\'{L_VALUE}\' => \'0\',\'{L_ADDED_BY}\' => \'RaidTracker (by gsc)\');','70.176.158.236','38338a762b83dfe8edff2b47247d1836','{L_SUCCESS}',1);
INSERT INTO `eqdkp_logs` VALUES (58,1158043332,'{L_ACTION_MEMBER_ADDED}','$log_action = array(\'header\' => \'{L_ACTION_MEMBER_ADDED}\',\'{L_NAME}\' => \'Ambel\',\'{L_EARNED}\' => \'0\',\'{L_SPENT}\' => \'0\',\'{L_ADJUSTMENT}\' => \'0\',\'{L_LEVEL}\' => \'Unknown\',\'{L_RACE}\' => \'Unknown\',\'{L_CLASS}\' => \'Unknown\',\'{L_ADDED_BY}\' => \'RaidTracker (by gsc)\');','70.176.158.236','38338a762b83dfe8edff2b47247d1836','{L_SUCCESS}',1);
INSERT INTO `eqdkp_logs` VALUES (59,1158043332,'{L_ACTION_MEMBER_ADDED}','$log_action = array(\'header\' => \'{L_ACTION_MEMBER_ADDED}\',\'{L_NAME}\' => \'Dalehawkins\',\'{L_EARNED}\' => \'0\',\'{L_SPENT}\' => \'0\',\'{L_ADJUSTMENT}\' => \'0\',\'{L_LEVEL}\' => \'Unknown\',\'{L_RACE}\' => \'Unknown\',\'{L_CLASS}\' => \'Unknown\',\'{L_ADDED_BY}\' => \'RaidTracker (by gsc)\');','70.176.158.236','38338a762b83dfe8edff2b47247d1836','{L_SUCCESS}',1);
INSERT INTO `eqdkp_logs` VALUES (60,1158043332,'{L_ACTION_MEMBER_ADDED}','$log_action = array(\'header\' => \'{L_ACTION_MEMBER_ADDED}\',\'{L_NAME}\' => \'Mackstab\',\'{L_EARNED}\' => \'0\',\'{L_SPENT}\' => \'0\',\'{L_ADJUSTMENT}\' => \'0\',\'{L_LEVEL}\' => \'Unknown\',\'{L_RACE}\' => \'Unknown\',\'{L_CLASS}\' => \'Unknown\',\'{L_ADDED_BY}\' => \'RaidTracker (by gsc)\');','70.176.158.236','38338a762b83dfe8edff2b47247d1836','{L_SUCCESS}',1);
INSERT INTO `eqdkp_logs` VALUES (61,1158043332,'{L_ACTION_MEMBER_ADDED}','$log_action = array(\'header\' => \'{L_ACTION_MEMBER_ADDED}\',\'{L_NAME}\' => \'Mallicia\',\'{L_EARNED}\' => \'0\',\'{L_SPENT}\' => \'0\',\'{L_ADJUSTMENT}\' => \'0\',\'{L_LEVEL}\' => \'Unknown\',\'{L_RACE}\' => \'Unknown\',\'{L_CLASS}\' => \'Unknown\',\'{L_ADDED_BY}\' => \'RaidTracker (by gsc)\');','70.176.158.236','38338a762b83dfe8edff2b47247d1836','{L_SUCCESS}',1);
INSERT INTO `eqdkp_logs` VALUES (62,1158043332,'{L_ACTION_MEMBER_ADDED}','$log_action = array(\'header\' => \'{L_ACTION_MEMBER_ADDED}\',\'{L_NAME}\' => \'Melisela\',\'{L_EARNED}\' => \'0\',\'{L_SPENT}\' => \'0\',\'{L_ADJUSTMENT}\' => \'0\',\'{L_LEVEL}\' => \'Unknown\',\'{L_RACE}\' => \'Unknown\',\'{L_CLASS}\' => \'Unknown\',\'{L_ADDED_BY}\' => \'RaidTracker (by gsc)\');','70.176.158.236','38338a762b83dfe8edff2b47247d1836','{L_SUCCESS}',1);
INSERT INTO `eqdkp_logs` VALUES (63,1158043332,'{L_ACTION_MEMBER_ADDED}','$log_action = array(\'header\' => \'{L_ACTION_MEMBER_ADDED}\',\'{L_NAME}\' => \'Morphcow\',\'{L_EARNED}\' => \'0\',\'{L_SPENT}\' => \'0\',\'{L_ADJUSTMENT}\' => \'0\',\'{L_LEVEL}\' => \'Unknown\',\'{L_RACE}\' => \'Unknown\',\'{L_CLASS}\' => \'Unknown\',\'{L_ADDED_BY}\' => \'RaidTracker (by gsc)\');','70.176.158.236','38338a762b83dfe8edff2b47247d1836','{L_SUCCESS}',1);
INSERT INTO `eqdkp_logs` VALUES (64,1158043332,'{L_ACTION_MEMBER_ADDED}','$log_action = array(\'header\' => \'{L_ACTION_MEMBER_ADDED}\',\'{L_NAME}\' => \'Narik\',\'{L_EARNED}\' => \'0\',\'{L_SPENT}\' => \'0\',\'{L_ADJUSTMENT}\' => \'0\',\'{L_LEVEL}\' => \'Unknown\',\'{L_RACE}\' => \'Unknown\',\'{L_CLASS}\' => \'Unknown\',\'{L_ADDED_BY}\' => \'RaidTracker (by gsc)\');','70.176.158.236','38338a762b83dfe8edff2b47247d1836','{L_SUCCESS}',1);
INSERT INTO `eqdkp_logs` VALUES (65,1158043332,'{L_ACTION_MEMBER_ADDED}','$log_action = array(\'header\' => \'{L_ACTION_MEMBER_ADDED}\',\'{L_NAME}\' => \'Ronashi\',\'{L_EARNED}\' => \'0\',\'{L_SPENT}\' => \'0\',\'{L_ADJUSTMENT}\' => \'0\',\'{L_LEVEL}\' => \'Unknown\',\'{L_RACE}\' => \'Unknown\',\'{L_CLASS}\' => \'Unknown\',\'{L_ADDED_BY}\' => \'RaidTracker (by gsc)\');','70.176.158.236','38338a762b83dfe8edff2b47247d1836','{L_SUCCESS}',1);
INSERT INTO `eqdkp_logs` VALUES (66,1158043332,'{L_ACTION_MEMBER_ADDED}','$log_action = array(\'header\' => \'{L_ACTION_MEMBER_ADDED}\',\'{L_NAME}\' => \'Vaevictis\',\'{L_EARNED}\' => \'0\',\'{L_SPENT}\' => \'0\',\'{L_ADJUSTMENT}\' => \'0\',\'{L_LEVEL}\' => \'Unknown\',\'{L_RACE}\' => \'Unknown\',\'{L_CLASS}\' => \'Unknown\',\'{L_ADDED_BY}\' => \'RaidTracker (by gsc)\');','70.176.158.236','38338a762b83dfe8edff2b47247d1836','{L_SUCCESS}',1);
INSERT INTO `eqdkp_logs` VALUES (67,1158043459,'{L_ACTION_RAID_UPDATED}','$log_action = array(\'header\' => \'{L_ACTION_RAID_UPDATED}\',\'id\' => \'5\',\'{L_EVENT_BEFORE}\' => \'Ahn Qiraj\',\'{L_ATTENDEES_BEFORE}\' => \'Afflicted, Ambel, Aurix, Bendeadlong, Blangerdon, Dalehawkins, Desdemonda, Halaster, Hilltop, Imprezzed, Jelandi, Karunaji, Kazgra, Krenshar, Lexanice, Mackstab, Malanari, Malignance, Mallicia, Melisela, Mindblade, Moofus, Moosby, Morphcow, Narik, Naydien, Nyuks, Overdose, Raldin, Ronashi, Simodine, Sreza, Subflict, Sufu, Tulgaat, Tzoo, Unarmed, Utgardloki, Vaevictis, Xarnum\',\'{L_NOTE_BEFORE}\' => \'Raid Attendance 7:00-8:00\',\'{L_VALUE_BEFORE}\' => \'0.00\',\'{L_EVENT_AFTER}\' => \'Ahn Qiraj\',\'{L_ATTENDEES_AFTER}\' => \'Afflicted, Ambel, Aurix, Bendeadlong, Blangerdon, Dalehawkins, Desdemonda, <span class=\\\"negative\\\">Endevour</span>, <span class=\\\"negative\\\">Forain</span>, Halaster, Hilltop, Imprezzed, Jelandi, <span class=\\\"negative\\\">Kadelthin</span>, Karunaji, Kazgra, Krenshar, Lexanice, <span class=\\\"negative\\\">Lifeblood</span>, Mackstab, Malanari, <span class=\\\"negative\\\">Malcontent</span>, Malignance, Mallicia, Melisela, Mindblade, Moofus, Moosby, Morphcow, Narik, Naydien, Nyuks, Overdose, Raldin, Ronashi, Simodine, Sreza, Subflict, Sufu, <span class=\\\"negative\\\">Tanz</span>, Tulgaat, Tzoo, Unarmed, Utgardloki, Vaevictis, <span class=\\\"negative\\\">Witchking</span>, Xarnum\',\'{L_NOTE_AFTER}\' => \'Raid Attendance 7:00-8:00\',\'{L_VALUE_AFTER}\' => \'<span class=\\\"negative\\\">1.00</span>\',\'{L_UPDATED_BY}\' => \'gsc\');','70.176.158.236','38338a762b83dfe8edff2b47247d1836','{L_SUCCESS}',1);
INSERT INTO `eqdkp_logs` VALUES (68,1158043539,'{L_ACTION_RAID_ADDED}','$log_action = array(\'header\' => \'{L_ACTION_RAID_ADDED}\',\'id\' => \'6\',\'{L_EVENT}\' => \'Ahn Qiraj\',\'{L_ATTENDEES}\' => \'Afflicted, Ambel, Bendeadlong, Blangerdon, Dalehawkins, Desdemonda, Halaster, Hilltop, Imprezzed, Innouthule, Jelandi, Karunaji, Kazgra, Krenshar, Mackstab, Malanari, Malignance, Mallicia, Melisela, Moofus, Moosby, Morphcow, Narik, Naydien, Nyuks, Overdose, Ronashi, Simodine, Sreza, Subflict, Sufu, Swifteagle, Tanz, Tulgaat, Tzoo, Unarmed, Utgardloki, Vaevictis, Witchking, Xarnum\',\'{L_NOTE}\' => \'Raid Attendance 8:00-9:00\',\'{L_VALUE}\' => \'\',\'{L_ADDED_BY}\' => \'RaidTracker (by gsc)\');','70.176.158.236','38338a762b83dfe8edff2b47247d1836','{L_SUCCESS}',1);
INSERT INTO `eqdkp_logs` VALUES (69,1158043579,'{L_ACTION_RAID_UPDATED}','$log_action = array(\'header\' => \'{L_ACTION_RAID_UPDATED}\',\'id\' => \'6\',\'{L_EVENT_BEFORE}\' => \'Ahn Qiraj\',\'{L_ATTENDEES_BEFORE}\' => \'Afflicted, Ambel, Bendeadlong, Blangerdon, Dalehawkins, Desdemonda, Halaster, Hilltop, Imprezzed, Innouthule, Jelandi, Karunaji, Kazgra, Krenshar, Mackstab, Malanari, Malignance, Mallicia, Melisela, Moofus, Moosby, Morphcow, Narik, Naydien, Nyuks, Overdose, Ronashi, Simodine, Sreza, Subflict, Sufu, Swifteagle, Tanz, Tulgaat, Tzoo, Unarmed, Utgardloki, Vaevictis, Witchking, Xarnum\',\'{L_NOTE_BEFORE}\' => \'Raid Attendance 8:00-9:00\',\'{L_VALUE_BEFORE}\' => \'0.00\',\'{L_EVENT_AFTER}\' => \'Ahn Qiraj\',\'{L_ATTENDEES_AFTER}\' => \'Afflicted, Ambel, Bendeadlong, Blangerdon, Dalehawkins, Desdemonda, <span class=\\\"negative\\\">Endevour</span>, <span class=\\\"negative\\\">Forain</span>, Halaster, Hilltop, Imprezzed, Innouthule, Jelandi, <span class=\\\"negative\\\">Kadelthin</span>, Karunaji, Kazgra, Krenshar, <span class=\\\"negative\\\">Lifeblood</span>, Mackstab, Malanari, <span class=\\\"negative\\\">Malcontent</span>, Malignance, Mallicia, Melisela, Moofus, Moosby, Morphcow, Narik, Naydien, Nyuks, Overdose, Ronashi, Simodine, Sreza, Subflict, Sufu, Swifteagle, Tanz, Tulgaat, Tzoo, Unarmed, Utgardloki, Vaevictis, Witchking, Xarnum\',\'{L_NOTE_AFTER}\' => \'Raid Attendance 8:00-9:00\',\'{L_VALUE_AFTER}\' => \'<span class=\\\"negative\\\">1.00</span>\',\'{L_UPDATED_BY}\' => \'gsc\');','70.176.158.236','38338a762b83dfe8edff2b47247d1836','{L_SUCCESS}',1);
INSERT INTO `eqdkp_logs` VALUES (70,1158043662,'{L_ACTION_RAID_ADDED}','$log_action = array(\'header\' => \'{L_ACTION_RAID_ADDED}\',\'id\' => \'7\',\'{L_EVENT}\' => \'Ahn Qiraj\',\'{L_ATTENDEES}\' => \'Afflicted, Bendeadlong, Blangerdon, Croog, Dalehawkins, Desdemonda, Halaster, Hilltop, Imprezzed, Innouthule, Jelandi, Karunaji, Kazgra, Krenshar, Mackstab, Malanari, Malignance, Mallicia, Melisela, Moofus, Moosby, Morphcow, Narik, Naydien, Nyuks, Overdose, Ronashi, Simodine, Sreza, Subflict, Sufu, Swifteagle, Tanz, Tulgaat, Tzoo, Unarmed, Utgardloki, Vaevictis, Witchking, Xarnum\',\'{L_NOTE}\' => \'Raid Attendance 9:00-10:00\',\'{L_VALUE}\' => \'0\',\'{L_ADDED_BY}\' => \'RaidTracker (by gsc)\');','70.176.158.236','38338a762b83dfe8edff2b47247d1836','{L_SUCCESS}',1);
INSERT INTO `eqdkp_logs` VALUES (71,1158043691,'{L_ACTION_RAID_UPDATED}','$log_action = array(\'header\' => \'{L_ACTION_RAID_UPDATED}\',\'id\' => \'7\',\'{L_EVENT_BEFORE}\' => \'Ahn Qiraj\',\'{L_ATTENDEES_BEFORE}\' => \'Afflicted, Bendeadlong, Blangerdon, Croog, Dalehawkins, Desdemonda, Halaster, Hilltop, Imprezzed, Innouthule, Jelandi, Karunaji, Kazgra, Krenshar, Mackstab, Malanari, Malignance, Mallicia, Melisela, Moofus, Moosby, Morphcow, Narik, Naydien, Nyuks, Overdose, Ronashi, Simodine, Sreza, Subflict, Sufu, Swifteagle, Tanz, Tulgaat, Tzoo, Unarmed, Utgardloki, Vaevictis, Witchking, Xarnum\',\'{L_NOTE_BEFORE}\' => \'Raid Attendance 9:00-10:00\',\'{L_VALUE_BEFORE}\' => \'0.00\',\'{L_EVENT_AFTER}\' => \'Ahn Qiraj\',\'{L_ATTENDEES_AFTER}\' => \'Afflicted, Bendeadlong, Blangerdon, Croog, Dalehawkins, Desdemonda, <span class=\\\"negative\\\">Endevour</span>, <span class=\\\"negative\\\">Forain</span>, Halaster, Hilltop, Imprezzed, Innouthule, Jelandi, <span class=\\\"negative\\\">Kadelthin</span>, Karunaji, Kazgra, Krenshar, <span class=\\\"negative\\\">Lifeblood</span>, Mackstab, Malanari, <span class=\\\"negative\\\">Malcontent</span>, Malignance, Mallicia, Melisela, Moofus, Moosby, Morphcow, Narik, Naydien, Nyuks, Overdose, Ronashi, Simodine, Sreza, Subflict, Sufu, Swifteagle, Tanz, Tulgaat, Tzoo, Unarmed, Utgardloki, Vaevictis, Witchking, Xarnum\',\'{L_NOTE_AFTER}\' => \'Raid Attendance 9:00-10:00\',\'{L_VALUE_AFTER}\' => \'<span class=\\\"negative\\\">1.00</span>\',\'{L_UPDATED_BY}\' => \'gsc\');','70.176.158.236','38338a762b83dfe8edff2b47247d1836','{L_SUCCESS}',1);
INSERT INTO `eqdkp_logs` VALUES (72,1158043739,'{L_ACTION_RAID_ADDED}','$log_action = array(\'header\' => \'{L_ACTION_RAID_ADDED}\',\'id\' => \'8\',\'{L_EVENT}\' => \'Ahn Qiraj\',\'{L_ATTENDEES}\' => \'Afflicted, Aurix, Bendeadlong, Blangerdon, Croog, Dalehawkins, Desdemonda, Halaster, Hilltop, Imprezzed, Innouthule, Karunaji, Kazgra, Mackstab, Malanari, Malcontent, Malignance, Mallicia, Melisela, Moofus, Moosby, Morphcow, Narik, Naydien, Nyuks, Overdose, Raldin, Ronashi, Simodine, Sreza, Subflict, Swifteagle, Tanz, Tulgaat, Tzoo, Unarmed, Utgardloki, Vaevictis, Witchking, Xarnum\',\'{L_NOTE}\' => \'Raid Attendance 10:00-11:00\',\'{L_VALUE}\' => \'0\',\'{L_ADDED_BY}\' => \'RaidTracker (by gsc)\');','70.176.158.236','38338a762b83dfe8edff2b47247d1836','{L_SUCCESS}',1);
INSERT INTO `eqdkp_logs` VALUES (73,1158043767,'{L_ACTION_RAID_UPDATED}','$log_action = array(\'header\' => \'{L_ACTION_RAID_UPDATED}\',\'id\' => \'8\',\'{L_EVENT_BEFORE}\' => \'Ahn Qiraj\',\'{L_ATTENDEES_BEFORE}\' => \'Afflicted, Aurix, Bendeadlong, Blangerdon, Croog, Dalehawkins, Desdemonda, Halaster, Hilltop, Imprezzed, Innouthule, Karunaji, Kazgra, Mackstab, Malanari, Malcontent, Malignance, Mallicia, Melisela, Moofus, Moosby, Morphcow, Narik, Naydien, Nyuks, Overdose, Raldin, Ronashi, Simodine, Sreza, Subflict, Swifteagle, Tanz, Tulgaat, Tzoo, Unarmed, Utgardloki, Vaevictis, Witchking, Xarnum\',\'{L_NOTE_BEFORE}\' => \'Raid Attendance 10:00-11:00\',\'{L_VALUE_BEFORE}\' => \'0.00\',\'{L_EVENT_AFTER}\' => \'Ahn Qiraj\',\'{L_ATTENDEES_AFTER}\' => \'Afflicted, Aurix, Bendeadlong, Blangerdon, Croog, Dalehawkins, Desdemonda, <span class=\\\"negative\\\">Endevour</span>, <span class=\\\"negative\\\">Forain</span>, Halaster, Hilltop, Imprezzed, Innouthule, <span class=\\\"negative\\\">Kadelthin</span>, Karunaji, Kazgra, <span class=\\\"negative\\\">Lifeblood</span>, Mackstab, Malanari, Malcontent, Malignance, Mallicia, Melisela, Moofus, Moosby, Morphcow, Narik, Naydien, Nyuks, Overdose, Raldin, Ronashi, Simodine, Sreza, Subflict, Swifteagle, Tanz, Tulgaat, Tzoo, Unarmed, Utgardloki, Vaevictis, Witchking, Xarnum\',\'{L_NOTE_AFTER}\' => \'Raid Attendance 10:00-11:00\',\'{L_VALUE_AFTER}\' => \'<span class=\\\"negative\\\">1.00</span>\',\'{L_UPDATED_BY}\' => \'gsc\');','70.176.158.236','38338a762b83dfe8edff2b47247d1836','{L_SUCCESS}',1);
INSERT INTO `eqdkp_logs` VALUES (74,1158116156,'{L_ACTION_RAID_ADDED}','$log_action = array(\'header\' => \'{L_ACTION_RAID_ADDED}\',\'id\' => \'9\',\'{L_EVENT}\' => \'Blackwing Lair\',\'{L_ATTENDEES}\' => \'Aurix, Bendeadlong, Blangerdon, Croog, Dalehawkins, Desdemonda, Endevour, Halaster, Hockee, Imprezzed, Jelandi, Kadelthin, Karunaji, Krenshar, Lifeblood, Mackstab, Malanari, Malcontent, Malignance, Mallicia, Melisela, Mief, Moofus, Moosby, Morphcow, Narik, Naydien, Overdose, Raldin, Simodine, Sreza, Sufu, Tulgaat, Tzoo, Unarmed, Utgardloki, Vassili, Witchking, Xarnum, Zonkers\',\'{L_NOTE}\' => \'Raid Attendance 7:00-8:00\',\'{L_VALUE}\' => \'0\',\'{L_ADDED_BY}\' => \'RaidTracker (by gsc)\');','70.176.158.236','9cc7a4ac51fb1d32239231eabb424115','{L_SUCCESS}',1);
INSERT INTO `eqdkp_logs` VALUES (75,1158116156,'{L_ACTION_MEMBER_ADDED}','$log_action = array(\'header\' => \'{L_ACTION_MEMBER_ADDED}\',\'{L_NAME}\' => \'Mief\',\'{L_EARNED}\' => \'0\',\'{L_SPENT}\' => \'0\',\'{L_ADJUSTMENT}\' => \'0\',\'{L_LEVEL}\' => \'Unknown\',\'{L_RACE}\' => \'Unknown\',\'{L_CLASS}\' => \'Unknown\',\'{L_ADDED_BY}\' => \'RaidTracker (by gsc)\');','70.176.158.236','9cc7a4ac51fb1d32239231eabb424115','{L_SUCCESS}',1);
INSERT INTO `eqdkp_logs` VALUES (76,1158116156,'{L_ACTION_MEMBER_ADDED}','$log_action = array(\'header\' => \'{L_ACTION_MEMBER_ADDED}\',\'{L_NAME}\' => \'Vassili\',\'{L_EARNED}\' => \'0\',\'{L_SPENT}\' => \'0\',\'{L_ADJUSTMENT}\' => \'0\',\'{L_LEVEL}\' => \'Unknown\',\'{L_RACE}\' => \'Unknown\',\'{L_CLASS}\' => \'Unknown\',\'{L_ADDED_BY}\' => \'RaidTracker (by gsc)\');','70.176.158.236','9cc7a4ac51fb1d32239231eabb424115','{L_SUCCESS}',1);
INSERT INTO `eqdkp_logs` VALUES (77,1158116156,'{L_ACTION_MEMBER_ADDED}','$log_action = array(\'header\' => \'{L_ACTION_MEMBER_ADDED}\',\'{L_NAME}\' => \'Zonkers\',\'{L_EARNED}\' => \'0\',\'{L_SPENT}\' => \'0\',\'{L_ADJUSTMENT}\' => \'0\',\'{L_LEVEL}\' => \'Unknown\',\'{L_RACE}\' => \'Unknown\',\'{L_CLASS}\' => \'Unknown\',\'{L_ADDED_BY}\' => \'RaidTracker (by gsc)\');','70.176.158.236','9cc7a4ac51fb1d32239231eabb424115','{L_SUCCESS}',1);
INSERT INTO `eqdkp_logs` VALUES (78,1158116177,'{L_ACTION_EVENT_ADDED}','$log_action = array(\'header\' => \'{L_ACTION_EVENT_ADDED}\',\'id\' => \'2\',\'{L_NAME}\' => \'Blackwing Lair\',\'{L_VALUE}\' => \'1.00\',\'{L_ADDED_BY}\' => \'gsc\');','70.176.158.236','9cc7a4ac51fb1d32239231eabb424115','{L_SUCCESS}',1);
INSERT INTO `eqdkp_logs` VALUES (79,1158116432,'{L_ACTION_RAID_UPDATED}','$log_action = array(\'header\' => \'{L_ACTION_RAID_UPDATED}\',\'id\' => \'9\',\'{L_EVENT_BEFORE}\' => \'Blackwing Lair\',\'{L_ATTENDEES_BEFORE}\' => \'Aurix, Bendeadlong, Blangerdon, Croog, Dalehawkins, Desdemonda, Endevour, Halaster, Hockee, Imprezzed, Jelandi, Kadelthin, Karunaji, Krenshar, Lifeblood, Mackstab, Malanari, Malcontent, Malignance, Mallicia, Melisela, Mief, Moofus, Moosby, Morphcow, Narik, Naydien, Overdose, Raldin, Simodine, Sreza, Sufu, Tulgaat, Tzoo, Unarmed, Utgardloki, Vassili, Witchking, Xarnum, Zonkers\',\'{L_NOTE_BEFORE}\' => \'Raid Attendance 7:00-8:00\',\'{L_VALUE_BEFORE}\' => \'0.00\',\'{L_EVENT_AFTER}\' => \'Blackwing Lair\',\'{L_ATTENDEES_AFTER}\' => \'<span class=\\\"negative\\\">Alucarrd</span>, <span class=\\\"negative\\\">Ambel</span>, Aurix, Bendeadlong, Blangerdon, Croog, Dalehawkins, Desdemonda, Endevour, Halaster, Hockee, Imprezzed, Jelandi, Kadelthin, Karunaji, <span class=\\\"negative\\\">Kazgra</span>, Krenshar, Lifeblood, Mackstab, Malanari, Malcontent, Malignance, Mallicia, Melisela, Mief, Moofus, Moosby, Morphcow, Narik, Naydien, <span class=\\\"negative\\\">Nyuks</span>, Overdose, Raldin, Simodine, Sreza, Sufu, Tulgaat, Tzoo, Unarmed, Utgardloki, Vassili, Witchking, Xarnum, <span class=\\\"negative\\\">Zhenkira</span>, Zonkers\',\'{L_NOTE_AFTER}\' => \'Raid Attendance 7:00-8:00\',\'{L_VALUE_AFTER}\' => \'<span class=\\\"negative\\\">1.00</span>\',\'{L_UPDATED_BY}\' => \'gsc\');','70.176.158.236','9cc7a4ac51fb1d32239231eabb424115','{L_SUCCESS}',1);
INSERT INTO `eqdkp_logs` VALUES (80,1158116461,'{L_ACTION_RAID_ADDED}','$log_action = array(\'header\' => \'{L_ACTION_RAID_ADDED}\',\'id\' => \'10\',\'{L_EVENT}\' => \'Blackwing Lair\',\'{L_ATTENDEES}\' => \'Aurix, Bendeadlong, Blangerdon, Croog, Dalehawkins, Desdemonda, Endevour, Halaster, Hockee, Imprezzed, Jelandi, Kadelthin, Karunaji, Krenshar, Lifeblood, Mackstab, Malanari, Malcontent, Malignance, Mallicia, Melisela, Mief, Moofus, Moosby, Morphcow, Narik, Naydien, Overdose, Raldin, Simodine, Sreza, Sufu, Tulgaat, Tzoo, Unarmed, Utgardloki, Vassili, Witchking, Xarnum, Zonkers\',\'{L_NOTE}\' => \'Raid Attendance 8:00-9:00\',\'{L_VALUE}\' => \'0\',\'{L_ADDED_BY}\' => \'RaidTracker (by gsc)\');','70.176.158.236','9cc7a4ac51fb1d32239231eabb424115','{L_SUCCESS}',1);
INSERT INTO `eqdkp_logs` VALUES (81,1158116487,'{L_ACTION_RAID_UPDATED}','$log_action = array(\'header\' => \'{L_ACTION_RAID_UPDATED}\',\'id\' => \'10\',\'{L_EVENT_BEFORE}\' => \'Blackwing Lair\',\'{L_ATTENDEES_BEFORE}\' => \'Aurix, Bendeadlong, Blangerdon, Croog, Dalehawkins, Desdemonda, Endevour, Halaster, Hockee, Imprezzed, Jelandi, Kadelthin, Karunaji, Krenshar, Lifeblood, Mackstab, Malanari, Malcontent, Malignance, Mallicia, Melisela, Mief, Moofus, Moosby, Morphcow, Narik, Naydien, Overdose, Raldin, Simodine, Sreza, Sufu, Tulgaat, Tzoo, Unarmed, Utgardloki, Vassili, Witchking, Xarnum, Zonkers\',\'{L_NOTE_BEFORE}\' => \'Raid Attendance 8:00-9:00\',\'{L_VALUE_BEFORE}\' => \'0.00\',\'{L_EVENT_AFTER}\' => \'Blackwing Lair\',\'{L_ATTENDEES_AFTER}\' => \'<span class=\\\"negative\\\">Alucarrd</span>, <span class=\\\"negative\\\">Ambel</span>, Aurix, Bendeadlong, Blangerdon, Croog, Dalehawkins, Desdemonda, Endevour, Halaster, Hockee, Imprezzed, Jelandi, Kadelthin, Karunaji, <span class=\\\"negative\\\">Kazgra</span>, Krenshar, Lifeblood, Mackstab, Malanari, Malcontent, Malignance, Mallicia, Melisela, Mief, Moofus, Moosby, Morphcow, Narik, Naydien, <span class=\\\"negative\\\">Nyuks</span>, Overdose, Raldin, Simodine, Sreza, Sufu, Tulgaat, Tzoo, Unarmed, Utgardloki, Vassili, Witchking, Xarnum, <span class=\\\"negative\\\">Zhenkira</span>, Zonkers\',\'{L_NOTE_AFTER}\' => \'Raid Attendance 8:00-9:00\',\'{L_VALUE_AFTER}\' => \'<span class=\\\"negative\\\">1.00</span>\',\'{L_UPDATED_BY}\' => \'gsc\');','70.176.158.236','9cc7a4ac51fb1d32239231eabb424115','{L_SUCCESS}',1);
INSERT INTO `eqdkp_logs` VALUES (82,1158121257,'{L_ACTION_RAID_ADDED}','$log_action = array(\'header\' => \'{L_ACTION_RAID_ADDED}\',\'id\' => \'11\',\'{L_EVENT}\' => \'Blackwing Lair\',\'{L_ATTENDEES}\' => \'Aurix, Bendeadlong, Blangerdon, Croog, Dalehawkins, Desdemonda, Endevour, Halaster, Hockee, Imprezzed, Jelandi, Kadelthin, Karunaji, Krenshar, Lifeblood, Mackstab, Malanari, Malcontent, Malignance, Mallicia, Melisela, Mief, Moofus, Moosby, Morphcow, Narik, Naydien, Overdose, Raldin, Simodine, Sreza, Sufu, Tulgaat, Tzoo, Unarmed, Utgardloki, Vassili, Witchking, Xarnum, Zonkers\',\'{L_NOTE}\' => \'Raid Attendance 9:00-10:00\',\'{L_VALUE}\' => \'0\',\'{L_ADDED_BY}\' => \'RaidTracker (by gsc)\');','70.176.158.236','9cc7a4ac51fb1d32239231eabb424115','{L_SUCCESS}',1);
INSERT INTO `eqdkp_logs` VALUES (83,1158121286,'{L_ACTION_RAID_UPDATED}','$log_action = array(\'header\' => \'{L_ACTION_RAID_UPDATED}\',\'id\' => \'11\',\'{L_EVENT_BEFORE}\' => \'Blackwing Lair\',\'{L_ATTENDEES_BEFORE}\' => \'Aurix, Bendeadlong, Blangerdon, Croog, Dalehawkins, Desdemonda, Endevour, Halaster, Hockee, Imprezzed, Jelandi, Kadelthin, Karunaji, Krenshar, Lifeblood, Mackstab, Malanari, Malcontent, Malignance, Mallicia, Melisela, Mief, Moofus, Moosby, Morphcow, Narik, Naydien, Overdose, Raldin, Simodine, Sreza, Sufu, Tulgaat, Tzoo, Unarmed, Utgardloki, Vassili, Witchking, Xarnum, Zonkers\',\'{L_NOTE_BEFORE}\' => \'Raid Attendance 9:00-10:00\',\'{L_VALUE_BEFORE}\' => \'0.00\',\'{L_EVENT_AFTER}\' => \'Blackwing Lair\',\'{L_ATTENDEES_AFTER}\' => \'<span class=\\\"negative\\\">Alucarrd</span>, <span class=\\\"negative\\\">Ambel</span>, Aurix, Bendeadlong, Blangerdon, Croog, Dalehawkins, Desdemonda, Endevour, Halaster, Hockee, Imprezzed, Jelandi, Kadelthin, Karunaji, <span class=\\\"negative\\\">Kazgra</span>, Krenshar, Lifeblood, Mackstab, Malanari, Malcontent, Malignance, Mallicia, Melisela, Mief, Moofus, Moosby, Morphcow, Narik, Naydien, <span class=\\\"negative\\\">Nyuks</span>, Overdose, Raldin, Simodine, Sreza, Sufu, Tulgaat, Tzoo, Unarmed, Utgardloki, Vassili, Witchking, Xarnum, <span class=\\\"negative\\\">Zhenkira</span>, Zonkers\',\'{L_NOTE_AFTER}\' => \'Raid Attendance 9:00-10:00\',\'{L_VALUE_AFTER}\' => \'<span class=\\\"negative\\\">1.00</span>\',\'{L_UPDATED_BY}\' => \'gsc\');','70.176.158.236','9cc7a4ac51fb1d32239231eabb424115','{L_SUCCESS}',1);
INSERT INTO `eqdkp_logs` VALUES (84,1158125874,'{L_ACTION_RAID_ADDED}','$log_action = array(\'header\' => \'{L_ACTION_RAID_ADDED}\',\'id\' => \'12\',\'{L_EVENT}\' => \'Blackwing Lair\',\'{L_ATTENDEES}\' => \'Aurix, Bendeadlong, Blangerdon, Croog, Dalehawkins, Desdemonda, Endevour, Halaster, Hockee, Imprezzed, Jelandi, Kadelthin, Karunaji, Krenshar, Lifeblood, Mackstab, Malanari, Malcontent, Malignance, Mallicia, Melisela, Mief, Moofus, Moosby, Morphcow, Narik, Naydien, Overdose, Raldin, Simodine, Sreza, Sufu, Tulgaat, Tzoo, Unarmed, Utgardloki, Vassili, Witchking, Xarnum, Zonkers\',\'{L_NOTE}\' => \'Raid Attendance 10:00-11:00\',\'{L_VALUE}\' => \'0\',\'{L_ADDED_BY}\' => \'RaidTracker (by gsc)\');','70.176.158.236','9cc7a4ac51fb1d32239231eabb424115','{L_SUCCESS}',1);
INSERT INTO `eqdkp_logs` VALUES (85,1158125930,'{L_ACTION_RAID_UPDATED}','$log_action = array(\'header\' => \'{L_ACTION_RAID_UPDATED}\',\'id\' => \'12\',\'{L_EVENT_BEFORE}\' => \'Blackwing Lair\',\'{L_ATTENDEES_BEFORE}\' => \'Aurix, Bendeadlong, Blangerdon, Croog, Dalehawkins, Desdemonda, Endevour, Halaster, Hockee, Imprezzed, Jelandi, Kadelthin, Karunaji, Krenshar, Lifeblood, Mackstab, Malanari, Malcontent, Malignance, Mallicia, Melisela, Mief, Moofus, Moosby, Morphcow, Narik, Naydien, Overdose, Raldin, Simodine, Sreza, Sufu, Tulgaat, Tzoo, Unarmed, Utgardloki, Vassili, Witchking, Xarnum, Zonkers\',\'{L_NOTE_BEFORE}\' => \'Raid Attendance 10:00-11:00\',\'{L_VALUE_BEFORE}\' => \'0.00\',\'{L_EVENT_AFTER}\' => \'Blackwing Lair\',\'{L_ATTENDEES_AFTER}\' => \'<span class=\\\"negative\\\">Alucarrd</span>, <span class=\\\"negative\\\">Ambel</span>, Aurix, Bendeadlong, Blangerdon, Croog, Dalehawkins, Desdemonda, Endevour, Halaster, Hockee, Imprezzed, Jelandi, Kadelthin, Karunaji, <span class=\\\"negative\\\">Kazgra</span>, Krenshar, Lifeblood, Mackstab, Malanari, Malcontent, Malignance, Mallicia, Melisela, Mief, Moofus, Moosby, Morphcow, Narik, Naydien, <span class=\\\"negative\\\">Nyuks</span>, Overdose, Raldin, Simodine, Sreza, Sufu, Tulgaat, Tzoo, Unarmed, Utgardloki, Vassili, Witchking, Xarnum, <span class=\\\"negative\\\">Zhenkira</span>, Zonkers\',\'{L_NOTE_AFTER}\' => \'Raid Attendance 10:00-11:00\',\'{L_VALUE_AFTER}\' => \'<span class=\\\"negative\\\">1.00</span>\',\'{L_UPDATED_BY}\' => \'gsc\');','70.176.158.236','9cc7a4ac51fb1d32239231eabb424115','{L_SUCCESS}',1);
INSERT INTO `eqdkp_logs` VALUES (86,1158199368,'{L_ACTION_RAID_ADDED}','$log_action = array(\'header\' => \'{L_ACTION_RAID_ADDED}\',\'id\' => \'13\',\'{L_EVENT}\' => \'Blackwing Lair\',\'{L_ATTENDEES}\' => \'Alucarrd, Ambel, Aurix, Bendeadlong, Berthelemy, Blangerdon, Croog, Dalehawkins, Desdemonda, Hockee, Imprezzed, Jelandi, Kadelthin, Karunaji, Kazgra, Krenshar, Mackstab, Malanari, Malcontent, Malignance, Mief, Moofus, Moosby, Morphcow, Narik, Naydien, Nyuks, Overdose, Raldin, Ronashi, Sreza, Subflict, Tanz, Tulgaat, Tzoo, Unarmed, Utgardloki, Vig, Witchking, Xarnum\',\'{L_NOTE}\' => \'Raid Attendance 7:00-8:00\',\'{L_VALUE}\' => \'0\',\'{L_ADDED_BY}\' => \'RaidTracker (by gsc)\');','70.176.158.236','6b944e55d0c13a1f7c2873cae1ecad49','{L_SUCCESS}',1);
INSERT INTO `eqdkp_logs` VALUES (87,1158199368,'{L_ACTION_MEMBER_ADDED}','$log_action = array(\'header\' => \'{L_ACTION_MEMBER_ADDED}\',\'{L_NAME}\' => \'Berthelemy\',\'{L_EARNED}\' => \'0\',\'{L_SPENT}\' => \'0\',\'{L_ADJUSTMENT}\' => \'0\',\'{L_LEVEL}\' => \'Unknown\',\'{L_RACE}\' => \'Unknown\',\'{L_CLASS}\' => \'Unknown\',\'{L_ADDED_BY}\' => \'RaidTracker (by gsc)\');','70.176.158.236','6b944e55d0c13a1f7c2873cae1ecad49','{L_SUCCESS}',1);
INSERT INTO `eqdkp_logs` VALUES (88,1158199513,'{L_ACTION_RAID_UPDATED}','$log_action = array(\'header\' => \'{L_ACTION_RAID_UPDATED}\',\'id\' => \'13\',\'{L_EVENT_BEFORE}\' => \'Blackwing Lair\',\'{L_ATTENDEES_BEFORE}\' => \'Alucarrd, Ambel, Aurix, Bendeadlong, Berthelemy, Blangerdon, Croog, Dalehawkins, Desdemonda, Hockee, Imprezzed, Jelandi, Kadelthin, Karunaji, Kazgra, Krenshar, Mackstab, Malanari, Malcontent, Malignance, Mief, Moofus, Moosby, Morphcow, Narik, Naydien, Nyuks, Overdose, Raldin, Ronashi, Sreza, Subflict, Tanz, Tulgaat, Tzoo, Unarmed, Utgardloki, Vig, Witchking, Xarnum\',\'{L_NOTE_BEFORE}\' => \'Raid Attendance 7:00-8:00\',\'{L_VALUE_BEFORE}\' => \'0.00\',\'{L_EVENT_AFTER}\' => \'Blackwing Lair\',\'{L_ATTENDEES_AFTER}\' => \'Alucarrd, Ambel, Aurix, Bendeadlong, Berthelemy, Blangerdon, Croog, Dalehawkins, Desdemonda, <span class=\\\"negative\\\">Forain</span>, <span class=\\\"negative\\\">Halaster</span>, Hockee, Imprezzed, Jelandi, Kadelthin, Karunaji, Kazgra, Krenshar, Mackstab, Malanari, Malcontent, Malignance, Mief, Moofus, Moosby, Morphcow, Narik, Naydien, Nyuks, Overdose, Raldin, Ronashi, Sreza, Subflict, Tanz, Tulgaat, Tzoo, Unarmed, Utgardloki, <span class=\\\"negative\\\">Vassili</span>, Vig, Witchking, Xarnum\',\'{L_NOTE_AFTER}\' => \'Raid Attendance 7:00-8:00\',\'{L_VALUE_AFTER}\' => \'<span class=\\\"negative\\\">1.00</span>\',\'{L_UPDATED_BY}\' => \'gsc\');','70.176.158.236','6b944e55d0c13a1f7c2873cae1ecad49','{L_SUCCESS}',1);
INSERT INTO `eqdkp_logs` VALUES (89,1158207078,'{L_ACTION_RAID_ADDED}','$log_action = array(\'header\' => \'{L_ACTION_RAID_ADDED}\',\'id\' => \'14\',\'{L_EVENT}\' => \'Blackwing Lair\',\'{L_ATTENDEES}\' => \'Ambel, Aurix, Bendeadlong, Berthelemy, Blangerdon, Croog, Dalehawkins, Desdemonda, Forain, Hilltop, Hockee, Imprezzed, Innouthule, Karunaji, Kazgra, Krenshar, Mackstab, Malanari, Malcontent, Malignance, Mallicia, Mief, Moofus, Moosby, Morphcow, Narik, Naydien, Nyuks, Overdose, Raldin, Ronashi, Simodine, Sreza, Subflict, Tanz, Tzoo, Unarmed, Utgardloki, Vig, Witchking, Xarnum\',\'{L_NOTE}\' => \'Raid Attendance 8:00-9:00\',\'{L_VALUE}\' => \'0\',\'{L_ADDED_BY}\' => \'RaidTracker (by gsc)\');','70.176.158.236','6b944e55d0c13a1f7c2873cae1ecad49','{L_SUCCESS}',1);
INSERT INTO `eqdkp_logs` VALUES (90,1158207178,'{L_ACTION_RAID_UPDATED}','$log_action = array(\'header\' => \'{L_ACTION_RAID_UPDATED}\',\'id\' => \'14\',\'{L_EVENT_BEFORE}\' => \'Blackwing Lair\',\'{L_ATTENDEES_BEFORE}\' => \'Ambel, Aurix, Bendeadlong, Berthelemy, Blangerdon, Croog, Dalehawkins, Desdemonda, Forain, Hilltop, Hockee, Imprezzed, Innouthule, Karunaji, Kazgra, Krenshar, Mackstab, Malanari, Malcontent, Malignance, Mallicia, Mief, Moofus, Moosby, Morphcow, Narik, Naydien, Nyuks, Overdose, Raldin, Ronashi, Simodine, Sreza, Subflict, Tanz, Tzoo, Unarmed, Utgardloki, Vig, Witchking, Xarnum\',\'{L_NOTE_BEFORE}\' => \'Raid Attendance 8:00-9:00\',\'{L_VALUE_BEFORE}\' => \'0.00\',\'{L_EVENT_AFTER}\' => \'Blackwing Lair\',\'{L_ATTENDEES_AFTER}\' => \'<span class=\\\"negative\\\">Alucarrd</span>, Ambel, Aurix, Bendeadlong, Berthelemy, Blangerdon, Croog, Dalehawkins, Desdemonda, Forain, <span class=\\\"negative\\\">Halaster</span>, Hilltop, Hockee, Imprezzed, Innouthule, <span class=\\\"negative\\\">Kadelthin</span>, Karunaji, Kazgra, Krenshar, Mackstab, Malanari, Malcontent, Malignance, Mallicia, Mief, Moofus, Moosby, Morphcow, Narik, Naydien, Nyuks, Overdose, Raldin, Ronashi, <span class=\\\"negative\\\">Schittle</span>, Simodine, Sreza, Subflict, Tanz, Tzoo, Unarmed, Utgardloki, <span class=\\\"negative\\\">Vaevictis</span>, <span class=\\\"negative\\\">Vassili</span>, Vig, Witchking, Xarnum\',\'{L_NOTE_AFTER}\' => \'Raid Attendance 8:00-9:00\',\'{L_VALUE_AFTER}\' => \'<span class=\\\"negative\\\">1.00</span>\',\'{L_UPDATED_BY}\' => \'gsc\');','70.176.158.236','6b944e55d0c13a1f7c2873cae1ecad49','{L_SUCCESS}',1);
INSERT INTO `eqdkp_logs` VALUES (91,1158207208,'{L_ACTION_RAID_ADDED}','$log_action = array(\'header\' => \'{L_ACTION_RAID_ADDED}\',\'id\' => \'15\',\'{L_EVENT}\' => \'Blackwing Lair\',\'{L_ATTENDEES}\' => \'Aurix, Bendeadlong, Berthelemy, Blangerdon, Croog, Dalehawkins, Desdemonda, Forain, Hilltop, Hockee, Imprezzed, Innouthule, Karunaji, Kazgra, Krenshar, Mackstab, Malanari, Malcontent, Malignance, Mallicia, Mief, Moofus, Moosby, Morphcow, Narik, Naydien, Nyuks, Overdose, Raldin, Ronashi, Simodine, Sreza, Subflict, Tanz, Tzoo, Unarmed, Utgardloki, Vig, Witchking, Xarnum\',\'{L_NOTE}\' => \'Raid Attendance 9:00-10:00\',\'{L_VALUE}\' => \'0\',\'{L_ADDED_BY}\' => \'RaidTracker (by gsc)\');','70.176.158.236','6b944e55d0c13a1f7c2873cae1ecad49','{L_SUCCESS}',1);
INSERT INTO `eqdkp_logs` VALUES (92,1158207258,'{L_ACTION_RAID_UPDATED}','$log_action = array(\'header\' => \'{L_ACTION_RAID_UPDATED}\',\'id\' => \'15\',\'{L_EVENT_BEFORE}\' => \'Blackwing Lair\',\'{L_ATTENDEES_BEFORE}\' => \'Aurix, Bendeadlong, Berthelemy, Blangerdon, Croog, Dalehawkins, Desdemonda, Forain, Hilltop, Hockee, Imprezzed, Innouthule, Karunaji, Kazgra, Krenshar, Mackstab, Malanari, Malcontent, Malignance, Mallicia, Mief, Moofus, Moosby, Morphcow, Narik, Naydien, Nyuks, Overdose, Raldin, Ronashi, Simodine, Sreza, Subflict, Tanz, Tzoo, Unarmed, Utgardloki, Vig, Witchking, Xarnum\',\'{L_NOTE_BEFORE}\' => \'Raid Attendance 9:00-10:00\',\'{L_VALUE_BEFORE}\' => \'0.00\',\'{L_EVENT_AFTER}\' => \'Blackwing Lair\',\'{L_ATTENDEES_AFTER}\' => \'<span class=\\\"negative\\\">Alucarrd</span>, <span class=\\\"negative\\\">Ambel</span>, Aurix, Bendeadlong, Berthelemy, Blangerdon, Croog, Dalehawkins, Desdemonda, Forain, <span class=\\\"negative\\\">Halaster</span>, Hilltop, Hockee, Imprezzed, Innouthule, <span class=\\\"negative\\\">Kadelthin</span>, Karunaji, Kazgra, Krenshar, Mackstab, Malanari, Malcontent, Malignance, Mallicia, Mief, Moofus, Moosby, Morphcow, Narik, Naydien, Nyuks, Overdose, Raldin, Ronashi, <span class=\\\"negative\\\">Schittle</span>, Simodine, Sreza, Subflict, Tanz, Tzoo, Unarmed, Utgardloki, <span class=\\\"negative\\\">Vaevictis</span>, <span class=\\\"negative\\\">Vassili</span>, Vig, Witchking, Xarnum\',\'{L_NOTE_AFTER}\' => \'Raid Attendance 9:00-10:00\',\'{L_VALUE_AFTER}\' => \'<span class=\\\"negative\\\">1.00</span>\',\'{L_UPDATED_BY}\' => \'gsc\');','70.176.158.236','6b944e55d0c13a1f7c2873cae1ecad49','{L_SUCCESS}',1);
INSERT INTO `eqdkp_logs` VALUES (93,1158207477,'{L_ACTION_RAID_UPDATED}','$log_action = array(\'header\' => \'{L_ACTION_RAID_UPDATED}\',\'id\' => \'13\',\'{L_EVENT_BEFORE}\' => \'Blackwing Lair\',\'{L_ATTENDEES_BEFORE}\' => \'Alucarrd, Ambel, Aurix, Bendeadlong, Berthelemy, Blangerdon, Croog, Dalehawkins, Desdemonda, Forain, Halaster, Hockee, Imprezzed, Jelandi, Kadelthin, Karunaji, Kazgra, Krenshar, Mackstab, Malanari, Malcontent, Malignance, Mief, Moofus, Moosby, Morphcow, Narik, Naydien, Nyuks, Overdose, Raldin, Ronashi, Sreza, Subflict, Tanz, Tulgaat, Tzoo, Unarmed, Utgardloki, Vassili, Vig, Witchking, Xarnum\',\'{L_NOTE_BEFORE}\' => \'Raid Attendance 7:00-8:00\',\'{L_VALUE_BEFORE}\' => \'1.00\',\'{L_EVENT_AFTER}\' => \'Blackwing Lair\',\'{L_ATTENDEES_AFTER}\' => \'Alucarrd, Ambel, Aurix, Bendeadlong, Berthelemy, Blangerdon, Croog, Dalehawkins, Desdemonda, Forain, Halaster, Hockee, Imprezzed, Jelandi, Kadelthin, Karunaji, Kazgra, Krenshar, Mackstab, Malanari, Malcontent, Malignance, Mief, Moofus, Moosby, Morphcow, Narik, Naydien, Nyuks, Overdose, Raldin, Ronashi, Sreza, Subflict, Tanz, Tulgaat, Tzoo, Unarmed, Utgardloki, Vassili, Vig, Witchking, Xarnum, <span class=\\\"negative\\\">Zhenkira</span>\',\'{L_NOTE_AFTER}\' => \'Raid Attendance 7:00-8:00\',\'{L_VALUE_AFTER}\' => \'1.00\',\'{L_UPDATED_BY}\' => \'gsc\');','70.176.158.236','6b944e55d0c13a1f7c2873cae1ecad49','{L_SUCCESS}',1);
INSERT INTO `eqdkp_logs` VALUES (94,1158207486,'{L_ACTION_RAID_UPDATED}','$log_action = array(\'header\' => \'{L_ACTION_RAID_UPDATED}\',\'id\' => \'14\',\'{L_EVENT_BEFORE}\' => \'Blackwing Lair\',\'{L_ATTENDEES_BEFORE}\' => \'Alucarrd, Ambel, Aurix, Bendeadlong, Berthelemy, Blangerdon, Croog, Dalehawkins, Desdemonda, Forain, Halaster, Hilltop, Hockee, Imprezzed, Innouthule, Kadelthin, Karunaji, Kazgra, Krenshar, Mackstab, Malanari, Malcontent, Malignance, Mallicia, Mief, Moofus, Moosby, Morphcow, Narik, Naydien, Nyuks, Overdose, Raldin, Ronashi, Schittle, Simodine, Sreza, Subflict, Tanz, Tzoo, Unarmed, Utgardloki, Vaevictis, Vassili, Vig, Witchking, Xarnum\',\'{L_NOTE_BEFORE}\' => \'Raid Attendance 8:00-9:00\',\'{L_VALUE_BEFORE}\' => \'1.00\',\'{L_EVENT_AFTER}\' => \'Blackwing Lair\',\'{L_ATTENDEES_AFTER}\' => \'Alucarrd, Ambel, Aurix, Bendeadlong, Berthelemy, Blangerdon, Croog, Dalehawkins, Desdemonda, Forain, Halaster, Hilltop, Hockee, Imprezzed, Innouthule, Kadelthin, Karunaji, Kazgra, Krenshar, Mackstab, Malanari, Malcontent, Malignance, Mallicia, Mief, Moofus, Moosby, Morphcow, Narik, Naydien, Nyuks, Overdose, Raldin, Ronashi, Schittle, Simodine, Sreza, Subflict, Tanz, Tzoo, Unarmed, Utgardloki, Vaevictis, Vassili, Vig, Witchking, Xarnum, <span class=\\\"negative\\\">Zhenkira</span>\',\'{L_NOTE_AFTER}\' => \'Raid Attendance 8:00-9:00\',\'{L_VALUE_AFTER}\' => \'1.00\',\'{L_UPDATED_BY}\' => \'gsc\');','70.176.158.236','6b944e55d0c13a1f7c2873cae1ecad49','{L_SUCCESS}',1);
INSERT INTO `eqdkp_logs` VALUES (95,1158207493,'{L_ACTION_RAID_UPDATED}','$log_action = array(\'header\' => \'{L_ACTION_RAID_UPDATED}\',\'id\' => \'15\',\'{L_EVENT_BEFORE}\' => \'Blackwing Lair\',\'{L_ATTENDEES_BEFORE}\' => \'Alucarrd, Ambel, Aurix, Bendeadlong, Berthelemy, Blangerdon, Croog, Dalehawkins, Desdemonda, Forain, Halaster, Hilltop, Hockee, Imprezzed, Innouthule, Kadelthin, Karunaji, Kazgra, Krenshar, Mackstab, Malanari, Malcontent, Malignance, Mallicia, Mief, Moofus, Moosby, Morphcow, Narik, Naydien, Nyuks, Overdose, Raldin, Ronashi, Schittle, Simodine, Sreza, Subflict, Tanz, Tzoo, Unarmed, Utgardloki, Vaevictis, Vassili, Vig, Witchking, Xarnum\',\'{L_NOTE_BEFORE}\' => \'Raid Attendance 9:00-10:00\',\'{L_VALUE_BEFORE}\' => \'1.00\',\'{L_EVENT_AFTER}\' => \'Blackwing Lair\',\'{L_ATTENDEES_AFTER}\' => \'Alucarrd, Ambel, Aurix, Bendeadlong, Berthelemy, Blangerdon, Croog, Dalehawkins, Desdemonda, Forain, Halaster, Hilltop, Hockee, Imprezzed, Innouthule, Kadelthin, Karunaji, Kazgra, Krenshar, Mackstab, Malanari, Malcontent, Malignance, Mallicia, Mief, Moofus, Moosby, Morphcow, Narik, Naydien, Nyuks, Overdose, Raldin, Ronashi, Schittle, Simodine, Sreza, Subflict, Tanz, Tzoo, Unarmed, Utgardloki, Vaevictis, Vassili, Vig, Witchking, Xarnum, <span class=\\\"negative\\\">Zhenkira</span>\',\'{L_NOTE_AFTER}\' => \'Raid Attendance 9:00-10:00\',\'{L_VALUE_AFTER}\' => \'1.00\',\'{L_UPDATED_BY}\' => \'gsc\');','70.176.158.236','6b944e55d0c13a1f7c2873cae1ecad49','{L_SUCCESS}',1);
INSERT INTO `eqdkp_logs` VALUES (96,1158209829,'{L_ACTION_RAID_ADDED}','$log_action = array(\'header\' => \'{L_ACTION_RAID_ADDED}\',\'id\' => \'16\',\'{L_EVENT}\' => \'Blackwing Lair\',\'{L_ATTENDEES}\' => \'Aurix, Bendeadlong, Berthelemy, Blangerdon, Croog, Dalehawkins, Desdemonda, Forain, Hilltop, Hockee, Imprezzed, Innouthule, Karunaji, Kazgra, Krenshar, Mackstab, Malanari, Malcontent, Malignance, Mallicia, Mief, Moofus, Moosby, Morphcow, Narik, Naydien, Nyuks, Overdose, Raldin, Ronashi, Simodine, Sreza, Subflict, Tanz, Tzoo, Unarmed, Utgardloki, Vig, Witchking, Xarnum\',\'{L_NOTE}\' => \'Raid Attendance 10:00-11:00\',\'{L_VALUE}\' => \'0\',\'{L_ADDED_BY}\' => \'RaidTracker (by gsc)\');','70.176.158.236','6b944e55d0c13a1f7c2873cae1ecad49','{L_SUCCESS}',1);
INSERT INTO `eqdkp_logs` VALUES (97,1158209895,'{L_ACTION_RAID_UPDATED}','$log_action = array(\'header\' => \'{L_ACTION_RAID_UPDATED}\',\'id\' => \'16\',\'{L_EVENT_BEFORE}\' => \'Blackwing Lair\',\'{L_ATTENDEES_BEFORE}\' => \'Aurix, Bendeadlong, Berthelemy, Blangerdon, Croog, Dalehawkins, Desdemonda, Forain, Hilltop, Hockee, Imprezzed, Innouthule, Karunaji, Kazgra, Krenshar, Mackstab, Malanari, Malcontent, Malignance, Mallicia, Mief, Moofus, Moosby, Morphcow, Narik, Naydien, Nyuks, Overdose, Raldin, Ronashi, Simodine, Sreza, Subflict, Tanz, Tzoo, Unarmed, Utgardloki, Vig, Witchking, Xarnum\',\'{L_NOTE_BEFORE}\' => \'Raid Attendance 10:00-11:00\',\'{L_VALUE_BEFORE}\' => \'0.00\',\'{L_EVENT_AFTER}\' => \'Blackwing Lair\',\'{L_ATTENDEES_AFTER}\' => \'<span class=\\\"negative\\\">Alucarrd</span>, Aurix, Bendeadlong, Berthelemy, Blangerdon, Croog, Dalehawkins, Desdemonda, Forain, <span class=\\\"negative\\\">Halaster</span>, Hilltop, Hockee, Imprezzed, Innouthule, <span class=\\\"negative\\\">Kadelthin</span>, Karunaji, Kazgra, Krenshar, Mackstab, Malanari, Malcontent, Malignance, Mallicia, Mief, Moofus, Moosby, Morphcow, Narik, Naydien, Nyuks, Overdose, Raldin, Ronashi, <span class=\\\"negative\\\">Schittle</span>, Simodine, Sreza, Subflict, Tanz, Tzoo, Unarmed, Utgardloki, <span class=\\\"negative\\\">Vaevictis</span>, <span class=\\\"negative\\\">Vassili</span>, Vig, Witchking, Xarnum, <span class=\\\"negative\\\">Zhenkira</span>\',\'{L_NOTE_AFTER}\' => \'Raid Attendance 10:00-11:00\',\'{L_VALUE_AFTER}\' => \'<span class=\\\"negative\\\">1.00</span>\',\'{L_UPDATED_BY}\' => \'gsc\');','70.176.158.236','6b944e55d0c13a1f7c2873cae1ecad49','{L_SUCCESS}',1);
INSERT INTO `eqdkp_logs` VALUES (98,1158561283,'{L_ACTION_RAID_ADDED}','$log_action = array(\'header\' => \'{L_ACTION_RAID_ADDED}\',\'id\' => \'17\',\'{L_EVENT}\' => \'Ahn Qiraj\',\'{L_ATTENDEES}\' => \'Alucarrd, Ambel, Bendeadlong, Blangerdon, Croog, Dalehawkins, Desdemonda, Endevour, Halaster, Hockee, Innouthule, Jelandi, Kadelthin, Karunaji, Kazgra, Krenshar, Lifeblood, Mackstab, Malanari, Malignance, Mindblade, Moofus, Mook, Moosby, Morphcow, Motulak, Narik, Naydien, Nyuks, Overdose, Raldin, Simodine, Sreza, Subflict, Swifteagle, Sysskyll, Tanz, Tulgaat, Tzoo, Unarmed, Utgardloki, Vaevictis, Vig, Witchking, Xarnum, Zhenkira\',\'{L_NOTE}\' => \'Raid Attendance 6:00-7:00\',\'{L_VALUE}\' => \'1.00\',\'{L_ADDED_BY}\' => \'gsc\');','70.176.158.236','63862db46419826b9318d93fb84cdea3','{L_SUCCESS}',1);
INSERT INTO `eqdkp_logs` VALUES (99,1158561320,'{L_ACTION_RAID_ADDED}','$log_action = array(\'header\' => \'{L_ACTION_RAID_ADDED}\',\'id\' => \'18\',\'{L_EVENT}\' => \'Ahn Qiraj\',\'{L_ATTENDEES}\' => \'Alucarrd, Ambel, Bendeadlong, Blangerdon, Croog, Dalehawkins, Desdemonda, Endevour, Halaster, Hockee, Innouthule, Jelandi, Kadelthin, Karunaji, Kazgra, Krenshar, Lifeblood, Mackstab, Malanari, Malignance, Mindblade, Moofus, Mook, Moosby, Morphcow, Motulak, Narik, Naydien, Nyuks, Overdose, Raldin, Simodine, Sreza, Subflict, Swifteagle, Sysskyll, Tanz, Tulgaat, Tzoo, Unarmed, Utgardloki, Vaevictis, Vig, Witchking, Xarnum, Zhenkira\',\'{L_NOTE}\' => \'Raid Attendance 7:00-8:00\',\'{L_VALUE}\' => \'1.00\',\'{L_ADDED_BY}\' => \'gsc\');','70.176.158.236','63862db46419826b9318d93fb84cdea3','{L_SUCCESS}',1);
INSERT INTO `eqdkp_logs` VALUES (100,1158561355,'{L_ACTION_RAID_ADDED}','$log_action = array(\'header\' => \'{L_ACTION_RAID_ADDED}\',\'id\' => \'19\',\'{L_EVENT}\' => \'Ahn Qiraj\',\'{L_ATTENDEES}\' => \'Alucarrd, Ambel, Bendeadlong, Blangerdon, Croog, Dalehawkins, Desdemonda, Endevour, Halaster, Hockee, Innouthule, Jelandi, Kadelthin, Karunaji, Kazgra, Krenshar, Lifeblood, Mackstab, Malanari, Malignance, Mindblade, Moofus, Mook, Moosby, Morphcow, Motulak, Narik, Naydien, Nyuks, Overdose, Raldin, Simodine, Sreza, Subflict, Swifteagle, Sysskyll, Tanz, Tulgaat, Tzoo, Unarmed, Utgardloki, Vaevictis, Vig, Witchking, Xarnum, Zhenkira\',\'{L_NOTE}\' => \'Raid Attendance 8:00-9:00\',\'{L_VALUE}\' => \'1.00\',\'{L_ADDED_BY}\' => \'gsc\');','70.176.158.236','63862db46419826b9318d93fb84cdea3','{L_SUCCESS}',1);
INSERT INTO `eqdkp_logs` VALUES (101,1158561374,'{L_ACTION_RAID_ADDED}','$log_action = array(\'header\' => \'{L_ACTION_RAID_ADDED}\',\'id\' => \'20\',\'{L_EVENT}\' => \'Ahn Qiraj\',\'{L_ATTENDEES}\' => \'Alucarrd, Ambel, Bendeadlong, Blangerdon, Croog, Dalehawkins, Desdemonda, Endevour, Halaster, Hockee, Innouthule, Jelandi, Kadelthin, Karunaji, Kazgra, Krenshar, Lifeblood, Mackstab, Malanari, Malignance, Mindblade, Moofus, Mook, Moosby, Morphcow, Motulak, Narik, Naydien, Nyuks, Overdose, Raldin, Simodine, Sreza, Subflict, Swifteagle, Sysskyll, Tanz, Tulgaat, Tzoo, Unarmed, Utgardloki, Vaevictis, Vig, Witchking, Xarnum, Zhenkira\',\'{L_NOTE}\' => \'Raid Attendance 9:00-10:00\',\'{L_VALUE}\' => \'1.00\',\'{L_ADDED_BY}\' => \'gsc\');','70.176.158.236','63862db46419826b9318d93fb84cdea3','{L_SUCCESS}',1);
INSERT INTO `eqdkp_logs` VALUES (102,1158561393,'{L_ACTION_RAID_ADDED}','$log_action = array(\'header\' => \'{L_ACTION_RAID_ADDED}\',\'id\' => \'21\',\'{L_EVENT}\' => \'Ahn Qiraj\',\'{L_ATTENDEES}\' => \'Alucarrd, Ambel, Bendeadlong, Blangerdon, Croog, Dalehawkins, Desdemonda, Endevour, Halaster, Hockee, Innouthule, Jelandi, Kadelthin, Karunaji, Kazgra, Krenshar, Lifeblood, Mackstab, Malanari, Malignance, Mindblade, Moofus, Mook, Moosby, Morphcow, Motulak, Narik, Naydien, Nyuks, Overdose, Raldin, Simodine, Sreza, Subflict, Swifteagle, Sysskyll, Tanz, Tulgaat, Tzoo, Unarmed, Utgardloki, Vaevictis, Vig, Witchking, Xarnum, Zhenkira\',\'{L_NOTE}\' => \'Raid Attendance 10:00-11:00\',\'{L_VALUE}\' => \'1.00\',\'{L_ADDED_BY}\' => \'gsc\');','70.176.158.236','63862db46419826b9318d93fb84cdea3','{L_SUCCESS}',1);
INSERT INTO `eqdkp_logs` VALUES (103,1158570746,'{L_ACTION_RAID_UPDATED}','$log_action = array(\'header\' => \'{L_ACTION_RAID_UPDATED}\',\'id\' => \'17\',\'{L_EVENT_BEFORE}\' => \'Ahn Qiraj\',\'{L_ATTENDEES_BEFORE}\' => \'Alucarrd, Ambel, Bendeadlong, Blangerdon, Croog, Dalehawkins, Desdemonda, Endevour, Halaster, Hockee, Innouthule, Jelandi, Kadelthin, Karunaji, Kazgra, Krenshar, Lifeblood, Mackstab, Malanari, Malignance, Mindblade, Moofus, Mook, Moosby, Morphcow, Motulak, Narik, Naydien, Nyuks, Overdose, Raldin, Simodine, Sreza, Subflict, Swifteagle, Sysskyll, Tanz, Tulgaat, Tzoo, Unarmed, Utgardloki, Vaevictis, Vig, Witchking, Xarnum, Zhenkira\',\'{L_NOTE_BEFORE}\' => \'Raid Attendance 6:00-7:00\',\'{L_VALUE_BEFORE}\' => \'1.00\',\'{L_EVENT_AFTER}\' => \'Ahn Qiraj\',\'{L_ATTENDEES_AFTER}\' => \'Alucarrd, Ambel, Bendeadlong, Blangerdon, Croog, Dalehawkins, Desdemonda, Endevour, Halaster, Hockee, <span class=\\\"negative\\\">Imprezzed</span>, Innouthule, Jelandi, Kadelthin, Karunaji, Kazgra, Krenshar, Lifeblood, Mackstab, Malanari, Malignance, Mindblade, Moofus, Mook, Moosby, Morphcow, Motulak, Narik, Naydien, Nyuks, Overdose, Raldin, Simodine, Sreza, Subflict, Swifteagle, Sysskyll, Tanz, Tulgaat, Tzoo, Unarmed, Utgardloki, Vaevictis, Vig, Witchking, Xarnum, Zhenkira\',\'{L_NOTE_AFTER}\' => \'Raid Attendance 6:00-7:00\',\'{L_VALUE_AFTER}\' => \'1.00\',\'{L_UPDATED_BY}\' => \'gsc\');','70.176.158.236','5654911e9dd429d37d7498043427fbb2','{L_SUCCESS}',1);
INSERT INTO `eqdkp_logs` VALUES (104,1158570758,'{L_ACTION_RAID_UPDATED}','$log_action = array(\'header\' => \'{L_ACTION_RAID_UPDATED}\',\'id\' => \'18\',\'{L_EVENT_BEFORE}\' => \'Ahn Qiraj\',\'{L_ATTENDEES_BEFORE}\' => \'Alucarrd, Ambel, Bendeadlong, Blangerdon, Croog, Dalehawkins, Desdemonda, Endevour, Halaster, Hockee, Innouthule, Jelandi, Kadelthin, Karunaji, Kazgra, Krenshar, Lifeblood, Mackstab, Malanari, Malignance, Mindblade, Moofus, Mook, Moosby, Morphcow, Motulak, Narik, Naydien, Nyuks, Overdose, Raldin, Simodine, Sreza, Subflict, Swifteagle, Sysskyll, Tanz, Tulgaat, Tzoo, Unarmed, Utgardloki, Vaevictis, Vig, Witchking, Xarnum, Zhenkira\',\'{L_NOTE_BEFORE}\' => \'Raid Attendance 7:00-8:00\',\'{L_VALUE_BEFORE}\' => \'1.00\',\'{L_EVENT_AFTER}\' => \'Ahn Qiraj\',\'{L_ATTENDEES_AFTER}\' => \'Alucarrd, Ambel, Bendeadlong, Blangerdon, Croog, Dalehawkins, Desdemonda, Endevour, Halaster, Hockee, <span class=\\\"negative\\\">Imprezzed</span>, Innouthule, Jelandi, Kadelthin, Karunaji, Kazgra, Krenshar, Lifeblood, Mackstab, Malanari, Malignance, Mindblade, Moofus, Mook, Moosby, Morphcow, Motulak, Narik, Naydien, Nyuks, Overdose, Raldin, Simodine, Sreza, Subflict, Swifteagle, Sysskyll, Tanz, Tulgaat, Tzoo, Unarmed, Utgardloki, Vaevictis, Vig, Witchking, Xarnum, Zhenkira\',\'{L_NOTE_AFTER}\' => \'Raid Attendance 7:00-8:00\',\'{L_VALUE_AFTER}\' => \'1.00\',\'{L_UPDATED_BY}\' => \'gsc\');','70.176.158.236','5654911e9dd429d37d7498043427fbb2','{L_SUCCESS}',1);
INSERT INTO `eqdkp_logs` VALUES (105,1158570764,'{L_ACTION_RAID_UPDATED}','$log_action = array(\'header\' => \'{L_ACTION_RAID_UPDATED}\',\'id\' => \'19\',\'{L_EVENT_BEFORE}\' => \'Ahn Qiraj\',\'{L_ATTENDEES_BEFORE}\' => \'Alucarrd, Ambel, Bendeadlong, Blangerdon, Croog, Dalehawkins, Desdemonda, Endevour, Halaster, Hockee, Innouthule, Jelandi, Kadelthin, Karunaji, Kazgra, Krenshar, Lifeblood, Mackstab, Malanari, Malignance, Mindblade, Moofus, Mook, Moosby, Morphcow, Motulak, Narik, Naydien, Nyuks, Overdose, Raldin, Simodine, Sreza, Subflict, Swifteagle, Sysskyll, Tanz, Tulgaat, Tzoo, Unarmed, Utgardloki, Vaevictis, Vig, Witchking, Xarnum, Zhenkira\',\'{L_NOTE_BEFORE}\' => \'Raid Attendance 8:00-9:00\',\'{L_VALUE_BEFORE}\' => \'1.00\',\'{L_EVENT_AFTER}\' => \'Ahn Qiraj\',\'{L_ATTENDEES_AFTER}\' => \'Alucarrd, Ambel, Bendeadlong, Blangerdon, Croog, Dalehawkins, Desdemonda, Endevour, Halaster, Hockee, <span class=\\\"negative\\\">Imprezzed</span>, Innouthule, Jelandi, Kadelthin, Karunaji, Kazgra, Krenshar, Lifeblood, Mackstab, Malanari, Malignance, Mindblade, Moofus, Mook, Moosby, Morphcow, Motulak, Narik, Naydien, Nyuks, Overdose, Raldin, Simodine, Sreza, Subflict, Swifteagle, Sysskyll, Tanz, Tulgaat, Tzoo, Unarmed, Utgardloki, Vaevictis, Vig, Witchking, Xarnum, Zhenkira\',\'{L_NOTE_AFTER}\' => \'Raid Attendance 8:00-9:00\',\'{L_VALUE_AFTER}\' => \'1.00\',\'{L_UPDATED_BY}\' => \'gsc\');','70.176.158.236','5654911e9dd429d37d7498043427fbb2','{L_SUCCESS}',1);
INSERT INTO `eqdkp_logs` VALUES (106,1158570770,'{L_ACTION_RAID_UPDATED}','$log_action = array(\'header\' => \'{L_ACTION_RAID_UPDATED}\',\'id\' => \'19\',\'{L_EVENT_BEFORE}\' => \'Ahn Qiraj\',\'{L_ATTENDEES_BEFORE}\' => \'Alucarrd, Ambel, Bendeadlong, Blangerdon, Croog, Dalehawkins, Desdemonda, Endevour, Halaster, Hockee, Imprezzed, Innouthule, Jelandi, Kadelthin, Karunaji, Kazgra, Krenshar, Lifeblood, Mackstab, Malanari, Malignance, Mindblade, Moofus, Mook, Moosby, Morphcow, Motulak, Narik, Naydien, Nyuks, Overdose, Raldin, Simodine, Sreza, Subflict, Swifteagle, Sysskyll, Tanz, Tulgaat, Tzoo, Unarmed, Utgardloki, Vaevictis, Vig, Witchking, Xarnum, Zhenkira\',\'{L_NOTE_BEFORE}\' => \'Raid Attendance 8:00-9:00\',\'{L_VALUE_BEFORE}\' => \'1.00\',\'{L_EVENT_AFTER}\' => \'Ahn Qiraj\',\'{L_ATTENDEES_AFTER}\' => \'Alucarrd, Ambel, Bendeadlong, Blangerdon, Croog, Dalehawkins, Desdemonda, Endevour, Halaster, Hockee, Imprezzed, Innouthule, Jelandi, Kadelthin, Karunaji, Kazgra, Krenshar, Lifeblood, Mackstab, Malanari, Malignance, Mindblade, Moofus, Mook, Moosby, Morphcow, Motulak, Narik, Naydien, Nyuks, Overdose, Raldin, Simodine, Sreza, Subflict, Swifteagle, Sysskyll, Tanz, Tulgaat, Tzoo, Unarmed, Utgardloki, Vaevictis, Vig, Witchking, Xarnum, Zhenkira\',\'{L_NOTE_AFTER}\' => \'Raid Attendance 8:00-9:00\',\'{L_VALUE_AFTER}\' => \'1.00\',\'{L_UPDATED_BY}\' => \'gsc\');','70.176.158.236','5654911e9dd429d37d7498043427fbb2','{L_SUCCESS}',1);
INSERT INTO `eqdkp_logs` VALUES (107,1158570777,'{L_ACTION_RAID_UPDATED}','$log_action = array(\'header\' => \'{L_ACTION_RAID_UPDATED}\',\'id\' => \'20\',\'{L_EVENT_BEFORE}\' => \'Ahn Qiraj\',\'{L_ATTENDEES_BEFORE}\' => \'Alucarrd, Ambel, Bendeadlong, Blangerdon, Croog, Dalehawkins, Desdemonda, Endevour, Halaster, Hockee, Innouthule, Jelandi, Kadelthin, Karunaji, Kazgra, Krenshar, Lifeblood, Mackstab, Malanari, Malignance, Mindblade, Moofus, Mook, Moosby, Morphcow, Motulak, Narik, Naydien, Nyuks, Overdose, Raldin, Simodine, Sreza, Subflict, Swifteagle, Sysskyll, Tanz, Tulgaat, Tzoo, Unarmed, Utgardloki, Vaevictis, Vig, Witchking, Xarnum, Zhenkira\',\'{L_NOTE_BEFORE}\' => \'Raid Attendance 9:00-10:00\',\'{L_VALUE_BEFORE}\' => \'1.00\',\'{L_EVENT_AFTER}\' => \'Ahn Qiraj\',\'{L_ATTENDEES_AFTER}\' => \'Alucarrd, Ambel, Bendeadlong, Blangerdon, Croog, Dalehawkins, Desdemonda, Endevour, Halaster, Hockee, <span class=\\\"negative\\\">Imprezzed</span>, Innouthule, Jelandi, Kadelthin, Karunaji, Kazgra, Krenshar, Lifeblood, Mackstab, Malanari, Malignance, Mindblade, Moofus, Mook, Moosby, Morphcow, Motulak, Narik, Naydien, Nyuks, Overdose, Raldin, Simodine, Sreza, Subflict, Swifteagle, Sysskyll, Tanz, Tulgaat, Tzoo, Unarmed, Utgardloki, Vaevictis, Vig, Witchking, Xarnum, Zhenkira\',\'{L_NOTE_AFTER}\' => \'Raid Attendance 9:00-10:00\',\'{L_VALUE_AFTER}\' => \'1.00\',\'{L_UPDATED_BY}\' => \'gsc\');','70.176.158.236','5654911e9dd429d37d7498043427fbb2','{L_SUCCESS}',1);
INSERT INTO `eqdkp_logs` VALUES (108,1158570781,'{L_ACTION_RAID_UPDATED}','$log_action = array(\'header\' => \'{L_ACTION_RAID_UPDATED}\',\'id\' => \'21\',\'{L_EVENT_BEFORE}\' => \'Ahn Qiraj\',\'{L_ATTENDEES_BEFORE}\' => \'Alucarrd, Ambel, Bendeadlong, Blangerdon, Croog, Dalehawkins, Desdemonda, Endevour, Halaster, Hockee, Innouthule, Jelandi, Kadelthin, Karunaji, Kazgra, Krenshar, Lifeblood, Mackstab, Malanari, Malignance, Mindblade, Moofus, Mook, Moosby, Morphcow, Motulak, Narik, Naydien, Nyuks, Overdose, Raldin, Simodine, Sreza, Subflict, Swifteagle, Sysskyll, Tanz, Tulgaat, Tzoo, Unarmed, Utgardloki, Vaevictis, Vig, Witchking, Xarnum, Zhenkira\',\'{L_NOTE_BEFORE}\' => \'Raid Attendance 10:00-11:00\',\'{L_VALUE_BEFORE}\' => \'1.00\',\'{L_EVENT_AFTER}\' => \'Ahn Qiraj\',\'{L_ATTENDEES_AFTER}\' => \'Alucarrd, Ambel, Bendeadlong, Blangerdon, Croog, Dalehawkins, Desdemonda, Endevour, Halaster, Hockee, Innouthule, Jelandi, Kadelthin, Karunaji, Kazgra, Krenshar, Lifeblood, Mackstab, Malanari, Malignance, Mindblade, Moofus, Mook, Moosby, Morphcow, Motulak, Narik, Naydien, Nyuks, Overdose, Raldin, Simodine, Sreza, Subflict, Swifteagle, Sysskyll, Tanz, Tulgaat, Tzoo, Unarmed, Utgardloki, Vaevictis, Vig, Witchking, Xarnum, Zhenkira\',\'{L_NOTE_AFTER}\' => \'Raid Attendance 10:00-11:00\',\'{L_VALUE_AFTER}\' => \'1.00\',\'{L_UPDATED_BY}\' => \'gsc\');','70.176.158.236','5654911e9dd429d37d7498043427fbb2','{L_SUCCESS}',1);
INSERT INTO `eqdkp_logs` VALUES (109,1158692263,'{L_ACTION_EVENT_ADDED}','$log_action = array(\'header\' => \'{L_ACTION_EVENT_ADDED}\',\'id\' => \'3\',\'{L_NAME}\' => \'Onyxia\',\'{L_VALUE}\' => \'0.00\',\'{L_ADDED_BY}\' => \'gsc\');','70.176.158.236','62ba528d3fb7e53db8297f1b502302d0','{L_SUCCESS}',1);
INSERT INTO `eqdkp_logs` VALUES (110,1158692320,'{L_ACTION_RAID_ADDED}','$log_action = array(\'header\' => \'{L_ACTION_RAID_ADDED}\',\'id\' => \'22\',\'{L_EVENT}\' => \'Onyxia\',\'{L_ATTENDEES}\' => \'Alucarrd, Ambel, Bendeadlong, Berthelemy, Blangerdon, Croog, Dalehawkins, Desdemonda, Forain, Hockee, Jelandi, Kadelthin, Karunaji, Lifeblood, Malanari, Malcontent, Malignance, Mallicia, Mindblade, Moofus, Mook, Moosby, Morphcow, Narik, Naydien, Nyuks, Overdose, Raldin, Raynour, Simodine, Sreza, Subflict, Swifteagle, Sysskyll, Tulgaat, Tzoo, Unarmed, Witchking, Xarnum, Zeruhl, Zhenkira\',\'{L_NOTE}\' => \'Raid Attendance 7:00-8:00\',\'{L_VALUE}\' => \'0.00\',\'{L_ADDED_BY}\' => \'gsc\');','70.176.158.236','62ba528d3fb7e53db8297f1b502302d0','{L_SUCCESS}',1);
INSERT INTO `eqdkp_logs` VALUES (111,1158692343,'{L_ACTION_EVENT_UPDATED}','$log_action = array(\'header\' => \'{L_ACTION_EVENT_UPDATED}\',\'id\' => \'3\',\'{L_NAME_BEFORE}\' => \'Onyxia\',\'{L_VALUE_BEFORE}\' => \'0.00\',\'{L_NAME_AFTER}\' => \'Onyxia\',\'{L_VALUE_AFTER}\' => \'<span class=\\\"negative\\\">1.00</span>\',\'{L_UPDATED_BY}\' => \'gsc\');','70.176.158.236','62ba528d3fb7e53db8297f1b502302d0','{L_SUCCESS}',1);
INSERT INTO `eqdkp_logs` VALUES (112,1158692393,'{L_ACTION_RAID_ADDED}','$log_action = array(\'header\' => \'{L_ACTION_RAID_ADDED}\',\'id\' => \'23\',\'{L_EVENT}\' => \'Onyxia\',\'{L_ATTENDEES}\' => \'Alucarrd, Ambel, Bendeadlong, Berthelemy, Blangerdon, Croog, Dalehawkins, Desdemonda, Forain, Hockee, Jelandi, Kadelthin, Karunaji, Lifeblood, Malanari, Malcontent, Malignance, Mallicia, Mindblade, Moofus, Mook, Moosby, Morphcow, Narik, Naydien, Nyuks, Overdose, Raldin, Raynour, Simodine, Sreza, Subflict, Swifteagle, Sysskyll, Tulgaat, Tzoo, Unarmed, Witchking, Xarnum, Zeruhl, Zhenkira\',\'{L_NOTE}\' => \'Raid Attendance 8:00-9:00\',\'{L_VALUE}\' => \'1.00\',\'{L_ADDED_BY}\' => \'gsc\');','70.176.158.236','62ba528d3fb7e53db8297f1b502302d0','{L_SUCCESS}',1);
INSERT INTO `eqdkp_logs` VALUES (113,1158692897,'{L_ACTION_RAID_UPDATED}','$log_action = array(\'header\' => \'{L_ACTION_RAID_UPDATED}\',\'id\' => \'17\',\'{L_EVENT_BEFORE}\' => \'Ahn Qiraj\',\'{L_ATTENDEES_BEFORE}\' => \'Alucarrd, Ambel, Bendeadlong, Blangerdon, Croog, Dalehawkins, Desdemonda, Endevour, Halaster, Hockee, Imprezzed, Innouthule, Jelandi, Kadelthin, Karunaji, Kazgra, Krenshar, Lifeblood, Mackstab, Malanari, Malignance, Mindblade, Moofus, Mook, Moosby, Morphcow, Motulak, Narik, Naydien, Nyuks, Overdose, Raldin, Simodine, Sreza, Subflict, Swifteagle, Sysskyll, Tanz, Tulgaat, Tzoo, Unarmed, Utgardloki, Vaevictis, Vig, Witchking, Xarnum, Zhenkira\',\'{L_NOTE_BEFORE}\' => \'Raid Attendance 6:00-7:00\',\'{L_VALUE_BEFORE}\' => \'1.00\',\'{L_EVENT_AFTER}\' => \'Ahn Qiraj\',\'{L_ATTENDEES_AFTER}\' => \'Alucarrd, Ambel, Bendeadlong, Blangerdon, Croog, Dalehawkins, Desdemonda, Endevour, Halaster, Hockee, Imprezzed, Innouthule, Jelandi, Kadelthin, Karunaji, Kazgra, Krenshar, Lifeblood, Mackstab, Malanari, Malignance, Mindblade, Moofus, Mook, Moosby, Morphcow, Motulak, Narik, Naydien, Nyuks, Overdose, Raldin, Simodine, Sreza, Subflict, Swifteagle, Sysskyll, Tanz, Tulgaat, Tzoo, Unarmed, Utgardloki, Vaevictis, Vig, Witchking, Xarnum, Zhenkira\',\'{L_NOTE_AFTER}\' => \'Raid Attendance 6:00-7:00\',\'{L_VALUE_AFTER}\' => \'1.00\',\'{L_UPDATED_BY}\' => \'gsc\');','70.176.158.236','62ba528d3fb7e53db8297f1b502302d0','{L_SUCCESS}',1);
INSERT INTO `eqdkp_logs` VALUES (114,1158692897,'{L_ACTION_RAID_UPDATED}','$log_action = array(\'header\' => \'{L_ACTION_RAID_UPDATED}\',\'id\' => \'17\',\'{L_EVENT_BEFORE}\' => \'Ahn Qiraj\',\'{L_ATTENDEES_BEFORE}\' => \'Alucarrd, Ambel, Bendeadlong, Blangerdon, Croog, Dalehawkins, Desdemonda, Endevour, Halaster, Hockee, Imprezzed, Innouthule, Jelandi, Kadelthin, Karunaji, Kazgra, Krenshar, Lifeblood, Mackstab, Malanari, Malignance, Mindblade, Moofus, Mook, Moosby, Morphcow, Motulak, Narik, Naydien, Nyuks, Overdose, Raldin, Simodine, Sreza, Subflict, Swifteagle, Sysskyll, Tanz, Tulgaat, Tzoo, Unarmed, Utgardloki, Vaevictis, Vig, Witchking, Xarnum, Zhenkira\',\'{L_NOTE_BEFORE}\' => \'Raid Attendance 6:00-7:00\',\'{L_VALUE_BEFORE}\' => \'1.00\',\'{L_EVENT_AFTER}\' => \'Ahn Qiraj\',\'{L_ATTENDEES_AFTER}\' => \'Alucarrd, Ambel, Bendeadlong, Blangerdon, Croog, Dalehawkins, Desdemonda, Endevour, Halaster, Hockee, Imprezzed, Innouthule, Jelandi, Kadelthin, Karunaji, Kazgra, Krenshar, Lifeblood, Mackstab, Malanari, Malignance, Mindblade, Moofus, Mook, Moosby, Morphcow, Motulak, Narik, Naydien, Nyuks, Overdose, Raldin, Simodine, Sreza, Subflict, Swifteagle, Sysskyll, Tanz, Tulgaat, Tzoo, Unarmed, Utgardloki, Vaevictis, Vig, Witchking, Xarnum, Zhenkira\',\'{L_NOTE_AFTER}\' => \'Raid Attendance 6:00-7:00\',\'{L_VALUE_AFTER}\' => \'1.00\',\'{L_UPDATED_BY}\' => \'gsc\');','70.176.158.236','62ba528d3fb7e53db8297f1b502302d0','{L_SUCCESS}',1);
INSERT INTO `eqdkp_logs` VALUES (115,1158692914,'{L_ACTION_RAID_UPDATED}','$log_action = array(\'header\' => \'{L_ACTION_RAID_UPDATED}\',\'id\' => \'18\',\'{L_EVENT_BEFORE}\' => \'Ahn Qiraj\',\'{L_ATTENDEES_BEFORE}\' => \'Alucarrd, Ambel, Bendeadlong, Blangerdon, Croog, Dalehawkins, Desdemonda, Endevour, Halaster, Hockee, Imprezzed, Innouthule, Jelandi, Kadelthin, Karunaji, Kazgra, Krenshar, Lifeblood, Mackstab, Malanari, Malignance, Mindblade, Moofus, Mook, Moosby, Morphcow, Motulak, Narik, Naydien, Nyuks, Overdose, Raldin, Simodine, Sreza, Subflict, Swifteagle, Sysskyll, Tanz, Tulgaat, Tzoo, Unarmed, Utgardloki, Vaevictis, Vig, Witchking, Xarnum, Zhenkira\',\'{L_NOTE_BEFORE}\' => \'Raid Attendance 7:00-8:00\',\'{L_VALUE_BEFORE}\' => \'1.00\',\'{L_EVENT_AFTER}\' => \'Ahn Qiraj\',\'{L_ATTENDEES_AFTER}\' => \'Alucarrd, Ambel, Bendeadlong, Blangerdon, Croog, Dalehawkins, Desdemonda, Endevour, Halaster, Hockee, Imprezzed, Innouthule, Jelandi, Kadelthin, Karunaji, Kazgra, Krenshar, Lifeblood, Mackstab, Malanari, Malignance, Mindblade, Moofus, Mook, Moosby, Morphcow, Motulak, Narik, Naydien, Nyuks, Overdose, Raldin, Simodine, Sreza, Subflict, Swifteagle, Sysskyll, Tanz, Tulgaat, Tzoo, Unarmed, Utgardloki, Vaevictis, Vig, Witchking, Xarnum, Zhenkira\',\'{L_NOTE_AFTER}\' => \'Raid Attendance 7:00-8:00\',\'{L_VALUE_AFTER}\' => \'1.00\',\'{L_UPDATED_BY}\' => \'gsc\');','70.176.158.236','62ba528d3fb7e53db8297f1b502302d0','{L_SUCCESS}',1);
INSERT INTO `eqdkp_logs` VALUES (116,1158692931,'{L_ACTION_RAID_UPDATED}','$log_action = array(\'header\' => \'{L_ACTION_RAID_UPDATED}\',\'id\' => \'19\',\'{L_EVENT_BEFORE}\' => \'Ahn Qiraj\',\'{L_ATTENDEES_BEFORE}\' => \'Alucarrd, Ambel, Bendeadlong, Blangerdon, Croog, Dalehawkins, Desdemonda, Endevour, Halaster, Hockee, Imprezzed, Innouthule, Jelandi, Kadelthin, Karunaji, Kazgra, Krenshar, Lifeblood, Mackstab, Malanari, Malignance, Mindblade, Moofus, Mook, Moosby, Morphcow, Motulak, Narik, Naydien, Nyuks, Overdose, Raldin, Simodine, Sreza, Subflict, Swifteagle, Sysskyll, Tanz, Tulgaat, Tzoo, Unarmed, Utgardloki, Vaevictis, Vig, Witchking, Xarnum, Zhenkira\',\'{L_NOTE_BEFORE}\' => \'Raid Attendance 8:00-9:00\',\'{L_VALUE_BEFORE}\' => \'1.00\',\'{L_EVENT_AFTER}\' => \'Ahn Qiraj\',\'{L_ATTENDEES_AFTER}\' => \'Alucarrd, Ambel, Bendeadlong, Blangerdon, Croog, Dalehawkins, Desdemonda, Endevour, Halaster, Hockee, Imprezzed, Innouthule, Jelandi, Kadelthin, Karunaji, Kazgra, Krenshar, Lifeblood, Mackstab, Malanari, Malignance, Mindblade, Moofus, Mook, Moosby, Morphcow, Motulak, Narik, Naydien, Nyuks, Overdose, Raldin, Simodine, Sreza, Subflict, Swifteagle, Sysskyll, Tanz, Tulgaat, Tzoo, Unarmed, Utgardloki, Vaevictis, Vig, Witchking, Xarnum, Zhenkira\',\'{L_NOTE_AFTER}\' => \'Raid Attendance 8:00-9:00\',\'{L_VALUE_AFTER}\' => \'1.00\',\'{L_UPDATED_BY}\' => \'gsc\');','70.176.158.236','62ba528d3fb7e53db8297f1b502302d0','{L_SUCCESS}',1);
INSERT INTO `eqdkp_logs` VALUES (117,1158692945,'{L_ACTION_RAID_UPDATED}','$log_action = array(\'header\' => \'{L_ACTION_RAID_UPDATED}\',\'id\' => \'20\',\'{L_EVENT_BEFORE}\' => \'Ahn Qiraj\',\'{L_ATTENDEES_BEFORE}\' => \'Alucarrd, Ambel, Bendeadlong, Blangerdon, Croog, Dalehawkins, Desdemonda, Endevour, Halaster, Hockee, Imprezzed, Innouthule, Jelandi, Kadelthin, Karunaji, Kazgra, Krenshar, Lifeblood, Mackstab, Malanari, Malignance, Mindblade, Moofus, Mook, Moosby, Morphcow, Motulak, Narik, Naydien, Nyuks, Overdose, Raldin, Simodine, Sreza, Subflict, Swifteagle, Sysskyll, Tanz, Tulgaat, Tzoo, Unarmed, Utgardloki, Vaevictis, Vig, Witchking, Xarnum, Zhenkira\',\'{L_NOTE_BEFORE}\' => \'Raid Attendance 9:00-10:00\',\'{L_VALUE_BEFORE}\' => \'1.00\',\'{L_EVENT_AFTER}\' => \'Ahn Qiraj\',\'{L_ATTENDEES_AFTER}\' => \'Alucarrd, Ambel, Bendeadlong, Blangerdon, Croog, Dalehawkins, Desdemonda, Endevour, Halaster, Hockee, Imprezzed, Innouthule, Jelandi, Kadelthin, Karunaji, Kazgra, Krenshar, Lifeblood, Mackstab, Malanari, Malignance, Mindblade, Moofus, Mook, Moosby, Morphcow, Motulak, Narik, Naydien, Nyuks, Overdose, Raldin, Simodine, Sreza, Subflict, Swifteagle, Sysskyll, Tanz, Tulgaat, Tzoo, Unarmed, Utgardloki, Vaevictis, Vig, Witchking, Xarnum, Zhenkira\',\'{L_NOTE_AFTER}\' => \'Raid Attendance 9:00-10:00\',\'{L_VALUE_AFTER}\' => \'1.00\',\'{L_UPDATED_BY}\' => \'gsc\');','70.176.158.236','62ba528d3fb7e53db8297f1b502302d0','{L_SUCCESS}',1);
INSERT INTO `eqdkp_logs` VALUES (118,1158692957,'{L_ACTION_RAID_UPDATED}','$log_action = array(\'header\' => \'{L_ACTION_RAID_UPDATED}\',\'id\' => \'21\',\'{L_EVENT_BEFORE}\' => \'Ahn Qiraj\',\'{L_ATTENDEES_BEFORE}\' => \'Alucarrd, Ambel, Bendeadlong, Blangerdon, Croog, Dalehawkins, Desdemonda, Endevour, Halaster, Hockee, Innouthule, Jelandi, Kadelthin, Karunaji, Kazgra, Krenshar, Lifeblood, Mackstab, Malanari, Malignance, Mindblade, Moofus, Mook, Moosby, Morphcow, Motulak, Narik, Naydien, Nyuks, Overdose, Raldin, Simodine, Sreza, Subflict, Swifteagle, Sysskyll, Tanz, Tulgaat, Tzoo, Unarmed, Utgardloki, Vaevictis, Vig, Witchking, Xarnum, Zhenkira\',\'{L_NOTE_BEFORE}\' => \'Raid Attendance 10:00-11:00\',\'{L_VALUE_BEFORE}\' => \'1.00\',\'{L_EVENT_AFTER}\' => \'Ahn Qiraj\',\'{L_ATTENDEES_AFTER}\' => \'Alucarrd, Ambel, Bendeadlong, Blangerdon, Croog, Dalehawkins, Desdemonda, Endevour, Halaster, Hockee, Innouthule, Jelandi, Kadelthin, Karunaji, Kazgra, Krenshar, Lifeblood, Mackstab, Malanari, Malignance, Mindblade, Moofus, Mook, Moosby, Morphcow, Motulak, Narik, Naydien, Nyuks, Overdose, Raldin, Simodine, Sreza, Subflict, Swifteagle, Sysskyll, Tanz, Tulgaat, Tzoo, Unarmed, Utgardloki, Vaevictis, Vig, Witchking, Xarnum, Zhenkira\',\'{L_NOTE_AFTER}\' => \'Raid Attendance 10:00-11:00\',\'{L_VALUE_AFTER}\' => \'1.00\',\'{L_UPDATED_BY}\' => \'gsc\');','70.176.158.236','62ba528d3fb7e53db8297f1b502302d0','{L_SUCCESS}',1);
INSERT INTO `eqdkp_logs` VALUES (119,1158692966,'{L_ACTION_RAID_UPDATED}','$log_action = array(\'header\' => \'{L_ACTION_RAID_UPDATED}\',\'id\' => \'23\',\'{L_EVENT_BEFORE}\' => \'Onyxia\',\'{L_ATTENDEES_BEFORE}\' => \'Alucarrd, Ambel, Bendeadlong, Berthelemy, Blangerdon, Croog, Dalehawkins, Desdemonda, Forain, Hockee, Jelandi, Kadelthin, Karunaji, Lifeblood, Malanari, Malcontent, Malignance, Mallicia, Mindblade, Moofus, Mook, Moosby, Morphcow, Narik, Naydien, Nyuks, Overdose, Raldin, Raynour, Simodine, Sreza, Subflict, Swifteagle, Sysskyll, Tulgaat, Tzoo, Unarmed, Witchking, Xarnum, Zeruhl, Zhenkira\',\'{L_NOTE_BEFORE}\' => \'Raid Attendance 8:00-9:00\',\'{L_VALUE_BEFORE}\' => \'1.00\',\'{L_EVENT_AFTER}\' => \'<span class=\\\"negative\\\">Ahn Qiraj</span>\',\'{L_ATTENDEES_AFTER}\' => \'Alucarrd, Ambel, Bendeadlong, Berthelemy, Blangerdon, Croog, Dalehawkins, Desdemonda, Forain, Hockee, Jelandi, Kadelthin, Karunaji, Lifeblood, Malanari, Malcontent, Malignance, Mallicia, Mindblade, Moofus, Mook, Moosby, Morphcow, Narik, Naydien, Nyuks, Overdose, Raldin, Raynour, Simodine, Sreza, Subflict, Swifteagle, Sysskyll, Tulgaat, Tzoo, Unarmed, Witchking, Xarnum, Zeruhl, Zhenkira\',\'{L_NOTE_AFTER}\' => \'Raid Attendance 8:00-9:00\',\'{L_VALUE_AFTER}\' => \'1.00\',\'{L_UPDATED_BY}\' => \'gsc\');','70.176.158.236','62ba528d3fb7e53db8297f1b502302d0','{L_SUCCESS}',1);
INSERT INTO `eqdkp_logs` VALUES (120,1158693100,'{L_ACTION_RAID_ADDED}','$log_action = array(\'header\' => \'{L_ACTION_RAID_ADDED}\',\'id\' => \'24\',\'{L_EVENT}\' => \'Ahn Qiraj\',\'{L_ATTENDEES}\' => \'Alucarrd, Ambel, Bendeadlong, Berthelemy, Blangerdon, Croog, Dalehawkins, Desdemonda, Forain, Hockee, Jelandi, Kadelthin, Karunaji, Lifeblood, Malanari, Malcontent, Malignance, Mallicia, Mindblade, Moofus, Mook, Moosby, Morphcow, Narik, Naydien, Nyuks, Overdose, Raldin, Raynour, Simodine, Sreza, Subflict, Swifteagle, Sysskyll, Tulgaat, Tzoo, Unarmed, Witchking, Xarnum, Zeruhl, Zhenkira\',\'{L_NOTE}\' => \'Raid Attendance 9:00-10:00\',\'{L_VALUE}\' => \'1.00\',\'{L_ADDED_BY}\' => \'gsc\');','70.176.158.236','62ba528d3fb7e53db8297f1b502302d0','{L_SUCCESS}',1);
INSERT INTO `eqdkp_logs` VALUES (121,1158693247,'{L_ACTION_RAID_ADDED}','$log_action = array(\'header\' => \'{L_ACTION_RAID_ADDED}\',\'id\' => \'25\',\'{L_EVENT}\' => \'Ahn Qiraj\',\'{L_ATTENDEES}\' => \'Alucarrd, Bendeadlong, Berthelemy, Blangerdon, Croog, Dalehawkins, Desdemonda, Forain, Hockee, Jelandi, Kadelthin, Karunaji, Lifeblood, Malanari, Malcontent, Malignance, Mallicia, Mindblade, Moofus, Mook, Moosby, Morphcow, Narik, Naydien, Nyuks, Overdose, Raldin, Raynour, Simodine, Sreza, Subflict, Swifteagle, Sysskyll, Tulgaat, Tzoo, Unarmed, Witchking, Xarnum, Zeruhl, Zhenkira\',\'{L_NOTE}\' => \'Raid Attendance 10:00-11:00\',\'{L_VALUE}\' => \'1.00\',\'{L_ADDED_BY}\' => \'gsc\');','70.176.158.236','62ba528d3fb7e53db8297f1b502302d0','{L_SUCCESS}',1);
INSERT INTO `eqdkp_logs` VALUES (122,1158693455,'{L_ACTION_RAID_UPDATED}','$log_action = array(\'header\' => \'{L_ACTION_RAID_UPDATED}\',\'id\' => \'22\',\'{L_EVENT_BEFORE}\' => \'Onyxia\',\'{L_ATTENDEES_BEFORE}\' => \'Alucarrd, Ambel, Bendeadlong, Berthelemy, Blangerdon, Croog, Dalehawkins, Desdemonda, Forain, Hockee, Jelandi, Kadelthin, Karunaji, Lifeblood, Malanari, Malcontent, Malignance, Mallicia, Mindblade, Moofus, Mook, Moosby, Morphcow, Narik, Naydien, Nyuks, Overdose, Raldin, Raynour, Simodine, Sreza, Subflict, Swifteagle, Sysskyll, Tulgaat, Tzoo, Unarmed, Witchking, Xarnum, Zeruhl, Zhenkira\',\'{L_NOTE_BEFORE}\' => \'Raid Attendance 7:00-8:00\',\'{L_VALUE_BEFORE}\' => \'0.00\',\'{L_EVENT_AFTER}\' => \'Onyxia\',\'{L_ATTENDEES_AFTER}\' => \'Alucarrd, Ambel, Bendeadlong, Berthelemy, Blangerdon, Croog, Dalehawkins, Desdemonda, Forain, Hockee, Jelandi, Kadelthin, Karunaji, Lifeblood, Malanari, Malcontent, Malignance, Mallicia, Mindblade, Moofus, Mook, Moosby, Morphcow, Narik, Naydien, Nyuks, Overdose, Raldin, Raynour, Simodine, Sreza, Subflict, Swifteagle, Sysskyll, Tulgaat, Tzoo, Unarmed, Witchking, Xarnum, Zeruhl, Zhenkira\',\'{L_NOTE_AFTER}\' => \'Raid Attendance 7:00-8:00\',\'{L_VALUE_AFTER}\' => \'<span class=\\\"negative\\\">1.00</span>\',\'{L_UPDATED_BY}\' => \'gsc\');','70.176.158.236','62ba528d3fb7e53db8297f1b502302d0','{L_SUCCESS}',1);
INSERT INTO `eqdkp_logs` VALUES (123,1158795579,'{L_ACTION_RAID_ADDED}','$log_action = array(\'header\' => \'{L_ACTION_RAID_ADDED}\',\'id\' => \'26\',\'{L_EVENT}\' => \'Blackwing Lair\',\'{L_ATTENDEES}\' => \'Alucarrd, Ambel, Bendeadlong, Blangerdon, Dalehawkins, Desdemonda, Endevour, Halaster, Hilltop, Hockee, Imprezzed, Jelandi, Kadelthin, Karunaji, Kazgra, Lifeblood, Mackstab, Malanari, Malignance, Mallicia, Melisela, Mief, Mindblade, Moofus, Mook, Moosby, Morphcow, Narik, Naydien, Nyuks, Overdose, Principe, Raldin, Ronashi, Schittle, Simodine, Sreza, Swifteagle, Sysskyll, Tanz, Tulgaat, Tzoo, Unarmed, Utgardloki, Vaevictis, Vig, Witchking, Xarnum, Zeruhl, Zhenkira\',\'{L_NOTE}\' => \'Raid Attendance 7:00-8:00\',\'{L_VALUE}\' => \'1.00\',\'{L_ADDED_BY}\' => \'gsc\');','70.176.158.236','f81065fa511c53f4a5988d608dbbc4b2','{L_SUCCESS}',1);
INSERT INTO `eqdkp_logs` VALUES (124,1158795605,'{L_ACTION_RAID_ADDED}','$log_action = array(\'header\' => \'{L_ACTION_RAID_ADDED}\',\'id\' => \'27\',\'{L_EVENT}\' => \'Blackwing Lair\',\'{L_ATTENDEES}\' => \'Alucarrd, Ambel, Bendeadlong, Blangerdon, Dalehawkins, Desdemonda, Endevour, Halaster, Hilltop, Hockee, Imprezzed, Jelandi, Kadelthin, Karunaji, Kazgra, Lifeblood, Mackstab, Malanari, Malignance, Mallicia, Melisela, Mief, Mindblade, Moofus, Mook, Moosby, Morphcow, Narik, Naydien, Nyuks, Overdose, Principe, Raldin, Ronashi, Schittle, Simodine, Sreza, Swifteagle, Sysskyll, Tanz, Tulgaat, Tzoo, Unarmed, Utgardloki, Vaevictis, Vig, Witchking, Xarnum, Zeruhl, Zhenkira\',\'{L_NOTE}\' => \'Raid Attendance 8:00-9:00\',\'{L_VALUE}\' => \'1.00\',\'{L_ADDED_BY}\' => \'gsc\');','70.176.158.236','f81065fa511c53f4a5988d608dbbc4b2','{L_SUCCESS}',1);
INSERT INTO `eqdkp_logs` VALUES (125,1158795628,'{L_ACTION_RAID_ADDED}','$log_action = array(\'header\' => \'{L_ACTION_RAID_ADDED}\',\'id\' => \'28\',\'{L_EVENT}\' => \'Blackwing Lair\',\'{L_ATTENDEES}\' => \'Alucarrd, Ambel, Bendeadlong, Blangerdon, Dalehawkins, Desdemonda, Endevour, Halaster, Hilltop, Hockee, Imprezzed, Jelandi, Kadelthin, Karunaji, Kazgra, Lifeblood, Mackstab, Malanari, Malignance, Mallicia, Melisela, Mief, Mindblade, Moofus, Mook, Moosby, Morphcow, Narik, Naydien, Nyuks, Overdose, Principe, Raldin, Ronashi, Schittle, Simodine, Sreza, Swifteagle, Sysskyll, Tanz, Tulgaat, Tzoo, Unarmed, Utgardloki, Vaevictis, Vig, Witchking, Xarnum, Zeruhl, Zhenkira\',\'{L_NOTE}\' => \'Raid Attendance 9:00-10:00\',\'{L_VALUE}\' => \'1.00\',\'{L_ADDED_BY}\' => \'gsc\');','70.176.158.236','f81065fa511c53f4a5988d608dbbc4b2','{L_SUCCESS}',1);
INSERT INTO `eqdkp_logs` VALUES (126,1158795654,'{L_ACTION_RAID_ADDED}','$log_action = array(\'header\' => \'{L_ACTION_RAID_ADDED}\',\'id\' => \'29\',\'{L_EVENT}\' => \'Blackwing Lair\',\'{L_ATTENDEES}\' => \'Alucarrd, Ambel, Bendeadlong, Blangerdon, Dalehawkins, Desdemonda, Endevour, Halaster, Hilltop, Hockee, Imprezzed, Jelandi, Kadelthin, Karunaji, Kazgra, Lifeblood, Mackstab, Malanari, Malignance, Mallicia, Melisela, Mief, Mindblade, Moofus, Mook, Moosby, Morphcow, Narik, Naydien, Nyuks, Overdose, Principe, Raldin, Ronashi, Schittle, Simodine, Sreza, Swifteagle, Sysskyll, Tanz, Tulgaat, Tzoo, Unarmed, Utgardloki, Vaevictis, Vig, Witchking, Xarnum, Zeruhl, Zhenkira\',\'{L_NOTE}\' => \'Raid Attendance 10:00-11:00\',\'{L_VALUE}\' => \'1.00\',\'{L_ADDED_BY}\' => \'gsc\');','70.176.158.236','f81065fa511c53f4a5988d608dbbc4b2','{L_SUCCESS}',1);
INSERT INTO `eqdkp_logs` VALUES (127,1158795741,'{L_ACTION_HISTORY_TRANSFER}','$log_action = array(\'header\' => \'{L_ACTION_HISTORY_TRANSFER}\',\'{L_FROM}\' => \'Raynour\',\'{L_TO}\' => \'Halaster\');','70.176.158.236','f81065fa511c53f4a5988d608dbbc4b2','{L_SUCCESS}',1);
INSERT INTO `eqdkp_logs` VALUES (128,1159227772,'{L_ACTION_RAID_ADDED}','$log_action = array(\'header\' => \'{L_ACTION_RAID_ADDED}\',\'id\' => \'30\',\'{L_EVENT}\' => \'Blackwing Lair\',\'{L_ATTENDEES}\' => \'Alucarrd, Aurix, Bendeadlong, Berthelemy, Blangerdon, Dalehawkins, Desdemonda, Endevour, Forain, Hilltop, Hockee, Imprezzed, Jelandi, Karunaji, Kazgra, Lifeblood, Malanari, Malcontent, Malignance, Mallicia, Mindblade, Moofus, Mook, Moosby, Morphcow, Narik, Naydien, Nyuks, Overdose, Principe, Raldin, Simodine, Sreza, Subflict, Sysskyll, Tanz, Tulgaat, Tzoo, Unarmed, Utgardloki, Vig, Witchking, Xarnum, Zhenkira, Zonkers\',\'{L_NOTE}\' => \'Raid Attendance 6:00-7:00\',\'{L_VALUE}\' => \'1.00\',\'{L_ADDED_BY}\' => \'gsc\');','70.176.158.236','12293c73020dc53678aa3c7942b0b198','{L_SUCCESS}',1);
INSERT INTO `eqdkp_logs` VALUES (129,1159227797,'{L_ACTION_RAID_UPDATED}','$log_action = array(\'header\' => \'{L_ACTION_RAID_UPDATED}\',\'id\' => \'30\',\'{L_EVENT_BEFORE}\' => \'Blackwing Lair\',\'{L_ATTENDEES_BEFORE}\' => \'Alucarrd, Aurix, Bendeadlong, Berthelemy, Blangerdon, Dalehawkins, Desdemonda, Endevour, Forain, Hilltop, Hockee, Imprezzed, Jelandi, Karunaji, Kazgra, Lifeblood, Malanari, Malcontent, Malignance, Mallicia, Mindblade, Moofus, Mook, Moosby, Morphcow, Narik, Naydien, Nyuks, Overdose, Principe, Raldin, Simodine, Sreza, Subflict, Sysskyll, Tanz, Tulgaat, Tzoo, Unarmed, Utgardloki, Vig, Witchking, Xarnum, Zhenkira, Zonkers\',\'{L_NOTE_BEFORE}\' => \'Raid Attendance 6:00-7:00\',\'{L_VALUE_BEFORE}\' => \'1.00\',\'{L_EVENT_AFTER}\' => \'<span class=\\\"negative\\\">Ahn Qiraj</span>\',\'{L_ATTENDEES_AFTER}\' => \'Alucarrd, Aurix, Bendeadlong, Berthelemy, Blangerdon, Dalehawkins, Desdemonda, Endevour, Forain, Hilltop, Hockee, Imprezzed, Jelandi, Karunaji, Kazgra, Lifeblood, Malanari, Malcontent, Malignance, Mallicia, Mindblade, Moofus, Mook, Moosby, Morphcow, Narik, Naydien, Nyuks, Overdose, Principe, Raldin, Simodine, Sreza, Subflict, Sysskyll, Tanz, Tulgaat, Tzoo, Unarmed, Utgardloki, Vig, Witchking, Xarnum, Zhenkira, Zonkers\',\'{L_NOTE_AFTER}\' => \'Raid Attendance 6:00-7:00\',\'{L_VALUE_AFTER}\' => \'1.00\',\'{L_UPDATED_BY}\' => \'gsc\');','70.176.158.236','12293c73020dc53678aa3c7942b0b198','{L_SUCCESS}',1);
INSERT INTO `eqdkp_logs` VALUES (130,1159227820,'{L_ACTION_RAID_UPDATED}','$log_action = array(\'header\' => \'{L_ACTION_RAID_UPDATED}\',\'id\' => \'30\',\'{L_EVENT_BEFORE}\' => \'Ahn Qiraj\',\'{L_ATTENDEES_BEFORE}\' => \'Alucarrd, Aurix, Bendeadlong, Berthelemy, Blangerdon, Dalehawkins, Desdemonda, Endevour, Forain, Hilltop, Hockee, Imprezzed, Jelandi, Karunaji, Kazgra, Lifeblood, Malanari, Malcontent, Malignance, Mallicia, Mindblade, Moofus, Mook, Moosby, Morphcow, Narik, Naydien, Nyuks, Overdose, Principe, Raldin, Simodine, Sreza, Subflict, Sysskyll, Tanz, Tulgaat, Tzoo, Unarmed, Utgardloki, Vig, Witchking, Xarnum, Zhenkira, Zonkers\',\'{L_NOTE_BEFORE}\' => \'Raid Attendance 6:00-7:00\',\'{L_VALUE_BEFORE}\' => \'1.00\',\'{L_EVENT_AFTER}\' => \'<span class=\\\"negative\\\">Blackwing Lair</span>\',\'{L_ATTENDEES_AFTER}\' => \'Alucarrd, Aurix, Bendeadlong, Berthelemy, Blangerdon, Dalehawkins, Desdemonda, Endevour, Forain, Hilltop, Hockee, Imprezzed, Jelandi, Karunaji, Kazgra, Lifeblood, Malanari, Malcontent, Malignance, Mallicia, Mindblade, Moofus, Mook, Moosby, Morphcow, Narik, Naydien, Nyuks, Overdose, Principe, Raldin, Simodine, Sreza, Subflict, Sysskyll, Tanz, Tulgaat, Tzoo, Unarmed, Utgardloki, Vig, Witchking, Xarnum, Zhenkira, Zonkers\',\'{L_NOTE_AFTER}\' => \'Raid Attendance 6:00-7:00\',\'{L_VALUE_AFTER}\' => \'1.00\',\'{L_UPDATED_BY}\' => \'gsc\');','70.176.158.236','12293c73020dc53678aa3c7942b0b198','{L_SUCCESS}',1);
INSERT INTO `eqdkp_logs` VALUES (131,1159228173,'{L_ACTION_RAID_ADDED}','$log_action = array(\'header\' => \'{L_ACTION_RAID_ADDED}\',\'id\' => \'31\',\'{L_EVENT}\' => \'Blackwing Lair\',\'{L_ATTENDEES}\' => \'Alucarrd, Aurix, Bendeadlong, Berthelemy, Blangerdon, Dalehawkins, Desdemonda, Endevour, Forain, Hilltop, Hockee, Imprezzed, Jelandi, Karunaji, Kazgra, Lifeblood, Malanari, Malcontent, Malignance, Mallicia, Mindblade, Moofus, Mook, Moosby, Morphcow, Narik, Naydien, Nyuks, Overdose, Principe, Raldin, Simodine, Sreza, Subflict, Sysskyll, Tanz, Tulgaat, Tzoo, Unarmed, Utgardloki, Vig, Witchking, Xarnum, Zhenkira, Zonkers\',\'{L_NOTE}\' => \'Raid Attendance 8:00-9:00\',\'{L_VALUE}\' => \'1.00\',\'{L_ADDED_BY}\' => \'gsc\');','70.176.158.236','12293c73020dc53678aa3c7942b0b198','{L_SUCCESS}',1);
INSERT INTO `eqdkp_logs` VALUES (132,1159228187,'{L_ACTION_RAID_UPDATED}','$log_action = array(\'header\' => \'{L_ACTION_RAID_UPDATED}\',\'id\' => \'30\',\'{L_EVENT_BEFORE}\' => \'Blackwing Lair\',\'{L_ATTENDEES_BEFORE}\' => \'Alucarrd, Aurix, Bendeadlong, Berthelemy, Blangerdon, Dalehawkins, Desdemonda, Endevour, Forain, Hilltop, Hockee, Imprezzed, Jelandi, Karunaji, Kazgra, Lifeblood, Malanari, Malcontent, Malignance, Mallicia, Mindblade, Moofus, Mook, Moosby, Morphcow, Narik, Naydien, Nyuks, Overdose, Principe, Raldin, Simodine, Sreza, Subflict, Sysskyll, Tanz, Tulgaat, Tzoo, Unarmed, Utgardloki, Vig, Witchking, Xarnum, Zhenkira, Zonkers\',\'{L_NOTE_BEFORE}\' => \'Raid Attendance 6:00-7:00\',\'{L_VALUE_BEFORE}\' => \'1.00\',\'{L_EVENT_AFTER}\' => \'Blackwing Lair\',\'{L_ATTENDEES_AFTER}\' => \'Alucarrd, Aurix, Bendeadlong, Berthelemy, Blangerdon, Dalehawkins, Desdemonda, Endevour, Forain, Hilltop, Hockee, Imprezzed, Jelandi, Karunaji, Kazgra, Lifeblood, Malanari, Malcontent, Malignance, Mallicia, Mindblade, Moofus, Mook, Moosby, Morphcow, Narik, Naydien, Nyuks, Overdose, Principe, Raldin, Simodine, Sreza, Subflict, Sysskyll, Tanz, Tulgaat, Tzoo, Unarmed, Utgardloki, Vig, Witchking, Xarnum, Zhenkira, Zonkers\',\'{L_NOTE_AFTER}\' => \'<span class=\\\"negative\\\">Raid Attendance 7:00-8:00</span>\',\'{L_VALUE_AFTER}\' => \'1.00\',\'{L_UPDATED_BY}\' => \'gsc\');','70.176.158.236','12293c73020dc53678aa3c7942b0b198','{L_SUCCESS}',1);
INSERT INTO `eqdkp_logs` VALUES (133,1159228460,'{L_ACTION_RAID_ADDED}','$log_action = array(\'header\' => \'{L_ACTION_RAID_ADDED}\',\'id\' => \'32\',\'{L_EVENT}\' => \'Ahn Qiraj\',\'{L_ATTENDEES}\' => \'Alucarrd, Aurix, Bendeadlong, Berthelemy, Blangerdon, Dalehawkins, Desdemonda, Endevour, Forain, Hilltop, Hockee, Imprezzed, Jelandi, Karunaji, Kazgra, Lifeblood, Malanari, Malcontent, Malignance, Mallicia, Mindblade, Moofus, Mook, Moosby, Morphcow, Narik, Naydien, Nyuks, Overdose, Principe, Raldin, Simodine, Sreza, Subflict, Sysskyll, Tanz, Tulgaat, Tzoo, Unarmed, Utgardloki, Vig, Witchking, Xarnum, Zhenkira, Zonkers\',\'{L_NOTE}\' => \'Raid Attendance 9:00-10:00\',\'{L_VALUE}\' => \'1.00\',\'{L_ADDED_BY}\' => \'gsc\');','70.176.158.236','12293c73020dc53678aa3c7942b0b198','{L_SUCCESS}',1);
INSERT INTO `eqdkp_logs` VALUES (134,1159228504,'{L_ACTION_RAID_ADDED}','$log_action = array(\'header\' => \'{L_ACTION_RAID_ADDED}\',\'id\' => \'33\',\'{L_EVENT}\' => \'Ahn Qiraj\',\'{L_ATTENDEES}\' => \'Alucarrd, Aurix, Bendeadlong, Berthelemy, Blangerdon, Dalehawkins, Desdemonda, Endevour, Forain, Hilltop, Hockee, Imprezzed, Jelandi, Karunaji, Kazgra, Lifeblood, Malanari, Malcontent, Malignance, Mallicia, Mindblade, Moofus, Mook, Moosby, Morphcow, Narik, Naydien, Nyuks, Overdose, Principe, Raldin, Simodine, Sreza, Subflict, Sysskyll, Tanz, Tulgaat, Tzoo, Unarmed, Utgardloki, Vig, Witchking, Xarnum, Zhenkira, Zonkers\',\'{L_NOTE}\' => \'Raid Attendance 10:00-11:00\',\'{L_VALUE}\' => \'1.00\',\'{L_ADDED_BY}\' => \'gsc\');','70.176.158.236','12293c73020dc53678aa3c7942b0b198','{L_SUCCESS}',1);

--
-- Table structure for table `eqdkp_member_ranks`
--

CREATE TABLE `eqdkp_member_ranks` (
  `rank_id` smallint(5) unsigned NOT NULL,
  `rank_name` varchar(50) NOT NULL,
  `rank_hide` enum('0','1') NOT NULL default '0',
  `rank_prefix` varchar(75) NOT NULL default '',
  `rank_suffix` varchar(75) NOT NULL default '',
  UNIQUE KEY `rank_id` (`rank_id`)
);

--
-- Dumping data for table `eqdkp_member_ranks`
--

INSERT INTO `eqdkp_member_ranks` VALUES (0,'','0','','');
INSERT INTO `eqdkp_member_ranks` VALUES (1,'Member','0','','');

--
-- Table structure for table `eqdkp_member_user`
--

CREATE TABLE `eqdkp_member_user` (
  `member_id` smallint(5) unsigned NOT NULL,
  `user_id` smallint(5) unsigned NOT NULL,
  KEY `member_id` (`member_id`),
  KEY `user_id` (`user_id`)
);

--
-- Dumping data for table `eqdkp_member_user`
--


--
-- Table structure for table `eqdkp_members`
--

CREATE TABLE `eqdkp_members` (
  `member_id` smallint(5) unsigned NOT NULL,
  `member_name` varchar(30) NOT NULL,
  `member_earned` float(11,2) NOT NULL default '0.00',
  `member_spent` float(11,2) NOT NULL default '0.00',
  `member_adjustment` float(11,2) NOT NULL default '0.00',
  `member_status` enum('0','1') NOT NULL default '1',
  `member_firstraid` int(11) NOT NULL default '0',
  `member_lastraid` int(11) NOT NULL default '0',
  `member_raidcount` int(11) NOT NULL default '0',
  `member_level` tinyint(2) NOT NULL default '60',
  `member_race_id` smallint(3) unsigned NOT NULL default '0',
  `member_class_id` smallint(3) unsigned NOT NULL default '0',
  `member_rank_id` smallint(3) NOT NULL default '0',
  PRIMARY KEY  (`member_id`),
  UNIQUE KEY `member_name` (`member_name`)
);

--
-- Dumping data for table `eqdkp_members`
--

INSERT INTO `eqdkp_members` VALUES (1,'Afflicted',9.00,0.00,0.00,'1',1157937248,1158033988,7,0,0,0,0);
INSERT INTO `eqdkp_members` VALUES (2,'Aurix',19.00,0.00,0.00,'1',1157937248,1158814800,18,0,0,0,0);
INSERT INTO `eqdkp_members` VALUES (3,'Bendeadlong',34.00,0.00,0.00,'1',1157937248,1158814800,32,0,0,0,0);
INSERT INTO `eqdkp_members` VALUES (4,'Croog',24.00,0.00,0.00,'1',1157937248,1158634800,23,0,0,0,0);
INSERT INTO `eqdkp_members` VALUES (5,'Desdemonda',34.00,0.00,0.00,'1',1157937248,1158814800,32,0,0,0,0);
INSERT INTO `eqdkp_members` VALUES (6,'Halaster',29.00,0.00,0.00,'1',1157937248,1158728400,28,0,0,0,0);
INSERT INTO `eqdkp_members` VALUES (7,'Hockee',30.00,0.00,0.00,'1',1157937248,1158814800,29,0,0,0,0);
INSERT INTO `eqdkp_members` VALUES (8,'Imprezzed',29.00,0.00,0.00,'1',1157937248,1158814800,27,0,0,0,0);
INSERT INTO `eqdkp_members` VALUES (9,'Innouthule',16.00,0.00,0.00,'1',1157937248,1158555600,14,0,0,0,0);
INSERT INTO `eqdkp_members` VALUES (10,'Kadelthin',30.00,0.00,0.00,'1',1157937248,1158728400,29,0,0,0,0);
INSERT INTO `eqdkp_members` VALUES (11,'Karunaji',34.00,0.00,0.00,'1',1157937248,1158814800,32,0,0,0,0);
INSERT INTO `eqdkp_members` VALUES (12,'Kazgra',30.00,0.00,0.00,'1',1157937248,1158814800,28,0,0,0,0);
INSERT INTO `eqdkp_members` VALUES (13,'Krenshar',21.00,0.00,0.00,'1',1157937248,1158555600,19,0,0,0,0);
INSERT INTO `eqdkp_members` VALUES (14,'Lexanice',6.00,0.00,0.00,'1',1157937248,1158022296,5,0,0,0,0);
INSERT INTO `eqdkp_members` VALUES (15,'Lifeblood',30.00,0.00,0.00,'1',1157937248,1158814800,29,0,0,0,0);
INSERT INTO `eqdkp_members` VALUES (16,'Malanari',34.00,0.00,0.00,'1',1157937248,1158814800,32,0,0,0,0);
INSERT INTO `eqdkp_members` VALUES (17,'Malcontent',25.00,0.00,0.00,'1',1157937248,1158814800,24,0,0,0,0);
INSERT INTO `eqdkp_members` VALUES (18,'Malignance',34.00,0.00,0.00,'1',1157937248,1158814800,32,0,0,0,0);
INSERT INTO `eqdkp_members` VALUES (19,'Mindblade',23.00,0.00,0.00,'1',1157937248,1158814800,22,0,0,0,0);
INSERT INTO `eqdkp_members` VALUES (20,'Moofus',34.00,0.00,0.00,'1',1157937248,1158814800,32,0,0,0,0);
INSERT INTO `eqdkp_members` VALUES (21,'Mook',22.00,0.00,0.00,'1',1157937248,1158814800,21,0,0,0,0);
INSERT INTO `eqdkp_members` VALUES (22,'Moosby',34.00,0.00,0.00,'1',1157937248,1158814800,32,0,0,0,0);
INSERT INTO `eqdkp_members` VALUES (23,'Naydien',34.00,0.00,0.00,'1',1157937248,1158814800,32,0,0,0,0);
INSERT INTO `eqdkp_members` VALUES (24,'Nyuks',34.00,0.00,0.00,'1',1157937248,1158814800,32,0,0,0,0);
INSERT INTO `eqdkp_members` VALUES (25,'Overdose',34.00,0.00,0.00,'1',1157937248,1158814800,32,0,0,0,0);
INSERT INTO `eqdkp_members` VALUES (26,'Raldin',32.00,0.00,0.00,'1',1157937248,1158814800,31,0,0,0,0);
INSERT INTO `eqdkp_members` VALUES (27,'Simodine',33.00,0.00,0.00,'1',1157937248,1158814800,31,0,0,0,0);
INSERT INTO `eqdkp_members` VALUES (28,'Sreza',34.00,0.00,0.00,'1',1157937248,1158814800,32,0,0,0,0);
INSERT INTO `eqdkp_members` VALUES (29,'Subflict',26.00,0.00,0.00,'1',1157937248,1158814800,24,0,0,0,0);
INSERT INTO `eqdkp_members` VALUES (30,'Sufu',8.00,0.00,0.00,'1',1157937248,1158119520,7,0,0,0,0);
INSERT INTO `eqdkp_members` VALUES (31,'Swifteagle',21.00,0.00,0.00,'1',1157937248,1158728400,19,0,0,0,0);
INSERT INTO `eqdkp_members` VALUES (32,'Tanz',26.00,0.00,0.00,'1',1157937248,1158814800,24,0,0,0,0);
INSERT INTO `eqdkp_members` VALUES (33,'Tulgaat',31.00,0.00,0.00,'1',1157937248,1158814800,29,0,0,0,0);
INSERT INTO `eqdkp_members` VALUES (34,'Tzoo',34.00,0.00,0.00,'1',1157937248,1158814800,32,0,0,0,0);
INSERT INTO `eqdkp_members` VALUES (35,'Unarmed',34.00,0.00,0.00,'1',1157937248,1158814800,32,0,0,0,0);
INSERT INTO `eqdkp_members` VALUES (36,'Utgardloki',30.00,0.00,0.00,'1',1157937248,1158814800,28,0,0,0,0);
INSERT INTO `eqdkp_members` VALUES (37,'Vig',22.00,0.00,0.00,'1',1157937248,1158814800,21,0,0,0,0);
INSERT INTO `eqdkp_members` VALUES (38,'Witchking',34.00,0.00,0.00,'1',1157937248,1158814800,32,0,0,0,0);
INSERT INTO `eqdkp_members` VALUES (39,'Xarnum',34.00,0.00,0.00,'1',1157937248,1158814800,32,0,0,0,0);
INSERT INTO `eqdkp_members` VALUES (40,'Zhenkira',26.00,0.00,0.00,'1',1157937248,1158814800,26,0,0,0,0);
INSERT INTO `eqdkp_members` VALUES (41,'Hilltop',19.00,0.00,0.00,'1',1157941178,1158814800,17,0,0,0,0);
INSERT INTO `eqdkp_members` VALUES (42,'Blangerdon',34.00,0.00,0.00,'1',1157937248,1158814800,32,0,0,0,0);
INSERT INTO `eqdkp_members` VALUES (43,'Jelandi',30.00,0.00,0.00,'1',1157937248,1158814800,29,1,0,0,0);
INSERT INTO `eqdkp_members` VALUES (44,'Schittle',12.00,0.00,0.00,'1',1157937248,1158728400,12,1,0,0,0);
INSERT INTO `eqdkp_members` VALUES (45,'Ambel',21.00,0.00,0.00,'1',1158026822,1158728400,20,0,0,0,0);
INSERT INTO `eqdkp_members` VALUES (46,'Dalehawkins',29.00,0.00,0.00,'1',1158026822,1158814800,28,0,0,0,0);
INSERT INTO `eqdkp_members` VALUES (47,'Mackstab',21.00,0.00,0.00,'1',1158026822,1158728400,20,0,0,0,0);
INSERT INTO `eqdkp_members` VALUES (48,'Mallicia',23.00,0.00,0.00,'1',1158026822,1158814800,22,0,0,0,0);
INSERT INTO `eqdkp_members` VALUES (49,'Melisela',12.00,0.00,0.00,'1',1158026822,1158728400,11,0,0,0,0);
INSERT INTO `eqdkp_members` VALUES (50,'Morphcow',29.00,0.00,0.00,'1',1158026822,1158814800,28,0,0,0,0);
INSERT INTO `eqdkp_members` VALUES (51,'Narik',29.00,0.00,0.00,'1',1158026822,1158814800,28,0,0,0,0);
INSERT INTO `eqdkp_members` VALUES (52,'Ronashi',12.00,0.00,0.00,'1',1158026822,1158728400,11,0,0,0,0);
INSERT INTO `eqdkp_members` VALUES (53,'Vaevictis',16.00,0.00,0.00,'1',1158026822,1158728400,15,0,0,0,0);
INSERT INTO `eqdkp_members` VALUES (54,'Endevour',21.00,0.00,0.00,'1',1158022296,1158814800,21,1,0,0,0);
INSERT INTO `eqdkp_members` VALUES (55,'Forain',16.00,0.00,0.00,'1',1158022296,1158814800,16,1,0,0,0);
INSERT INTO `eqdkp_members` VALUES (56,'Mief',12.00,0.00,0.00,'1',1158112421,1158728400,12,0,0,0,0);
INSERT INTO `eqdkp_members` VALUES (57,'Vassili',8.00,0.00,0.00,'1',1158112421,1158203308,8,0,0,0,0);
INSERT INTO `eqdkp_members` VALUES (58,'Zonkers',8.00,0.00,0.00,'1',1158112421,1158814800,8,0,0,0,0);
INSERT INTO `eqdkp_members` VALUES (59,'Alucarrd',25.00,0.00,0.00,'1',1158112421,1158814800,25,1,0,0,0);
INSERT INTO `eqdkp_members` VALUES (60,'Berthelemy',12.00,0.00,0.00,'1',1158195661,1158814800,12,0,0,0,0);
INSERT INTO `eqdkp_members` VALUES (61,'Motulak',5.00,0.00,0.00,'1',1158541200,1158555600,5,1,0,0,0);
INSERT INTO `eqdkp_members` VALUES (62,'Sysskyll',17.00,0.00,0.00,'1',1158541200,1158814800,17,1,0,0,0);
INSERT INTO `eqdkp_members` VALUES (64,'Zeruhl',8.00,0.00,0.00,'1',1158627600,1158728400,8,1,0,0,0);
INSERT INTO `eqdkp_members` VALUES (65,'Principe',8.00,0.00,0.00,'1',1158717600,1158814800,8,1,0,0,0);

--
-- Table structure for table `eqdkp_news`
--

CREATE TABLE `eqdkp_news` (
  `news_id` smallint(5) unsigned NOT NULL,
  `news_headline` varchar(255) NOT NULL,
  `news_message` text NOT NULL,
  `news_date` int(11) NOT NULL,
  `user_id` smallint(5) unsigned NOT NULL,
  PRIMARY KEY  (`news_id`),
  KEY `user_id` (`user_id`)
);

--
-- Dumping data for table `eqdkp_news`
--


--
-- Table structure for table `eqdkp_plugins`
--

CREATE TABLE `eqdkp_plugins` (
  `plugin_id` smallint(2) unsigned NOT NULL,
  `plugin_name` varchar(50) NOT NULL,
  `plugin_code` varchar(20) NOT NULL,
  `plugin_installed` enum('0','1') NOT NULL default '0',
  `plugin_path` varchar(255) NOT NULL,
  `plugin_contact` varchar(100) default NULL,
  `plugin_version` varchar(7) NOT NULL,
  PRIMARY KEY  (`plugin_id`),
  KEY `plugin_code` (`plugin_code`)
);

--
-- Dumping data for table `eqdkp_plugins`
--

INSERT INTO `eqdkp_plugins` VALUES (1,'CT_RaidTrackerImport','ctrt','1','ctrt','CTRaidTrackerImport@freddy.eu.org','1.11');
INSERT INTO `eqdkp_plugins` VALUES (2,'DKP Log Parser','dkplp','1','dkplp','dkplp@lokorin.com','1.3.0');
INSERT INTO `eqdkp_plugins` VALUES (3,'Raid Planner','raidplan','1','raidplan','a.stranger@gmx.net','0.1RC2');
INSERT INTO `eqdkp_plugins` VALUES (4,'Raid Banker','raidbanker','1','raidbanker','webmaster@wallenium.de','0.2.7');
INSERT INTO `eqdkp_plugins` VALUES (5,'Balancer','balancer','0','balancer','balancer@lokorin.com','1.1.1a');
INSERT INTO `eqdkp_plugins` VALUES (6,'EQdkp Bossprogress','bossprogress','0','bossprogress','doom.am@gmx.de','1.0');
INSERT INTO `eqdkp_plugins` VALUES (7,'Item Specials','itemspecials','0','itemspecials','webmaster@wallenium.de','1.0.0RC');
INSERT INTO `eqdkp_plugins` VALUES (8,'DKPHost Links v1','links','0','links','support@dkphost.net','0');
INSERT INTO `eqdkp_plugins` VALUES (9,'EQdkp Raid Progression','rp','0','rp','plugins@unholyaura.com','2.0');
INSERT INTO `eqdkp_plugins` VALUES (10,'Set Progress','setprogress','0','setprogress','loganfive@blacktower.com','1.0.5');
INSERT INTO `eqdkp_plugins` VALUES (11,'Sow Stats v1.0.3','sowstats','0','sowstats','fuzzbal@scienceofwar.net','0');
INSERT INTO `eqdkp_plugins` VALUES (12,'CNSDEV Tradeskills','ts','0','ts','cns@cnsdev.dk','0.96Bet');

--
-- Table structure for table `eqdkp_races`
--

CREATE TABLE `eqdkp_races` (
  `race_id` smallint(3) unsigned NOT NULL,
  `race_name` varchar(50) NOT NULL,
  `race_faction_id` smallint(3) NOT NULL default '0',
  `race_hide` enum('0','1') NOT NULL default '0',
  PRIMARY KEY  (`race_id`),
  UNIQUE KEY `race_id` (`race_id`)
);

--
-- Dumping data for table `eqdkp_races`
--

INSERT INTO `eqdkp_races` VALUES (0,'Unknown',0,'0');
INSERT INTO `eqdkp_races` VALUES (1,'Gnome',0,'0');
INSERT INTO `eqdkp_races` VALUES (2,'Human',0,'0');
INSERT INTO `eqdkp_races` VALUES (3,'Dwarf',0,'0');
INSERT INTO `eqdkp_races` VALUES (4,'Night Elf',0,'0');
INSERT INTO `eqdkp_races` VALUES (5,'Troll',0,'0');
INSERT INTO `eqdkp_races` VALUES (6,'Undead',0,'0');
INSERT INTO `eqdkp_races` VALUES (7,'Orc',0,'0');
INSERT INTO `eqdkp_races` VALUES (8,'Tauren',0,'0');

--
-- Table structure for table `eqdkp_raid_attendees`
--

CREATE TABLE `eqdkp_raid_attendees` (
  `raid_id` mediumint(8) unsigned NOT NULL,
  `member_name` varchar(30) NOT NULL,
  KEY `raid_id` (`raid_id`),
  KEY `member_name` (`member_name`)
);

--
-- Dumping data for table `eqdkp_raid_attendees`
--

INSERT INTO `eqdkp_raid_attendees` VALUES (1,'Afflicted');
INSERT INTO `eqdkp_raid_attendees` VALUES (1,'Aurix');
INSERT INTO `eqdkp_raid_attendees` VALUES (1,'Bendeadlong');
INSERT INTO `eqdkp_raid_attendees` VALUES (1,'Blangerdon');
INSERT INTO `eqdkp_raid_attendees` VALUES (1,'Croog');
INSERT INTO `eqdkp_raid_attendees` VALUES (1,'Desdemonda');
INSERT INTO `eqdkp_raid_attendees` VALUES (1,'Halaster');
INSERT INTO `eqdkp_raid_attendees` VALUES (1,'Hockee');
INSERT INTO `eqdkp_raid_attendees` VALUES (1,'Imprezzed');
INSERT INTO `eqdkp_raid_attendees` VALUES (1,'Innouthule');
INSERT INTO `eqdkp_raid_attendees` VALUES (1,'Jelandi');
INSERT INTO `eqdkp_raid_attendees` VALUES (1,'Kadelthin');
INSERT INTO `eqdkp_raid_attendees` VALUES (1,'Karunaji');
INSERT INTO `eqdkp_raid_attendees` VALUES (1,'Kazgra');
INSERT INTO `eqdkp_raid_attendees` VALUES (1,'Krenshar');
INSERT INTO `eqdkp_raid_attendees` VALUES (1,'Lexanice');
INSERT INTO `eqdkp_raid_attendees` VALUES (1,'Lifeblood');
INSERT INTO `eqdkp_raid_attendees` VALUES (1,'Malanari');
INSERT INTO `eqdkp_raid_attendees` VALUES (1,'Malcontent');
INSERT INTO `eqdkp_raid_attendees` VALUES (1,'Malignance');
INSERT INTO `eqdkp_raid_attendees` VALUES (1,'Mindblade');
INSERT INTO `eqdkp_raid_attendees` VALUES (1,'Moofus');
INSERT INTO `eqdkp_raid_attendees` VALUES (1,'Mook');
INSERT INTO `eqdkp_raid_attendees` VALUES (1,'Moosby');
INSERT INTO `eqdkp_raid_attendees` VALUES (1,'Naydien');
INSERT INTO `eqdkp_raid_attendees` VALUES (1,'Nyuks');
INSERT INTO `eqdkp_raid_attendees` VALUES (1,'Overdose');
INSERT INTO `eqdkp_raid_attendees` VALUES (1,'Raldin');
INSERT INTO `eqdkp_raid_attendees` VALUES (1,'Schittle');
INSERT INTO `eqdkp_raid_attendees` VALUES (1,'Simodine');
INSERT INTO `eqdkp_raid_attendees` VALUES (1,'Sreza');
INSERT INTO `eqdkp_raid_attendees` VALUES (1,'Subflict');
INSERT INTO `eqdkp_raid_attendees` VALUES (1,'Sufu');
INSERT INTO `eqdkp_raid_attendees` VALUES (1,'Swifteagle');
INSERT INTO `eqdkp_raid_attendees` VALUES (1,'Tanz');
INSERT INTO `eqdkp_raid_attendees` VALUES (1,'Tulgaat');
INSERT INTO `eqdkp_raid_attendees` VALUES (1,'Tzoo');
INSERT INTO `eqdkp_raid_attendees` VALUES (1,'Unarmed');
INSERT INTO `eqdkp_raid_attendees` VALUES (1,'Utgardloki');
INSERT INTO `eqdkp_raid_attendees` VALUES (1,'Vig');
INSERT INTO `eqdkp_raid_attendees` VALUES (1,'Witchking');
INSERT INTO `eqdkp_raid_attendees` VALUES (1,'Xarnum');
INSERT INTO `eqdkp_raid_attendees` VALUES (1,'Zhenkira');
INSERT INTO `eqdkp_raid_attendees` VALUES (2,'Afflicted');
INSERT INTO `eqdkp_raid_attendees` VALUES (2,'Aurix');
INSERT INTO `eqdkp_raid_attendees` VALUES (2,'Bendeadlong');
INSERT INTO `eqdkp_raid_attendees` VALUES (2,'Blangerdon');
INSERT INTO `eqdkp_raid_attendees` VALUES (2,'Croog');
INSERT INTO `eqdkp_raid_attendees` VALUES (2,'Desdemonda');
INSERT INTO `eqdkp_raid_attendees` VALUES (2,'Halaster');
INSERT INTO `eqdkp_raid_attendees` VALUES (2,'Hilltop');
INSERT INTO `eqdkp_raid_attendees` VALUES (2,'Hockee');
INSERT INTO `eqdkp_raid_attendees` VALUES (2,'Imprezzed');
INSERT INTO `eqdkp_raid_attendees` VALUES (2,'Innouthule');
INSERT INTO `eqdkp_raid_attendees` VALUES (2,'Jelandi');
INSERT INTO `eqdkp_raid_attendees` VALUES (2,'Kadelthin');
INSERT INTO `eqdkp_raid_attendees` VALUES (2,'Karunaji');
INSERT INTO `eqdkp_raid_attendees` VALUES (2,'Kazgra');
INSERT INTO `eqdkp_raid_attendees` VALUES (2,'Krenshar');
INSERT INTO `eqdkp_raid_attendees` VALUES (2,'Lexanice');
INSERT INTO `eqdkp_raid_attendees` VALUES (2,'Lifeblood');
INSERT INTO `eqdkp_raid_attendees` VALUES (2,'Malanari');
INSERT INTO `eqdkp_raid_attendees` VALUES (2,'Malcontent');
INSERT INTO `eqdkp_raid_attendees` VALUES (2,'Malignance');
INSERT INTO `eqdkp_raid_attendees` VALUES (2,'Mindblade');
INSERT INTO `eqdkp_raid_attendees` VALUES (2,'Moofus');
INSERT INTO `eqdkp_raid_attendees` VALUES (2,'Mook');
INSERT INTO `eqdkp_raid_attendees` VALUES (2,'Moosby');
INSERT INTO `eqdkp_raid_attendees` VALUES (2,'Naydien');
INSERT INTO `eqdkp_raid_attendees` VALUES (2,'Nyuks');
INSERT INTO `eqdkp_raid_attendees` VALUES (2,'Overdose');
INSERT INTO `eqdkp_raid_attendees` VALUES (2,'Raldin');
INSERT INTO `eqdkp_raid_attendees` VALUES (2,'Schittle');
INSERT INTO `eqdkp_raid_attendees` VALUES (2,'Simodine');
INSERT INTO `eqdkp_raid_attendees` VALUES (2,'Sreza');
INSERT INTO `eqdkp_raid_attendees` VALUES (2,'Subflict');
INSERT INTO `eqdkp_raid_attendees` VALUES (2,'Swifteagle');
INSERT INTO `eqdkp_raid_attendees` VALUES (2,'Tanz');
INSERT INTO `eqdkp_raid_attendees` VALUES (2,'Tulgaat');
INSERT INTO `eqdkp_raid_attendees` VALUES (2,'Tzoo');
INSERT INTO `eqdkp_raid_attendees` VALUES (2,'Unarmed');
INSERT INTO `eqdkp_raid_attendees` VALUES (2,'Utgardloki');
INSERT INTO `eqdkp_raid_attendees` VALUES (2,'Vig');
INSERT INTO `eqdkp_raid_attendees` VALUES (2,'Witchking');
INSERT INTO `eqdkp_raid_attendees` VALUES (2,'Xarnum');
INSERT INTO `eqdkp_raid_attendees` VALUES (3,'Afflicted');
INSERT INTO `eqdkp_raid_attendees` VALUES (3,'Aurix');
INSERT INTO `eqdkp_raid_attendees` VALUES (3,'Bendeadlong');
INSERT INTO `eqdkp_raid_attendees` VALUES (3,'Blangerdon');
INSERT INTO `eqdkp_raid_attendees` VALUES (3,'Croog');
INSERT INTO `eqdkp_raid_attendees` VALUES (3,'Desdemonda');
INSERT INTO `eqdkp_raid_attendees` VALUES (3,'Halaster');
INSERT INTO `eqdkp_raid_attendees` VALUES (3,'Hilltop');
INSERT INTO `eqdkp_raid_attendees` VALUES (3,'Hockee');
INSERT INTO `eqdkp_raid_attendees` VALUES (3,'Imprezzed');
INSERT INTO `eqdkp_raid_attendees` VALUES (3,'Innouthule');
INSERT INTO `eqdkp_raid_attendees` VALUES (3,'Jelandi');
INSERT INTO `eqdkp_raid_attendees` VALUES (3,'Kadelthin');
INSERT INTO `eqdkp_raid_attendees` VALUES (3,'Karunaji');
INSERT INTO `eqdkp_raid_attendees` VALUES (3,'Kazgra');
INSERT INTO `eqdkp_raid_attendees` VALUES (3,'Krenshar');
INSERT INTO `eqdkp_raid_attendees` VALUES (3,'Lexanice');
INSERT INTO `eqdkp_raid_attendees` VALUES (3,'Lifeblood');
INSERT INTO `eqdkp_raid_attendees` VALUES (3,'Malanari');
INSERT INTO `eqdkp_raid_attendees` VALUES (3,'Malcontent');
INSERT INTO `eqdkp_raid_attendees` VALUES (3,'Malignance');
INSERT INTO `eqdkp_raid_attendees` VALUES (3,'Mindblade');
INSERT INTO `eqdkp_raid_attendees` VALUES (3,'Moofus');
INSERT INTO `eqdkp_raid_attendees` VALUES (3,'Mook');
INSERT INTO `eqdkp_raid_attendees` VALUES (3,'Moosby');
INSERT INTO `eqdkp_raid_attendees` VALUES (3,'Naydien');
INSERT INTO `eqdkp_raid_attendees` VALUES (3,'Nyuks');
INSERT INTO `eqdkp_raid_attendees` VALUES (3,'Overdose');
INSERT INTO `eqdkp_raid_attendees` VALUES (3,'Raldin');
INSERT INTO `eqdkp_raid_attendees` VALUES (3,'Schittle');
INSERT INTO `eqdkp_raid_attendees` VALUES (3,'Simodine');
INSERT INTO `eqdkp_raid_attendees` VALUES (3,'Sreza');
INSERT INTO `eqdkp_raid_attendees` VALUES (3,'Subflict');
INSERT INTO `eqdkp_raid_attendees` VALUES (3,'Swifteagle');
INSERT INTO `eqdkp_raid_attendees` VALUES (3,'Tanz');
INSERT INTO `eqdkp_raid_attendees` VALUES (3,'Tulgaat');
INSERT INTO `eqdkp_raid_attendees` VALUES (3,'Tzoo');
INSERT INTO `eqdkp_raid_attendees` VALUES (3,'Unarmed');
INSERT INTO `eqdkp_raid_attendees` VALUES (3,'Utgardloki');
INSERT INTO `eqdkp_raid_attendees` VALUES (3,'Vig');
INSERT INTO `eqdkp_raid_attendees` VALUES (3,'Witchking');
INSERT INTO `eqdkp_raid_attendees` VALUES (3,'Xarnum');
INSERT INTO `eqdkp_raid_attendees` VALUES (4,'Afflicted');
INSERT INTO `eqdkp_raid_attendees` VALUES (4,'Aurix');
INSERT INTO `eqdkp_raid_attendees` VALUES (4,'Bendeadlong');
INSERT INTO `eqdkp_raid_attendees` VALUES (4,'Blangerdon');
INSERT INTO `eqdkp_raid_attendees` VALUES (4,'Croog');
INSERT INTO `eqdkp_raid_attendees` VALUES (4,'Desdemonda');
INSERT INTO `eqdkp_raid_attendees` VALUES (4,'Halaster');
INSERT INTO `eqdkp_raid_attendees` VALUES (4,'Hilltop');
INSERT INTO `eqdkp_raid_attendees` VALUES (4,'Hockee');
INSERT INTO `eqdkp_raid_attendees` VALUES (4,'Imprezzed');
INSERT INTO `eqdkp_raid_attendees` VALUES (4,'Innouthule');
INSERT INTO `eqdkp_raid_attendees` VALUES (4,'Jelandi');
INSERT INTO `eqdkp_raid_attendees` VALUES (4,'Kadelthin');
INSERT INTO `eqdkp_raid_attendees` VALUES (4,'Karunaji');
INSERT INTO `eqdkp_raid_attendees` VALUES (4,'Kazgra');
INSERT INTO `eqdkp_raid_attendees` VALUES (4,'Krenshar');
INSERT INTO `eqdkp_raid_attendees` VALUES (4,'Lexanice');
INSERT INTO `eqdkp_raid_attendees` VALUES (4,'Lifeblood');
INSERT INTO `eqdkp_raid_attendees` VALUES (4,'Malanari');
INSERT INTO `eqdkp_raid_attendees` VALUES (4,'Malcontent');
INSERT INTO `eqdkp_raid_attendees` VALUES (4,'Malignance');
INSERT INTO `eqdkp_raid_attendees` VALUES (4,'Mindblade');
INSERT INTO `eqdkp_raid_attendees` VALUES (4,'Moofus');
INSERT INTO `eqdkp_raid_attendees` VALUES (4,'Mook');
INSERT INTO `eqdkp_raid_attendees` VALUES (4,'Moosby');
INSERT INTO `eqdkp_raid_attendees` VALUES (4,'Naydien');
INSERT INTO `eqdkp_raid_attendees` VALUES (4,'Nyuks');
INSERT INTO `eqdkp_raid_attendees` VALUES (4,'Overdose');
INSERT INTO `eqdkp_raid_attendees` VALUES (4,'Raldin');
INSERT INTO `eqdkp_raid_attendees` VALUES (4,'Schittle');
INSERT INTO `eqdkp_raid_attendees` VALUES (4,'Simodine');
INSERT INTO `eqdkp_raid_attendees` VALUES (4,'Sreza');
INSERT INTO `eqdkp_raid_attendees` VALUES (4,'Subflict');
INSERT INTO `eqdkp_raid_attendees` VALUES (4,'Swifteagle');
INSERT INTO `eqdkp_raid_attendees` VALUES (4,'Tanz');
INSERT INTO `eqdkp_raid_attendees` VALUES (4,'Tulgaat');
INSERT INTO `eqdkp_raid_attendees` VALUES (4,'Tzoo');
INSERT INTO `eqdkp_raid_attendees` VALUES (4,'Unarmed');
INSERT INTO `eqdkp_raid_attendees` VALUES (4,'Utgardloki');
INSERT INTO `eqdkp_raid_attendees` VALUES (4,'Vig');
INSERT INTO `eqdkp_raid_attendees` VALUES (4,'Witchking');
INSERT INTO `eqdkp_raid_attendees` VALUES (4,'Xarnum');
INSERT INTO `eqdkp_raid_attendees` VALUES (5,'Afflicted');
INSERT INTO `eqdkp_raid_attendees` VALUES (5,'Ambel');
INSERT INTO `eqdkp_raid_attendees` VALUES (5,'Aurix');
INSERT INTO `eqdkp_raid_attendees` VALUES (5,'Bendeadlong');
INSERT INTO `eqdkp_raid_attendees` VALUES (5,'Blangerdon');
INSERT INTO `eqdkp_raid_attendees` VALUES (5,'Dalehawkins');
INSERT INTO `eqdkp_raid_attendees` VALUES (5,'Desdemonda');
INSERT INTO `eqdkp_raid_attendees` VALUES (5,'Endevour');
INSERT INTO `eqdkp_raid_attendees` VALUES (5,'Forain');
INSERT INTO `eqdkp_raid_attendees` VALUES (5,'Halaster');
INSERT INTO `eqdkp_raid_attendees` VALUES (5,'Hilltop');
INSERT INTO `eqdkp_raid_attendees` VALUES (5,'Imprezzed');
INSERT INTO `eqdkp_raid_attendees` VALUES (5,'Jelandi');
INSERT INTO `eqdkp_raid_attendees` VALUES (5,'Kadelthin');
INSERT INTO `eqdkp_raid_attendees` VALUES (5,'Karunaji');
INSERT INTO `eqdkp_raid_attendees` VALUES (5,'Kazgra');
INSERT INTO `eqdkp_raid_attendees` VALUES (5,'Krenshar');
INSERT INTO `eqdkp_raid_attendees` VALUES (5,'Lexanice');
INSERT INTO `eqdkp_raid_attendees` VALUES (5,'Lifeblood');
INSERT INTO `eqdkp_raid_attendees` VALUES (5,'Mackstab');
INSERT INTO `eqdkp_raid_attendees` VALUES (5,'Malanari');
INSERT INTO `eqdkp_raid_attendees` VALUES (5,'Malcontent');
INSERT INTO `eqdkp_raid_attendees` VALUES (5,'Malignance');
INSERT INTO `eqdkp_raid_attendees` VALUES (5,'Mallicia');
INSERT INTO `eqdkp_raid_attendees` VALUES (5,'Melisela');
INSERT INTO `eqdkp_raid_attendees` VALUES (5,'Mindblade');
INSERT INTO `eqdkp_raid_attendees` VALUES (5,'Moofus');
INSERT INTO `eqdkp_raid_attendees` VALUES (5,'Moosby');
INSERT INTO `eqdkp_raid_attendees` VALUES (5,'Morphcow');
INSERT INTO `eqdkp_raid_attendees` VALUES (5,'Narik');
INSERT INTO `eqdkp_raid_attendees` VALUES (5,'Naydien');
INSERT INTO `eqdkp_raid_attendees` VALUES (5,'Nyuks');
INSERT INTO `eqdkp_raid_attendees` VALUES (5,'Overdose');
INSERT INTO `eqdkp_raid_attendees` VALUES (5,'Raldin');
INSERT INTO `eqdkp_raid_attendees` VALUES (5,'Ronashi');
INSERT INTO `eqdkp_raid_attendees` VALUES (5,'Simodine');
INSERT INTO `eqdkp_raid_attendees` VALUES (5,'Sreza');
INSERT INTO `eqdkp_raid_attendees` VALUES (5,'Subflict');
INSERT INTO `eqdkp_raid_attendees` VALUES (5,'Sufu');
INSERT INTO `eqdkp_raid_attendees` VALUES (5,'Tanz');
INSERT INTO `eqdkp_raid_attendees` VALUES (5,'Tulgaat');
INSERT INTO `eqdkp_raid_attendees` VALUES (5,'Tzoo');
INSERT INTO `eqdkp_raid_attendees` VALUES (5,'Unarmed');
INSERT INTO `eqdkp_raid_attendees` VALUES (5,'Utgardloki');
INSERT INTO `eqdkp_raid_attendees` VALUES (5,'Vaevictis');
INSERT INTO `eqdkp_raid_attendees` VALUES (5,'Witchking');
INSERT INTO `eqdkp_raid_attendees` VALUES (5,'Xarnum');
INSERT INTO `eqdkp_raid_attendees` VALUES (6,'Afflicted');
INSERT INTO `eqdkp_raid_attendees` VALUES (6,'Ambel');
INSERT INTO `eqdkp_raid_attendees` VALUES (6,'Bendeadlong');
INSERT INTO `eqdkp_raid_attendees` VALUES (6,'Blangerdon');
INSERT INTO `eqdkp_raid_attendees` VALUES (6,'Dalehawkins');
INSERT INTO `eqdkp_raid_attendees` VALUES (6,'Desdemonda');
INSERT INTO `eqdkp_raid_attendees` VALUES (6,'Endevour');
INSERT INTO `eqdkp_raid_attendees` VALUES (6,'Forain');
INSERT INTO `eqdkp_raid_attendees` VALUES (6,'Halaster');
INSERT INTO `eqdkp_raid_attendees` VALUES (6,'Hilltop');
INSERT INTO `eqdkp_raid_attendees` VALUES (6,'Imprezzed');
INSERT INTO `eqdkp_raid_attendees` VALUES (6,'Innouthule');
INSERT INTO `eqdkp_raid_attendees` VALUES (6,'Jelandi');
INSERT INTO `eqdkp_raid_attendees` VALUES (6,'Kadelthin');
INSERT INTO `eqdkp_raid_attendees` VALUES (6,'Karunaji');
INSERT INTO `eqdkp_raid_attendees` VALUES (6,'Kazgra');
INSERT INTO `eqdkp_raid_attendees` VALUES (6,'Krenshar');
INSERT INTO `eqdkp_raid_attendees` VALUES (6,'Lifeblood');
INSERT INTO `eqdkp_raid_attendees` VALUES (6,'Mackstab');
INSERT INTO `eqdkp_raid_attendees` VALUES (6,'Malanari');
INSERT INTO `eqdkp_raid_attendees` VALUES (6,'Malcontent');
INSERT INTO `eqdkp_raid_attendees` VALUES (6,'Malignance');
INSERT INTO `eqdkp_raid_attendees` VALUES (6,'Mallicia');
INSERT INTO `eqdkp_raid_attendees` VALUES (6,'Melisela');
INSERT INTO `eqdkp_raid_attendees` VALUES (6,'Moofus');
INSERT INTO `eqdkp_raid_attendees` VALUES (6,'Moosby');
INSERT INTO `eqdkp_raid_attendees` VALUES (6,'Morphcow');
INSERT INTO `eqdkp_raid_attendees` VALUES (6,'Narik');
INSERT INTO `eqdkp_raid_attendees` VALUES (6,'Naydien');
INSERT INTO `eqdkp_raid_attendees` VALUES (6,'Nyuks');
INSERT INTO `eqdkp_raid_attendees` VALUES (6,'Overdose');
INSERT INTO `eqdkp_raid_attendees` VALUES (6,'Ronashi');
INSERT INTO `eqdkp_raid_attendees` VALUES (6,'Simodine');
INSERT INTO `eqdkp_raid_attendees` VALUES (6,'Sreza');
INSERT INTO `eqdkp_raid_attendees` VALUES (6,'Subflict');
INSERT INTO `eqdkp_raid_attendees` VALUES (6,'Sufu');
INSERT INTO `eqdkp_raid_attendees` VALUES (6,'Swifteagle');
INSERT INTO `eqdkp_raid_attendees` VALUES (6,'Tanz');
INSERT INTO `eqdkp_raid_attendees` VALUES (6,'Tulgaat');
INSERT INTO `eqdkp_raid_attendees` VALUES (6,'Tzoo');
INSERT INTO `eqdkp_raid_attendees` VALUES (6,'Unarmed');
INSERT INTO `eqdkp_raid_attendees` VALUES (6,'Utgardloki');
INSERT INTO `eqdkp_raid_attendees` VALUES (6,'Vaevictis');
INSERT INTO `eqdkp_raid_attendees` VALUES (6,'Witchking');
INSERT INTO `eqdkp_raid_attendees` VALUES (6,'Xarnum');
INSERT INTO `eqdkp_raid_attendees` VALUES (7,'Afflicted');
INSERT INTO `eqdkp_raid_attendees` VALUES (7,'Bendeadlong');
INSERT INTO `eqdkp_raid_attendees` VALUES (7,'Blangerdon');
INSERT INTO `eqdkp_raid_attendees` VALUES (7,'Croog');
INSERT INTO `eqdkp_raid_attendees` VALUES (7,'Dalehawkins');
INSERT INTO `eqdkp_raid_attendees` VALUES (7,'Desdemonda');
INSERT INTO `eqdkp_raid_attendees` VALUES (7,'Endevour');
INSERT INTO `eqdkp_raid_attendees` VALUES (7,'Forain');
INSERT INTO `eqdkp_raid_attendees` VALUES (7,'Halaster');
INSERT INTO `eqdkp_raid_attendees` VALUES (7,'Hilltop');
INSERT INTO `eqdkp_raid_attendees` VALUES (7,'Imprezzed');
INSERT INTO `eqdkp_raid_attendees` VALUES (7,'Innouthule');
INSERT INTO `eqdkp_raid_attendees` VALUES (7,'Jelandi');
INSERT INTO `eqdkp_raid_attendees` VALUES (7,'Kadelthin');
INSERT INTO `eqdkp_raid_attendees` VALUES (7,'Karunaji');
INSERT INTO `eqdkp_raid_attendees` VALUES (7,'Kazgra');
INSERT INTO `eqdkp_raid_attendees` VALUES (7,'Krenshar');
INSERT INTO `eqdkp_raid_attendees` VALUES (7,'Lifeblood');
INSERT INTO `eqdkp_raid_attendees` VALUES (7,'Mackstab');
INSERT INTO `eqdkp_raid_attendees` VALUES (7,'Malanari');
INSERT INTO `eqdkp_raid_attendees` VALUES (7,'Malcontent');
INSERT INTO `eqdkp_raid_attendees` VALUES (7,'Malignance');
INSERT INTO `eqdkp_raid_attendees` VALUES (7,'Mallicia');
INSERT INTO `eqdkp_raid_attendees` VALUES (7,'Melisela');
INSERT INTO `eqdkp_raid_attendees` VALUES (7,'Moofus');
INSERT INTO `eqdkp_raid_attendees` VALUES (7,'Moosby');
INSERT INTO `eqdkp_raid_attendees` VALUES (7,'Morphcow');
INSERT INTO `eqdkp_raid_attendees` VALUES (7,'Narik');
INSERT INTO `eqdkp_raid_attendees` VALUES (7,'Naydien');
INSERT INTO `eqdkp_raid_attendees` VALUES (7,'Nyuks');
INSERT INTO `eqdkp_raid_attendees` VALUES (7,'Overdose');
INSERT INTO `eqdkp_raid_attendees` VALUES (7,'Ronashi');
INSERT INTO `eqdkp_raid_attendees` VALUES (7,'Simodine');
INSERT INTO `eqdkp_raid_attendees` VALUES (7,'Sreza');
INSERT INTO `eqdkp_raid_attendees` VALUES (7,'Subflict');
INSERT INTO `eqdkp_raid_attendees` VALUES (7,'Sufu');
INSERT INTO `eqdkp_raid_attendees` VALUES (7,'Swifteagle');
INSERT INTO `eqdkp_raid_attendees` VALUES (7,'Tanz');
INSERT INTO `eqdkp_raid_attendees` VALUES (7,'Tulgaat');
INSERT INTO `eqdkp_raid_attendees` VALUES (7,'Tzoo');
INSERT INTO `eqdkp_raid_attendees` VALUES (7,'Unarmed');
INSERT INTO `eqdkp_raid_attendees` VALUES (7,'Utgardloki');
INSERT INTO `eqdkp_raid_attendees` VALUES (7,'Vaevictis');
INSERT INTO `eqdkp_raid_attendees` VALUES (7,'Witchking');
INSERT INTO `eqdkp_raid_attendees` VALUES (7,'Xarnum');
INSERT INTO `eqdkp_raid_attendees` VALUES (8,'Afflicted');
INSERT INTO `eqdkp_raid_attendees` VALUES (8,'Aurix');
INSERT INTO `eqdkp_raid_attendees` VALUES (8,'Bendeadlong');
INSERT INTO `eqdkp_raid_attendees` VALUES (8,'Blangerdon');
INSERT INTO `eqdkp_raid_attendees` VALUES (8,'Croog');
INSERT INTO `eqdkp_raid_attendees` VALUES (8,'Dalehawkins');
INSERT INTO `eqdkp_raid_attendees` VALUES (8,'Desdemonda');
INSERT INTO `eqdkp_raid_attendees` VALUES (8,'Endevour');
INSERT INTO `eqdkp_raid_attendees` VALUES (8,'Forain');
INSERT INTO `eqdkp_raid_attendees` VALUES (8,'Halaster');
INSERT INTO `eqdkp_raid_attendees` VALUES (8,'Hilltop');
INSERT INTO `eqdkp_raid_attendees` VALUES (8,'Imprezzed');
INSERT INTO `eqdkp_raid_attendees` VALUES (8,'Innouthule');
INSERT INTO `eqdkp_raid_attendees` VALUES (8,'Kadelthin');
INSERT INTO `eqdkp_raid_attendees` VALUES (8,'Karunaji');
INSERT INTO `eqdkp_raid_attendees` VALUES (8,'Kazgra');
INSERT INTO `eqdkp_raid_attendees` VALUES (8,'Lifeblood');
INSERT INTO `eqdkp_raid_attendees` VALUES (8,'Mackstab');
INSERT INTO `eqdkp_raid_attendees` VALUES (8,'Malanari');
INSERT INTO `eqdkp_raid_attendees` VALUES (8,'Malcontent');
INSERT INTO `eqdkp_raid_attendees` VALUES (8,'Malignance');
INSERT INTO `eqdkp_raid_attendees` VALUES (8,'Mallicia');
INSERT INTO `eqdkp_raid_attendees` VALUES (8,'Melisela');
INSERT INTO `eqdkp_raid_attendees` VALUES (8,'Moofus');
INSERT INTO `eqdkp_raid_attendees` VALUES (8,'Moosby');
INSERT INTO `eqdkp_raid_attendees` VALUES (8,'Morphcow');
INSERT INTO `eqdkp_raid_attendees` VALUES (8,'Narik');
INSERT INTO `eqdkp_raid_attendees` VALUES (8,'Naydien');
INSERT INTO `eqdkp_raid_attendees` VALUES (8,'Nyuks');
INSERT INTO `eqdkp_raid_attendees` VALUES (8,'Overdose');
INSERT INTO `eqdkp_raid_attendees` VALUES (8,'Raldin');
INSERT INTO `eqdkp_raid_attendees` VALUES (8,'Ronashi');
INSERT INTO `eqdkp_raid_attendees` VALUES (8,'Simodine');
INSERT INTO `eqdkp_raid_attendees` VALUES (8,'Sreza');
INSERT INTO `eqdkp_raid_attendees` VALUES (8,'Subflict');
INSERT INTO `eqdkp_raid_attendees` VALUES (8,'Swifteagle');
INSERT INTO `eqdkp_raid_attendees` VALUES (8,'Tanz');
INSERT INTO `eqdkp_raid_attendees` VALUES (8,'Tulgaat');
INSERT INTO `eqdkp_raid_attendees` VALUES (8,'Tzoo');
INSERT INTO `eqdkp_raid_attendees` VALUES (8,'Unarmed');
INSERT INTO `eqdkp_raid_attendees` VALUES (8,'Utgardloki');
INSERT INTO `eqdkp_raid_attendees` VALUES (8,'Vaevictis');
INSERT INTO `eqdkp_raid_attendees` VALUES (8,'Witchking');
INSERT INTO `eqdkp_raid_attendees` VALUES (8,'Xarnum');
INSERT INTO `eqdkp_raid_attendees` VALUES (9,'Alucarrd');
INSERT INTO `eqdkp_raid_attendees` VALUES (9,'Ambel');
INSERT INTO `eqdkp_raid_attendees` VALUES (9,'Aurix');
INSERT INTO `eqdkp_raid_attendees` VALUES (9,'Bendeadlong');
INSERT INTO `eqdkp_raid_attendees` VALUES (9,'Blangerdon');
INSERT INTO `eqdkp_raid_attendees` VALUES (9,'Croog');
INSERT INTO `eqdkp_raid_attendees` VALUES (9,'Dalehawkins');
INSERT INTO `eqdkp_raid_attendees` VALUES (9,'Desdemonda');
INSERT INTO `eqdkp_raid_attendees` VALUES (9,'Endevour');
INSERT INTO `eqdkp_raid_attendees` VALUES (9,'Halaster');
INSERT INTO `eqdkp_raid_attendees` VALUES (9,'Hockee');
INSERT INTO `eqdkp_raid_attendees` VALUES (9,'Imprezzed');
INSERT INTO `eqdkp_raid_attendees` VALUES (9,'Jelandi');
INSERT INTO `eqdkp_raid_attendees` VALUES (9,'Kadelthin');
INSERT INTO `eqdkp_raid_attendees` VALUES (9,'Karunaji');
INSERT INTO `eqdkp_raid_attendees` VALUES (9,'Kazgra');
INSERT INTO `eqdkp_raid_attendees` VALUES (9,'Krenshar');
INSERT INTO `eqdkp_raid_attendees` VALUES (9,'Lifeblood');
INSERT INTO `eqdkp_raid_attendees` VALUES (9,'Mackstab');
INSERT INTO `eqdkp_raid_attendees` VALUES (9,'Malanari');
INSERT INTO `eqdkp_raid_attendees` VALUES (9,'Malcontent');
INSERT INTO `eqdkp_raid_attendees` VALUES (9,'Malignance');
INSERT INTO `eqdkp_raid_attendees` VALUES (9,'Mallicia');
INSERT INTO `eqdkp_raid_attendees` VALUES (9,'Melisela');
INSERT INTO `eqdkp_raid_attendees` VALUES (9,'Mief');
INSERT INTO `eqdkp_raid_attendees` VALUES (9,'Moofus');
INSERT INTO `eqdkp_raid_attendees` VALUES (9,'Moosby');
INSERT INTO `eqdkp_raid_attendees` VALUES (9,'Morphcow');
INSERT INTO `eqdkp_raid_attendees` VALUES (9,'Narik');
INSERT INTO `eqdkp_raid_attendees` VALUES (9,'Naydien');
INSERT INTO `eqdkp_raid_attendees` VALUES (9,'Nyuks');
INSERT INTO `eqdkp_raid_attendees` VALUES (9,'Overdose');
INSERT INTO `eqdkp_raid_attendees` VALUES (9,'Raldin');
INSERT INTO `eqdkp_raid_attendees` VALUES (9,'Simodine');
INSERT INTO `eqdkp_raid_attendees` VALUES (9,'Sreza');
INSERT INTO `eqdkp_raid_attendees` VALUES (9,'Sufu');
INSERT INTO `eqdkp_raid_attendees` VALUES (9,'Tulgaat');
INSERT INTO `eqdkp_raid_attendees` VALUES (9,'Tzoo');
INSERT INTO `eqdkp_raid_attendees` VALUES (9,'Unarmed');
INSERT INTO `eqdkp_raid_attendees` VALUES (9,'Utgardloki');
INSERT INTO `eqdkp_raid_attendees` VALUES (9,'Vassili');
INSERT INTO `eqdkp_raid_attendees` VALUES (9,'Witchking');
INSERT INTO `eqdkp_raid_attendees` VALUES (9,'Xarnum');
INSERT INTO `eqdkp_raid_attendees` VALUES (9,'Zhenkira');
INSERT INTO `eqdkp_raid_attendees` VALUES (9,'Zonkers');
INSERT INTO `eqdkp_raid_attendees` VALUES (10,'Alucarrd');
INSERT INTO `eqdkp_raid_attendees` VALUES (10,'Ambel');
INSERT INTO `eqdkp_raid_attendees` VALUES (10,'Aurix');
INSERT INTO `eqdkp_raid_attendees` VALUES (10,'Bendeadlong');
INSERT INTO `eqdkp_raid_attendees` VALUES (10,'Blangerdon');
INSERT INTO `eqdkp_raid_attendees` VALUES (10,'Croog');
INSERT INTO `eqdkp_raid_attendees` VALUES (10,'Dalehawkins');
INSERT INTO `eqdkp_raid_attendees` VALUES (10,'Desdemonda');
INSERT INTO `eqdkp_raid_attendees` VALUES (10,'Endevour');
INSERT INTO `eqdkp_raid_attendees` VALUES (10,'Halaster');
INSERT INTO `eqdkp_raid_attendees` VALUES (10,'Hockee');
INSERT INTO `eqdkp_raid_attendees` VALUES (10,'Imprezzed');
INSERT INTO `eqdkp_raid_attendees` VALUES (10,'Jelandi');
INSERT INTO `eqdkp_raid_attendees` VALUES (10,'Kadelthin');
INSERT INTO `eqdkp_raid_attendees` VALUES (10,'Karunaji');
INSERT INTO `eqdkp_raid_attendees` VALUES (10,'Kazgra');
INSERT INTO `eqdkp_raid_attendees` VALUES (10,'Krenshar');
INSERT INTO `eqdkp_raid_attendees` VALUES (10,'Lifeblood');
INSERT INTO `eqdkp_raid_attendees` VALUES (10,'Mackstab');
INSERT INTO `eqdkp_raid_attendees` VALUES (10,'Malanari');
INSERT INTO `eqdkp_raid_attendees` VALUES (10,'Malcontent');
INSERT INTO `eqdkp_raid_attendees` VALUES (10,'Malignance');
INSERT INTO `eqdkp_raid_attendees` VALUES (10,'Mallicia');
INSERT INTO `eqdkp_raid_attendees` VALUES (10,'Melisela');
INSERT INTO `eqdkp_raid_attendees` VALUES (10,'Mief');
INSERT INTO `eqdkp_raid_attendees` VALUES (10,'Moofus');
INSERT INTO `eqdkp_raid_attendees` VALUES (10,'Moosby');
INSERT INTO `eqdkp_raid_attendees` VALUES (10,'Morphcow');
INSERT INTO `eqdkp_raid_attendees` VALUES (10,'Narik');
INSERT INTO `eqdkp_raid_attendees` VALUES (10,'Naydien');
INSERT INTO `eqdkp_raid_attendees` VALUES (10,'Nyuks');
INSERT INTO `eqdkp_raid_attendees` VALUES (10,'Overdose');
INSERT INTO `eqdkp_raid_attendees` VALUES (10,'Raldin');
INSERT INTO `eqdkp_raid_attendees` VALUES (10,'Simodine');
INSERT INTO `eqdkp_raid_attendees` VALUES (10,'Sreza');
INSERT INTO `eqdkp_raid_attendees` VALUES (10,'Sufu');
INSERT INTO `eqdkp_raid_attendees` VALUES (10,'Tulgaat');
INSERT INTO `eqdkp_raid_attendees` VALUES (10,'Tzoo');
INSERT INTO `eqdkp_raid_attendees` VALUES (10,'Unarmed');
INSERT INTO `eqdkp_raid_attendees` VALUES (10,'Utgardloki');
INSERT INTO `eqdkp_raid_attendees` VALUES (10,'Vassili');
INSERT INTO `eqdkp_raid_attendees` VALUES (10,'Witchking');
INSERT INTO `eqdkp_raid_attendees` VALUES (10,'Xarnum');
INSERT INTO `eqdkp_raid_attendees` VALUES (10,'Zhenkira');
INSERT INTO `eqdkp_raid_attendees` VALUES (10,'Zonkers');
INSERT INTO `eqdkp_raid_attendees` VALUES (11,'Alucarrd');
INSERT INTO `eqdkp_raid_attendees` VALUES (11,'Ambel');
INSERT INTO `eqdkp_raid_attendees` VALUES (11,'Aurix');
INSERT INTO `eqdkp_raid_attendees` VALUES (11,'Bendeadlong');
INSERT INTO `eqdkp_raid_attendees` VALUES (11,'Blangerdon');
INSERT INTO `eqdkp_raid_attendees` VALUES (11,'Croog');
INSERT INTO `eqdkp_raid_attendees` VALUES (11,'Dalehawkins');
INSERT INTO `eqdkp_raid_attendees` VALUES (11,'Desdemonda');
INSERT INTO `eqdkp_raid_attendees` VALUES (11,'Endevour');
INSERT INTO `eqdkp_raid_attendees` VALUES (11,'Halaster');
INSERT INTO `eqdkp_raid_attendees` VALUES (11,'Hockee');
INSERT INTO `eqdkp_raid_attendees` VALUES (11,'Imprezzed');
INSERT INTO `eqdkp_raid_attendees` VALUES (11,'Jelandi');
INSERT INTO `eqdkp_raid_attendees` VALUES (11,'Kadelthin');
INSERT INTO `eqdkp_raid_attendees` VALUES (11,'Karunaji');
INSERT INTO `eqdkp_raid_attendees` VALUES (11,'Kazgra');
INSERT INTO `eqdkp_raid_attendees` VALUES (11,'Krenshar');
INSERT INTO `eqdkp_raid_attendees` VALUES (11,'Lifeblood');
INSERT INTO `eqdkp_raid_attendees` VALUES (11,'Mackstab');
INSERT INTO `eqdkp_raid_attendees` VALUES (11,'Malanari');
INSERT INTO `eqdkp_raid_attendees` VALUES (11,'Malcontent');
INSERT INTO `eqdkp_raid_attendees` VALUES (11,'Malignance');
INSERT INTO `eqdkp_raid_attendees` VALUES (11,'Mallicia');
INSERT INTO `eqdkp_raid_attendees` VALUES (11,'Melisela');
INSERT INTO `eqdkp_raid_attendees` VALUES (11,'Mief');
INSERT INTO `eqdkp_raid_attendees` VALUES (11,'Moofus');
INSERT INTO `eqdkp_raid_attendees` VALUES (11,'Moosby');
INSERT INTO `eqdkp_raid_attendees` VALUES (11,'Morphcow');
INSERT INTO `eqdkp_raid_attendees` VALUES (11,'Narik');
INSERT INTO `eqdkp_raid_attendees` VALUES (11,'Naydien');
INSERT INTO `eqdkp_raid_attendees` VALUES (11,'Nyuks');
INSERT INTO `eqdkp_raid_attendees` VALUES (11,'Overdose');
INSERT INTO `eqdkp_raid_attendees` VALUES (11,'Raldin');
INSERT INTO `eqdkp_raid_attendees` VALUES (11,'Simodine');
INSERT INTO `eqdkp_raid_attendees` VALUES (11,'Sreza');
INSERT INTO `eqdkp_raid_attendees` VALUES (11,'Sufu');
INSERT INTO `eqdkp_raid_attendees` VALUES (11,'Tulgaat');
INSERT INTO `eqdkp_raid_attendees` VALUES (11,'Tzoo');
INSERT INTO `eqdkp_raid_attendees` VALUES (11,'Unarmed');
INSERT INTO `eqdkp_raid_attendees` VALUES (11,'Utgardloki');
INSERT INTO `eqdkp_raid_attendees` VALUES (11,'Vassili');
INSERT INTO `eqdkp_raid_attendees` VALUES (11,'Witchking');
INSERT INTO `eqdkp_raid_attendees` VALUES (11,'Xarnum');
INSERT INTO `eqdkp_raid_attendees` VALUES (11,'Zhenkira');
INSERT INTO `eqdkp_raid_attendees` VALUES (11,'Zonkers');
INSERT INTO `eqdkp_raid_attendees` VALUES (12,'Alucarrd');
INSERT INTO `eqdkp_raid_attendees` VALUES (12,'Ambel');
INSERT INTO `eqdkp_raid_attendees` VALUES (12,'Aurix');
INSERT INTO `eqdkp_raid_attendees` VALUES (12,'Bendeadlong');
INSERT INTO `eqdkp_raid_attendees` VALUES (12,'Blangerdon');
INSERT INTO `eqdkp_raid_attendees` VALUES (12,'Croog');
INSERT INTO `eqdkp_raid_attendees` VALUES (12,'Dalehawkins');
INSERT INTO `eqdkp_raid_attendees` VALUES (12,'Desdemonda');
INSERT INTO `eqdkp_raid_attendees` VALUES (12,'Endevour');
INSERT INTO `eqdkp_raid_attendees` VALUES (12,'Halaster');
INSERT INTO `eqdkp_raid_attendees` VALUES (12,'Hockee');
INSERT INTO `eqdkp_raid_attendees` VALUES (12,'Imprezzed');
INSERT INTO `eqdkp_raid_attendees` VALUES (12,'Jelandi');
INSERT INTO `eqdkp_raid_attendees` VALUES (12,'Kadelthin');
INSERT INTO `eqdkp_raid_attendees` VALUES (12,'Karunaji');
INSERT INTO `eqdkp_raid_attendees` VALUES (12,'Kazgra');
INSERT INTO `eqdkp_raid_attendees` VALUES (12,'Krenshar');
INSERT INTO `eqdkp_raid_attendees` VALUES (12,'Lifeblood');
INSERT INTO `eqdkp_raid_attendees` VALUES (12,'Mackstab');
INSERT INTO `eqdkp_raid_attendees` VALUES (12,'Malanari');
INSERT INTO `eqdkp_raid_attendees` VALUES (12,'Malcontent');
INSERT INTO `eqdkp_raid_attendees` VALUES (12,'Malignance');
INSERT INTO `eqdkp_raid_attendees` VALUES (12,'Mallicia');
INSERT INTO `eqdkp_raid_attendees` VALUES (12,'Melisela');
INSERT INTO `eqdkp_raid_attendees` VALUES (12,'Mief');
INSERT INTO `eqdkp_raid_attendees` VALUES (12,'Moofus');
INSERT INTO `eqdkp_raid_attendees` VALUES (12,'Moosby');
INSERT INTO `eqdkp_raid_attendees` VALUES (12,'Morphcow');
INSERT INTO `eqdkp_raid_attendees` VALUES (12,'Narik');
INSERT INTO `eqdkp_raid_attendees` VALUES (12,'Naydien');
INSERT INTO `eqdkp_raid_attendees` VALUES (12,'Nyuks');
INSERT INTO `eqdkp_raid_attendees` VALUES (12,'Overdose');
INSERT INTO `eqdkp_raid_attendees` VALUES (12,'Raldin');
INSERT INTO `eqdkp_raid_attendees` VALUES (12,'Simodine');
INSERT INTO `eqdkp_raid_attendees` VALUES (12,'Sreza');
INSERT INTO `eqdkp_raid_attendees` VALUES (12,'Sufu');
INSERT INTO `eqdkp_raid_attendees` VALUES (12,'Tulgaat');
INSERT INTO `eqdkp_raid_attendees` VALUES (12,'Tzoo');
INSERT INTO `eqdkp_raid_attendees` VALUES (12,'Unarmed');
INSERT INTO `eqdkp_raid_attendees` VALUES (12,'Utgardloki');
INSERT INTO `eqdkp_raid_attendees` VALUES (12,'Vassili');
INSERT INTO `eqdkp_raid_attendees` VALUES (12,'Witchking');
INSERT INTO `eqdkp_raid_attendees` VALUES (12,'Xarnum');
INSERT INTO `eqdkp_raid_attendees` VALUES (12,'Zhenkira');
INSERT INTO `eqdkp_raid_attendees` VALUES (12,'Zonkers');
INSERT INTO `eqdkp_raid_attendees` VALUES (13,'Alucarrd');
INSERT INTO `eqdkp_raid_attendees` VALUES (13,'Ambel');
INSERT INTO `eqdkp_raid_attendees` VALUES (13,'Aurix');
INSERT INTO `eqdkp_raid_attendees` VALUES (13,'Bendeadlong');
INSERT INTO `eqdkp_raid_attendees` VALUES (13,'Berthelemy');
INSERT INTO `eqdkp_raid_attendees` VALUES (13,'Blangerdon');
INSERT INTO `eqdkp_raid_attendees` VALUES (13,'Croog');
INSERT INTO `eqdkp_raid_attendees` VALUES (13,'Dalehawkins');
INSERT INTO `eqdkp_raid_attendees` VALUES (13,'Desdemonda');
INSERT INTO `eqdkp_raid_attendees` VALUES (13,'Forain');
INSERT INTO `eqdkp_raid_attendees` VALUES (13,'Halaster');
INSERT INTO `eqdkp_raid_attendees` VALUES (13,'Hockee');
INSERT INTO `eqdkp_raid_attendees` VALUES (13,'Imprezzed');
INSERT INTO `eqdkp_raid_attendees` VALUES (13,'Jelandi');
INSERT INTO `eqdkp_raid_attendees` VALUES (13,'Kadelthin');
INSERT INTO `eqdkp_raid_attendees` VALUES (13,'Karunaji');
INSERT INTO `eqdkp_raid_attendees` VALUES (13,'Kazgra');
INSERT INTO `eqdkp_raid_attendees` VALUES (13,'Krenshar');
INSERT INTO `eqdkp_raid_attendees` VALUES (13,'Mackstab');
INSERT INTO `eqdkp_raid_attendees` VALUES (13,'Malanari');
INSERT INTO `eqdkp_raid_attendees` VALUES (13,'Malcontent');
INSERT INTO `eqdkp_raid_attendees` VALUES (13,'Malignance');
INSERT INTO `eqdkp_raid_attendees` VALUES (13,'Mief');
INSERT INTO `eqdkp_raid_attendees` VALUES (13,'Moofus');
INSERT INTO `eqdkp_raid_attendees` VALUES (13,'Moosby');
INSERT INTO `eqdkp_raid_attendees` VALUES (13,'Morphcow');
INSERT INTO `eqdkp_raid_attendees` VALUES (13,'Narik');
INSERT INTO `eqdkp_raid_attendees` VALUES (13,'Naydien');
INSERT INTO `eqdkp_raid_attendees` VALUES (13,'Nyuks');
INSERT INTO `eqdkp_raid_attendees` VALUES (13,'Overdose');
INSERT INTO `eqdkp_raid_attendees` VALUES (13,'Raldin');
INSERT INTO `eqdkp_raid_attendees` VALUES (13,'Ronashi');
INSERT INTO `eqdkp_raid_attendees` VALUES (13,'Sreza');
INSERT INTO `eqdkp_raid_attendees` VALUES (13,'Subflict');
INSERT INTO `eqdkp_raid_attendees` VALUES (13,'Tanz');
INSERT INTO `eqdkp_raid_attendees` VALUES (13,'Tulgaat');
INSERT INTO `eqdkp_raid_attendees` VALUES (13,'Tzoo');
INSERT INTO `eqdkp_raid_attendees` VALUES (13,'Unarmed');
INSERT INTO `eqdkp_raid_attendees` VALUES (13,'Utgardloki');
INSERT INTO `eqdkp_raid_attendees` VALUES (13,'Vassili');
INSERT INTO `eqdkp_raid_attendees` VALUES (13,'Vig');
INSERT INTO `eqdkp_raid_attendees` VALUES (13,'Witchking');
INSERT INTO `eqdkp_raid_attendees` VALUES (13,'Xarnum');
INSERT INTO `eqdkp_raid_attendees` VALUES (13,'Zhenkira');
INSERT INTO `eqdkp_raid_attendees` VALUES (14,'Alucarrd');
INSERT INTO `eqdkp_raid_attendees` VALUES (14,'Ambel');
INSERT INTO `eqdkp_raid_attendees` VALUES (14,'Aurix');
INSERT INTO `eqdkp_raid_attendees` VALUES (14,'Bendeadlong');
INSERT INTO `eqdkp_raid_attendees` VALUES (14,'Berthelemy');
INSERT INTO `eqdkp_raid_attendees` VALUES (14,'Blangerdon');
INSERT INTO `eqdkp_raid_attendees` VALUES (14,'Croog');
INSERT INTO `eqdkp_raid_attendees` VALUES (14,'Dalehawkins');
INSERT INTO `eqdkp_raid_attendees` VALUES (14,'Desdemonda');
INSERT INTO `eqdkp_raid_attendees` VALUES (14,'Forain');
INSERT INTO `eqdkp_raid_attendees` VALUES (14,'Halaster');
INSERT INTO `eqdkp_raid_attendees` VALUES (14,'Hilltop');
INSERT INTO `eqdkp_raid_attendees` VALUES (14,'Hockee');
INSERT INTO `eqdkp_raid_attendees` VALUES (14,'Imprezzed');
INSERT INTO `eqdkp_raid_attendees` VALUES (14,'Innouthule');
INSERT INTO `eqdkp_raid_attendees` VALUES (14,'Kadelthin');
INSERT INTO `eqdkp_raid_attendees` VALUES (14,'Karunaji');
INSERT INTO `eqdkp_raid_attendees` VALUES (14,'Kazgra');
INSERT INTO `eqdkp_raid_attendees` VALUES (14,'Krenshar');
INSERT INTO `eqdkp_raid_attendees` VALUES (14,'Mackstab');
INSERT INTO `eqdkp_raid_attendees` VALUES (14,'Malanari');
INSERT INTO `eqdkp_raid_attendees` VALUES (14,'Malcontent');
INSERT INTO `eqdkp_raid_attendees` VALUES (14,'Malignance');
INSERT INTO `eqdkp_raid_attendees` VALUES (14,'Mallicia');
INSERT INTO `eqdkp_raid_attendees` VALUES (14,'Mief');
INSERT INTO `eqdkp_raid_attendees` VALUES (14,'Moofus');
INSERT INTO `eqdkp_raid_attendees` VALUES (14,'Moosby');
INSERT INTO `eqdkp_raid_attendees` VALUES (14,'Morphcow');
INSERT INTO `eqdkp_raid_attendees` VALUES (14,'Narik');
INSERT INTO `eqdkp_raid_attendees` VALUES (14,'Naydien');
INSERT INTO `eqdkp_raid_attendees` VALUES (14,'Nyuks');
INSERT INTO `eqdkp_raid_attendees` VALUES (14,'Overdose');
INSERT INTO `eqdkp_raid_attendees` VALUES (14,'Raldin');
INSERT INTO `eqdkp_raid_attendees` VALUES (14,'Ronashi');
INSERT INTO `eqdkp_raid_attendees` VALUES (14,'Schittle');
INSERT INTO `eqdkp_raid_attendees` VALUES (14,'Simodine');
INSERT INTO `eqdkp_raid_attendees` VALUES (14,'Sreza');
INSERT INTO `eqdkp_raid_attendees` VALUES (14,'Subflict');
INSERT INTO `eqdkp_raid_attendees` VALUES (14,'Tanz');
INSERT INTO `eqdkp_raid_attendees` VALUES (14,'Tzoo');
INSERT INTO `eqdkp_raid_attendees` VALUES (14,'Unarmed');
INSERT INTO `eqdkp_raid_attendees` VALUES (14,'Utgardloki');
INSERT INTO `eqdkp_raid_attendees` VALUES (14,'Vaevictis');
INSERT INTO `eqdkp_raid_attendees` VALUES (14,'Vassili');
INSERT INTO `eqdkp_raid_attendees` VALUES (14,'Vig');
INSERT INTO `eqdkp_raid_attendees` VALUES (14,'Witchking');
INSERT INTO `eqdkp_raid_attendees` VALUES (14,'Xarnum');
INSERT INTO `eqdkp_raid_attendees` VALUES (14,'Zhenkira');
INSERT INTO `eqdkp_raid_attendees` VALUES (15,'Alucarrd');
INSERT INTO `eqdkp_raid_attendees` VALUES (15,'Ambel');
INSERT INTO `eqdkp_raid_attendees` VALUES (15,'Aurix');
INSERT INTO `eqdkp_raid_attendees` VALUES (15,'Bendeadlong');
INSERT INTO `eqdkp_raid_attendees` VALUES (15,'Berthelemy');
INSERT INTO `eqdkp_raid_attendees` VALUES (15,'Blangerdon');
INSERT INTO `eqdkp_raid_attendees` VALUES (15,'Croog');
INSERT INTO `eqdkp_raid_attendees` VALUES (15,'Dalehawkins');
INSERT INTO `eqdkp_raid_attendees` VALUES (15,'Desdemonda');
INSERT INTO `eqdkp_raid_attendees` VALUES (15,'Forain');
INSERT INTO `eqdkp_raid_attendees` VALUES (15,'Halaster');
INSERT INTO `eqdkp_raid_attendees` VALUES (15,'Hilltop');
INSERT INTO `eqdkp_raid_attendees` VALUES (15,'Hockee');
INSERT INTO `eqdkp_raid_attendees` VALUES (15,'Imprezzed');
INSERT INTO `eqdkp_raid_attendees` VALUES (15,'Innouthule');
INSERT INTO `eqdkp_raid_attendees` VALUES (15,'Kadelthin');
INSERT INTO `eqdkp_raid_attendees` VALUES (15,'Karunaji');
INSERT INTO `eqdkp_raid_attendees` VALUES (15,'Kazgra');
INSERT INTO `eqdkp_raid_attendees` VALUES (15,'Krenshar');
INSERT INTO `eqdkp_raid_attendees` VALUES (15,'Mackstab');
INSERT INTO `eqdkp_raid_attendees` VALUES (15,'Malanari');
INSERT INTO `eqdkp_raid_attendees` VALUES (15,'Malcontent');
INSERT INTO `eqdkp_raid_attendees` VALUES (15,'Malignance');
INSERT INTO `eqdkp_raid_attendees` VALUES (15,'Mallicia');
INSERT INTO `eqdkp_raid_attendees` VALUES (15,'Mief');
INSERT INTO `eqdkp_raid_attendees` VALUES (15,'Moofus');
INSERT INTO `eqdkp_raid_attendees` VALUES (15,'Moosby');
INSERT INTO `eqdkp_raid_attendees` VALUES (15,'Morphcow');
INSERT INTO `eqdkp_raid_attendees` VALUES (15,'Narik');
INSERT INTO `eqdkp_raid_attendees` VALUES (15,'Naydien');
INSERT INTO `eqdkp_raid_attendees` VALUES (15,'Nyuks');
INSERT INTO `eqdkp_raid_attendees` VALUES (15,'Overdose');
INSERT INTO `eqdkp_raid_attendees` VALUES (15,'Raldin');
INSERT INTO `eqdkp_raid_attendees` VALUES (15,'Ronashi');
INSERT INTO `eqdkp_raid_attendees` VALUES (15,'Schittle');
INSERT INTO `eqdkp_raid_attendees` VALUES (15,'Simodine');
INSERT INTO `eqdkp_raid_attendees` VALUES (15,'Sreza');
INSERT INTO `eqdkp_raid_attendees` VALUES (15,'Subflict');
INSERT INTO `eqdkp_raid_attendees` VALUES (15,'Tanz');
INSERT INTO `eqdkp_raid_attendees` VALUES (15,'Tzoo');
INSERT INTO `eqdkp_raid_attendees` VALUES (15,'Unarmed');
INSERT INTO `eqdkp_raid_attendees` VALUES (15,'Utgardloki');
INSERT INTO `eqdkp_raid_attendees` VALUES (15,'Vaevictis');
INSERT INTO `eqdkp_raid_attendees` VALUES (15,'Vassili');
INSERT INTO `eqdkp_raid_attendees` VALUES (15,'Vig');
INSERT INTO `eqdkp_raid_attendees` VALUES (15,'Witchking');
INSERT INTO `eqdkp_raid_attendees` VALUES (15,'Xarnum');
INSERT INTO `eqdkp_raid_attendees` VALUES (15,'Zhenkira');
INSERT INTO `eqdkp_raid_attendees` VALUES (16,'Alucarrd');
INSERT INTO `eqdkp_raid_attendees` VALUES (16,'Aurix');
INSERT INTO `eqdkp_raid_attendees` VALUES (16,'Bendeadlong');
INSERT INTO `eqdkp_raid_attendees` VALUES (16,'Berthelemy');
INSERT INTO `eqdkp_raid_attendees` VALUES (16,'Blangerdon');
INSERT INTO `eqdkp_raid_attendees` VALUES (16,'Croog');
INSERT INTO `eqdkp_raid_attendees` VALUES (16,'Dalehawkins');
INSERT INTO `eqdkp_raid_attendees` VALUES (16,'Desdemonda');
INSERT INTO `eqdkp_raid_attendees` VALUES (16,'Forain');
INSERT INTO `eqdkp_raid_attendees` VALUES (16,'Halaster');
INSERT INTO `eqdkp_raid_attendees` VALUES (16,'Hilltop');
INSERT INTO `eqdkp_raid_attendees` VALUES (16,'Hockee');
INSERT INTO `eqdkp_raid_attendees` VALUES (16,'Imprezzed');
INSERT INTO `eqdkp_raid_attendees` VALUES (16,'Innouthule');
INSERT INTO `eqdkp_raid_attendees` VALUES (16,'Kadelthin');
INSERT INTO `eqdkp_raid_attendees` VALUES (16,'Karunaji');
INSERT INTO `eqdkp_raid_attendees` VALUES (16,'Kazgra');
INSERT INTO `eqdkp_raid_attendees` VALUES (16,'Krenshar');
INSERT INTO `eqdkp_raid_attendees` VALUES (16,'Mackstab');
INSERT INTO `eqdkp_raid_attendees` VALUES (16,'Malanari');
INSERT INTO `eqdkp_raid_attendees` VALUES (16,'Malcontent');
INSERT INTO `eqdkp_raid_attendees` VALUES (16,'Malignance');
INSERT INTO `eqdkp_raid_attendees` VALUES (16,'Mallicia');
INSERT INTO `eqdkp_raid_attendees` VALUES (16,'Mief');
INSERT INTO `eqdkp_raid_attendees` VALUES (16,'Moofus');
INSERT INTO `eqdkp_raid_attendees` VALUES (16,'Moosby');
INSERT INTO `eqdkp_raid_attendees` VALUES (16,'Morphcow');
INSERT INTO `eqdkp_raid_attendees` VALUES (16,'Narik');
INSERT INTO `eqdkp_raid_attendees` VALUES (16,'Naydien');
INSERT INTO `eqdkp_raid_attendees` VALUES (16,'Nyuks');
INSERT INTO `eqdkp_raid_attendees` VALUES (16,'Overdose');
INSERT INTO `eqdkp_raid_attendees` VALUES (16,'Raldin');
INSERT INTO `eqdkp_raid_attendees` VALUES (16,'Ronashi');
INSERT INTO `eqdkp_raid_attendees` VALUES (16,'Schittle');
INSERT INTO `eqdkp_raid_attendees` VALUES (16,'Simodine');
INSERT INTO `eqdkp_raid_attendees` VALUES (16,'Sreza');
INSERT INTO `eqdkp_raid_attendees` VALUES (16,'Subflict');
INSERT INTO `eqdkp_raid_attendees` VALUES (16,'Tanz');
INSERT INTO `eqdkp_raid_attendees` VALUES (16,'Tzoo');
INSERT INTO `eqdkp_raid_attendees` VALUES (16,'Unarmed');
INSERT INTO `eqdkp_raid_attendees` VALUES (16,'Utgardloki');
INSERT INTO `eqdkp_raid_attendees` VALUES (16,'Vaevictis');
INSERT INTO `eqdkp_raid_attendees` VALUES (16,'Vassili');
INSERT INTO `eqdkp_raid_attendees` VALUES (16,'Vig');
INSERT INTO `eqdkp_raid_attendees` VALUES (16,'Witchking');
INSERT INTO `eqdkp_raid_attendees` VALUES (16,'Xarnum');
INSERT INTO `eqdkp_raid_attendees` VALUES (16,'Zhenkira');
INSERT INTO `eqdkp_raid_attendees` VALUES (17,'Alucarrd');
INSERT INTO `eqdkp_raid_attendees` VALUES (17,'Ambel');
INSERT INTO `eqdkp_raid_attendees` VALUES (17,'Bendeadlong');
INSERT INTO `eqdkp_raid_attendees` VALUES (17,'Blangerdon');
INSERT INTO `eqdkp_raid_attendees` VALUES (17,'Croog');
INSERT INTO `eqdkp_raid_attendees` VALUES (17,'Dalehawkins');
INSERT INTO `eqdkp_raid_attendees` VALUES (17,'Desdemonda');
INSERT INTO `eqdkp_raid_attendees` VALUES (17,'Endevour');
INSERT INTO `eqdkp_raid_attendees` VALUES (17,'Halaster');
INSERT INTO `eqdkp_raid_attendees` VALUES (17,'Hockee');
INSERT INTO `eqdkp_raid_attendees` VALUES (17,'Imprezzed');
INSERT INTO `eqdkp_raid_attendees` VALUES (17,'Innouthule');
INSERT INTO `eqdkp_raid_attendees` VALUES (17,'Jelandi');
INSERT INTO `eqdkp_raid_attendees` VALUES (17,'Kadelthin');
INSERT INTO `eqdkp_raid_attendees` VALUES (17,'Karunaji');
INSERT INTO `eqdkp_raid_attendees` VALUES (17,'Kazgra');
INSERT INTO `eqdkp_raid_attendees` VALUES (17,'Krenshar');
INSERT INTO `eqdkp_raid_attendees` VALUES (17,'Lifeblood');
INSERT INTO `eqdkp_raid_attendees` VALUES (17,'Mackstab');
INSERT INTO `eqdkp_raid_attendees` VALUES (17,'Malanari');
INSERT INTO `eqdkp_raid_attendees` VALUES (17,'Malignance');
INSERT INTO `eqdkp_raid_attendees` VALUES (17,'Mindblade');
INSERT INTO `eqdkp_raid_attendees` VALUES (17,'Moofus');
INSERT INTO `eqdkp_raid_attendees` VALUES (17,'Mook');
INSERT INTO `eqdkp_raid_attendees` VALUES (17,'Moosby');
INSERT INTO `eqdkp_raid_attendees` VALUES (17,'Morphcow');
INSERT INTO `eqdkp_raid_attendees` VALUES (17,'Motulak');
INSERT INTO `eqdkp_raid_attendees` VALUES (17,'Narik');
INSERT INTO `eqdkp_raid_attendees` VALUES (17,'Naydien');
INSERT INTO `eqdkp_raid_attendees` VALUES (17,'Nyuks');
INSERT INTO `eqdkp_raid_attendees` VALUES (17,'Overdose');
INSERT INTO `eqdkp_raid_attendees` VALUES (17,'Raldin');
INSERT INTO `eqdkp_raid_attendees` VALUES (17,'Simodine');
INSERT INTO `eqdkp_raid_attendees` VALUES (17,'Sreza');
INSERT INTO `eqdkp_raid_attendees` VALUES (17,'Subflict');
INSERT INTO `eqdkp_raid_attendees` VALUES (17,'Swifteagle');
INSERT INTO `eqdkp_raid_attendees` VALUES (17,'Sysskyll');
INSERT INTO `eqdkp_raid_attendees` VALUES (17,'Tanz');
INSERT INTO `eqdkp_raid_attendees` VALUES (17,'Tulgaat');
INSERT INTO `eqdkp_raid_attendees` VALUES (17,'Tzoo');
INSERT INTO `eqdkp_raid_attendees` VALUES (17,'Unarmed');
INSERT INTO `eqdkp_raid_attendees` VALUES (17,'Utgardloki');
INSERT INTO `eqdkp_raid_attendees` VALUES (17,'Vaevictis');
INSERT INTO `eqdkp_raid_attendees` VALUES (17,'Vig');
INSERT INTO `eqdkp_raid_attendees` VALUES (17,'Witchking');
INSERT INTO `eqdkp_raid_attendees` VALUES (17,'Xarnum');
INSERT INTO `eqdkp_raid_attendees` VALUES (17,'Zhenkira');
INSERT INTO `eqdkp_raid_attendees` VALUES (18,'Alucarrd');
INSERT INTO `eqdkp_raid_attendees` VALUES (18,'Ambel');
INSERT INTO `eqdkp_raid_attendees` VALUES (18,'Bendeadlong');
INSERT INTO `eqdkp_raid_attendees` VALUES (18,'Blangerdon');
INSERT INTO `eqdkp_raid_attendees` VALUES (18,'Croog');
INSERT INTO `eqdkp_raid_attendees` VALUES (18,'Dalehawkins');
INSERT INTO `eqdkp_raid_attendees` VALUES (18,'Desdemonda');
INSERT INTO `eqdkp_raid_attendees` VALUES (18,'Endevour');
INSERT INTO `eqdkp_raid_attendees` VALUES (18,'Halaster');
INSERT INTO `eqdkp_raid_attendees` VALUES (18,'Hockee');
INSERT INTO `eqdkp_raid_attendees` VALUES (18,'Imprezzed');
INSERT INTO `eqdkp_raid_attendees` VALUES (18,'Innouthule');
INSERT INTO `eqdkp_raid_attendees` VALUES (18,'Jelandi');
INSERT INTO `eqdkp_raid_attendees` VALUES (18,'Kadelthin');
INSERT INTO `eqdkp_raid_attendees` VALUES (18,'Karunaji');
INSERT INTO `eqdkp_raid_attendees` VALUES (18,'Kazgra');
INSERT INTO `eqdkp_raid_attendees` VALUES (18,'Krenshar');
INSERT INTO `eqdkp_raid_attendees` VALUES (18,'Lifeblood');
INSERT INTO `eqdkp_raid_attendees` VALUES (18,'Mackstab');
INSERT INTO `eqdkp_raid_attendees` VALUES (18,'Malanari');
INSERT INTO `eqdkp_raid_attendees` VALUES (18,'Malignance');
INSERT INTO `eqdkp_raid_attendees` VALUES (18,'Mindblade');
INSERT INTO `eqdkp_raid_attendees` VALUES (18,'Moofus');
INSERT INTO `eqdkp_raid_attendees` VALUES (18,'Mook');
INSERT INTO `eqdkp_raid_attendees` VALUES (18,'Moosby');
INSERT INTO `eqdkp_raid_attendees` VALUES (18,'Morphcow');
INSERT INTO `eqdkp_raid_attendees` VALUES (18,'Motulak');
INSERT INTO `eqdkp_raid_attendees` VALUES (18,'Narik');
INSERT INTO `eqdkp_raid_attendees` VALUES (18,'Naydien');
INSERT INTO `eqdkp_raid_attendees` VALUES (18,'Nyuks');
INSERT INTO `eqdkp_raid_attendees` VALUES (18,'Overdose');
INSERT INTO `eqdkp_raid_attendees` VALUES (18,'Raldin');
INSERT INTO `eqdkp_raid_attendees` VALUES (18,'Simodine');
INSERT INTO `eqdkp_raid_attendees` VALUES (18,'Sreza');
INSERT INTO `eqdkp_raid_attendees` VALUES (18,'Subflict');
INSERT INTO `eqdkp_raid_attendees` VALUES (18,'Swifteagle');
INSERT INTO `eqdkp_raid_attendees` VALUES (18,'Sysskyll');
INSERT INTO `eqdkp_raid_attendees` VALUES (18,'Tanz');
INSERT INTO `eqdkp_raid_attendees` VALUES (18,'Tulgaat');
INSERT INTO `eqdkp_raid_attendees` VALUES (18,'Tzoo');
INSERT INTO `eqdkp_raid_attendees` VALUES (18,'Unarmed');
INSERT INTO `eqdkp_raid_attendees` VALUES (18,'Utgardloki');
INSERT INTO `eqdkp_raid_attendees` VALUES (18,'Vaevictis');
INSERT INTO `eqdkp_raid_attendees` VALUES (18,'Vig');
INSERT INTO `eqdkp_raid_attendees` VALUES (18,'Witchking');
INSERT INTO `eqdkp_raid_attendees` VALUES (18,'Xarnum');
INSERT INTO `eqdkp_raid_attendees` VALUES (18,'Zhenkira');
INSERT INTO `eqdkp_raid_attendees` VALUES (19,'Alucarrd');
INSERT INTO `eqdkp_raid_attendees` VALUES (19,'Ambel');
INSERT INTO `eqdkp_raid_attendees` VALUES (19,'Bendeadlong');
INSERT INTO `eqdkp_raid_attendees` VALUES (19,'Blangerdon');
INSERT INTO `eqdkp_raid_attendees` VALUES (19,'Croog');
INSERT INTO `eqdkp_raid_attendees` VALUES (19,'Dalehawkins');
INSERT INTO `eqdkp_raid_attendees` VALUES (19,'Desdemonda');
INSERT INTO `eqdkp_raid_attendees` VALUES (19,'Endevour');
INSERT INTO `eqdkp_raid_attendees` VALUES (19,'Halaster');
INSERT INTO `eqdkp_raid_attendees` VALUES (19,'Hockee');
INSERT INTO `eqdkp_raid_attendees` VALUES (19,'Imprezzed');
INSERT INTO `eqdkp_raid_attendees` VALUES (19,'Innouthule');
INSERT INTO `eqdkp_raid_attendees` VALUES (19,'Jelandi');
INSERT INTO `eqdkp_raid_attendees` VALUES (19,'Kadelthin');
INSERT INTO `eqdkp_raid_attendees` VALUES (19,'Karunaji');
INSERT INTO `eqdkp_raid_attendees` VALUES (19,'Kazgra');
INSERT INTO `eqdkp_raid_attendees` VALUES (19,'Krenshar');
INSERT INTO `eqdkp_raid_attendees` VALUES (19,'Lifeblood');
INSERT INTO `eqdkp_raid_attendees` VALUES (19,'Mackstab');
INSERT INTO `eqdkp_raid_attendees` VALUES (19,'Malanari');
INSERT INTO `eqdkp_raid_attendees` VALUES (19,'Malignance');
INSERT INTO `eqdkp_raid_attendees` VALUES (19,'Mindblade');
INSERT INTO `eqdkp_raid_attendees` VALUES (19,'Moofus');
INSERT INTO `eqdkp_raid_attendees` VALUES (19,'Mook');
INSERT INTO `eqdkp_raid_attendees` VALUES (19,'Moosby');
INSERT INTO `eqdkp_raid_attendees` VALUES (19,'Morphcow');
INSERT INTO `eqdkp_raid_attendees` VALUES (19,'Motulak');
INSERT INTO `eqdkp_raid_attendees` VALUES (19,'Narik');
INSERT INTO `eqdkp_raid_attendees` VALUES (19,'Naydien');
INSERT INTO `eqdkp_raid_attendees` VALUES (19,'Nyuks');
INSERT INTO `eqdkp_raid_attendees` VALUES (19,'Overdose');
INSERT INTO `eqdkp_raid_attendees` VALUES (19,'Raldin');
INSERT INTO `eqdkp_raid_attendees` VALUES (19,'Simodine');
INSERT INTO `eqdkp_raid_attendees` VALUES (19,'Sreza');
INSERT INTO `eqdkp_raid_attendees` VALUES (19,'Subflict');
INSERT INTO `eqdkp_raid_attendees` VALUES (19,'Swifteagle');
INSERT INTO `eqdkp_raid_attendees` VALUES (19,'Sysskyll');
INSERT INTO `eqdkp_raid_attendees` VALUES (19,'Tanz');
INSERT INTO `eqdkp_raid_attendees` VALUES (19,'Tulgaat');
INSERT INTO `eqdkp_raid_attendees` VALUES (19,'Tzoo');
INSERT INTO `eqdkp_raid_attendees` VALUES (19,'Unarmed');
INSERT INTO `eqdkp_raid_attendees` VALUES (19,'Utgardloki');
INSERT INTO `eqdkp_raid_attendees` VALUES (19,'Vaevictis');
INSERT INTO `eqdkp_raid_attendees` VALUES (19,'Vig');
INSERT INTO `eqdkp_raid_attendees` VALUES (19,'Witchking');
INSERT INTO `eqdkp_raid_attendees` VALUES (19,'Xarnum');
INSERT INTO `eqdkp_raid_attendees` VALUES (19,'Zhenkira');
INSERT INTO `eqdkp_raid_attendees` VALUES (20,'Alucarrd');
INSERT INTO `eqdkp_raid_attendees` VALUES (20,'Ambel');
INSERT INTO `eqdkp_raid_attendees` VALUES (20,'Bendeadlong');
INSERT INTO `eqdkp_raid_attendees` VALUES (20,'Blangerdon');
INSERT INTO `eqdkp_raid_attendees` VALUES (20,'Croog');
INSERT INTO `eqdkp_raid_attendees` VALUES (20,'Dalehawkins');
INSERT INTO `eqdkp_raid_attendees` VALUES (20,'Desdemonda');
INSERT INTO `eqdkp_raid_attendees` VALUES (20,'Endevour');
INSERT INTO `eqdkp_raid_attendees` VALUES (20,'Halaster');
INSERT INTO `eqdkp_raid_attendees` VALUES (20,'Hockee');
INSERT INTO `eqdkp_raid_attendees` VALUES (20,'Imprezzed');
INSERT INTO `eqdkp_raid_attendees` VALUES (20,'Innouthule');
INSERT INTO `eqdkp_raid_attendees` VALUES (20,'Jelandi');
INSERT INTO `eqdkp_raid_attendees` VALUES (20,'Kadelthin');
INSERT INTO `eqdkp_raid_attendees` VALUES (20,'Karunaji');
INSERT INTO `eqdkp_raid_attendees` VALUES (20,'Kazgra');
INSERT INTO `eqdkp_raid_attendees` VALUES (20,'Krenshar');
INSERT INTO `eqdkp_raid_attendees` VALUES (20,'Lifeblood');
INSERT INTO `eqdkp_raid_attendees` VALUES (20,'Mackstab');
INSERT INTO `eqdkp_raid_attendees` VALUES (20,'Malanari');
INSERT INTO `eqdkp_raid_attendees` VALUES (20,'Malignance');
INSERT INTO `eqdkp_raid_attendees` VALUES (20,'Mindblade');
INSERT INTO `eqdkp_raid_attendees` VALUES (20,'Moofus');
INSERT INTO `eqdkp_raid_attendees` VALUES (20,'Mook');
INSERT INTO `eqdkp_raid_attendees` VALUES (20,'Moosby');
INSERT INTO `eqdkp_raid_attendees` VALUES (20,'Morphcow');
INSERT INTO `eqdkp_raid_attendees` VALUES (20,'Motulak');
INSERT INTO `eqdkp_raid_attendees` VALUES (20,'Narik');
INSERT INTO `eqdkp_raid_attendees` VALUES (20,'Naydien');
INSERT INTO `eqdkp_raid_attendees` VALUES (20,'Nyuks');
INSERT INTO `eqdkp_raid_attendees` VALUES (20,'Overdose');
INSERT INTO `eqdkp_raid_attendees` VALUES (20,'Raldin');
INSERT INTO `eqdkp_raid_attendees` VALUES (20,'Simodine');
INSERT INTO `eqdkp_raid_attendees` VALUES (20,'Sreza');
INSERT INTO `eqdkp_raid_attendees` VALUES (20,'Subflict');
INSERT INTO `eqdkp_raid_attendees` VALUES (20,'Swifteagle');
INSERT INTO `eqdkp_raid_attendees` VALUES (20,'Sysskyll');
INSERT INTO `eqdkp_raid_attendees` VALUES (20,'Tanz');
INSERT INTO `eqdkp_raid_attendees` VALUES (20,'Tulgaat');
INSERT INTO `eqdkp_raid_attendees` VALUES (20,'Tzoo');
INSERT INTO `eqdkp_raid_attendees` VALUES (20,'Unarmed');
INSERT INTO `eqdkp_raid_attendees` VALUES (20,'Utgardloki');
INSERT INTO `eqdkp_raid_attendees` VALUES (20,'Vaevictis');
INSERT INTO `eqdkp_raid_attendees` VALUES (20,'Vig');
INSERT INTO `eqdkp_raid_attendees` VALUES (20,'Witchking');
INSERT INTO `eqdkp_raid_attendees` VALUES (20,'Xarnum');
INSERT INTO `eqdkp_raid_attendees` VALUES (20,'Zhenkira');
INSERT INTO `eqdkp_raid_attendees` VALUES (21,'Alucarrd');
INSERT INTO `eqdkp_raid_attendees` VALUES (21,'Ambel');
INSERT INTO `eqdkp_raid_attendees` VALUES (21,'Bendeadlong');
INSERT INTO `eqdkp_raid_attendees` VALUES (21,'Blangerdon');
INSERT INTO `eqdkp_raid_attendees` VALUES (21,'Croog');
INSERT INTO `eqdkp_raid_attendees` VALUES (21,'Dalehawkins');
INSERT INTO `eqdkp_raid_attendees` VALUES (21,'Desdemonda');
INSERT INTO `eqdkp_raid_attendees` VALUES (21,'Endevour');
INSERT INTO `eqdkp_raid_attendees` VALUES (21,'Halaster');
INSERT INTO `eqdkp_raid_attendees` VALUES (21,'Hockee');
INSERT INTO `eqdkp_raid_attendees` VALUES (21,'Innouthule');
INSERT INTO `eqdkp_raid_attendees` VALUES (21,'Jelandi');
INSERT INTO `eqdkp_raid_attendees` VALUES (21,'Kadelthin');
INSERT INTO `eqdkp_raid_attendees` VALUES (21,'Karunaji');
INSERT INTO `eqdkp_raid_attendees` VALUES (21,'Kazgra');
INSERT INTO `eqdkp_raid_attendees` VALUES (21,'Krenshar');
INSERT INTO `eqdkp_raid_attendees` VALUES (21,'Lifeblood');
INSERT INTO `eqdkp_raid_attendees` VALUES (21,'Mackstab');
INSERT INTO `eqdkp_raid_attendees` VALUES (21,'Malanari');
INSERT INTO `eqdkp_raid_attendees` VALUES (21,'Malignance');
INSERT INTO `eqdkp_raid_attendees` VALUES (21,'Mindblade');
INSERT INTO `eqdkp_raid_attendees` VALUES (21,'Moofus');
INSERT INTO `eqdkp_raid_attendees` VALUES (21,'Mook');
INSERT INTO `eqdkp_raid_attendees` VALUES (21,'Moosby');
INSERT INTO `eqdkp_raid_attendees` VALUES (21,'Morphcow');
INSERT INTO `eqdkp_raid_attendees` VALUES (21,'Motulak');
INSERT INTO `eqdkp_raid_attendees` VALUES (21,'Narik');
INSERT INTO `eqdkp_raid_attendees` VALUES (21,'Naydien');
INSERT INTO `eqdkp_raid_attendees` VALUES (21,'Nyuks');
INSERT INTO `eqdkp_raid_attendees` VALUES (21,'Overdose');
INSERT INTO `eqdkp_raid_attendees` VALUES (21,'Raldin');
INSERT INTO `eqdkp_raid_attendees` VALUES (21,'Simodine');
INSERT INTO `eqdkp_raid_attendees` VALUES (21,'Sreza');
INSERT INTO `eqdkp_raid_attendees` VALUES (21,'Subflict');
INSERT INTO `eqdkp_raid_attendees` VALUES (21,'Swifteagle');
INSERT INTO `eqdkp_raid_attendees` VALUES (21,'Sysskyll');
INSERT INTO `eqdkp_raid_attendees` VALUES (21,'Tanz');
INSERT INTO `eqdkp_raid_attendees` VALUES (21,'Tulgaat');
INSERT INTO `eqdkp_raid_attendees` VALUES (21,'Tzoo');
INSERT INTO `eqdkp_raid_attendees` VALUES (21,'Unarmed');
INSERT INTO `eqdkp_raid_attendees` VALUES (21,'Utgardloki');
INSERT INTO `eqdkp_raid_attendees` VALUES (21,'Vaevictis');
INSERT INTO `eqdkp_raid_attendees` VALUES (21,'Vig');
INSERT INTO `eqdkp_raid_attendees` VALUES (21,'Witchking');
INSERT INTO `eqdkp_raid_attendees` VALUES (21,'Xarnum');
INSERT INTO `eqdkp_raid_attendees` VALUES (21,'Zhenkira');
INSERT INTO `eqdkp_raid_attendees` VALUES (23,'Alucarrd');
INSERT INTO `eqdkp_raid_attendees` VALUES (23,'Ambel');
INSERT INTO `eqdkp_raid_attendees` VALUES (23,'Bendeadlong');
INSERT INTO `eqdkp_raid_attendees` VALUES (23,'Berthelemy');
INSERT INTO `eqdkp_raid_attendees` VALUES (23,'Blangerdon');
INSERT INTO `eqdkp_raid_attendees` VALUES (23,'Croog');
INSERT INTO `eqdkp_raid_attendees` VALUES (23,'Dalehawkins');
INSERT INTO `eqdkp_raid_attendees` VALUES (23,'Desdemonda');
INSERT INTO `eqdkp_raid_attendees` VALUES (23,'Forain');
INSERT INTO `eqdkp_raid_attendees` VALUES (23,'Hockee');
INSERT INTO `eqdkp_raid_attendees` VALUES (23,'Jelandi');
INSERT INTO `eqdkp_raid_attendees` VALUES (23,'Kadelthin');
INSERT INTO `eqdkp_raid_attendees` VALUES (23,'Karunaji');
INSERT INTO `eqdkp_raid_attendees` VALUES (23,'Lifeblood');
INSERT INTO `eqdkp_raid_attendees` VALUES (23,'Malanari');
INSERT INTO `eqdkp_raid_attendees` VALUES (23,'Malcontent');
INSERT INTO `eqdkp_raid_attendees` VALUES (23,'Malignance');
INSERT INTO `eqdkp_raid_attendees` VALUES (23,'Mallicia');
INSERT INTO `eqdkp_raid_attendees` VALUES (23,'Mindblade');
INSERT INTO `eqdkp_raid_attendees` VALUES (23,'Moofus');
INSERT INTO `eqdkp_raid_attendees` VALUES (23,'Mook');
INSERT INTO `eqdkp_raid_attendees` VALUES (23,'Moosby');
INSERT INTO `eqdkp_raid_attendees` VALUES (23,'Morphcow');
INSERT INTO `eqdkp_raid_attendees` VALUES (23,'Narik');
INSERT INTO `eqdkp_raid_attendees` VALUES (23,'Naydien');
INSERT INTO `eqdkp_raid_attendees` VALUES (23,'Nyuks');
INSERT INTO `eqdkp_raid_attendees` VALUES (23,'Overdose');
INSERT INTO `eqdkp_raid_attendees` VALUES (23,'Raldin');
INSERT INTO `eqdkp_raid_attendees` VALUES (23,'Halaster');
INSERT INTO `eqdkp_raid_attendees` VALUES (23,'Simodine');
INSERT INTO `eqdkp_raid_attendees` VALUES (23,'Sreza');
INSERT INTO `eqdkp_raid_attendees` VALUES (23,'Subflict');
INSERT INTO `eqdkp_raid_attendees` VALUES (23,'Swifteagle');
INSERT INTO `eqdkp_raid_attendees` VALUES (23,'Sysskyll');
INSERT INTO `eqdkp_raid_attendees` VALUES (23,'Tulgaat');
INSERT INTO `eqdkp_raid_attendees` VALUES (23,'Tzoo');
INSERT INTO `eqdkp_raid_attendees` VALUES (23,'Unarmed');
INSERT INTO `eqdkp_raid_attendees` VALUES (23,'Witchking');
INSERT INTO `eqdkp_raid_attendees` VALUES (23,'Xarnum');
INSERT INTO `eqdkp_raid_attendees` VALUES (23,'Zeruhl');
INSERT INTO `eqdkp_raid_attendees` VALUES (23,'Zhenkira');
INSERT INTO `eqdkp_raid_attendees` VALUES (24,'Alucarrd');
INSERT INTO `eqdkp_raid_attendees` VALUES (24,'Ambel');
INSERT INTO `eqdkp_raid_attendees` VALUES (24,'Bendeadlong');
INSERT INTO `eqdkp_raid_attendees` VALUES (24,'Berthelemy');
INSERT INTO `eqdkp_raid_attendees` VALUES (24,'Blangerdon');
INSERT INTO `eqdkp_raid_attendees` VALUES (24,'Croog');
INSERT INTO `eqdkp_raid_attendees` VALUES (24,'Dalehawkins');
INSERT INTO `eqdkp_raid_attendees` VALUES (24,'Desdemonda');
INSERT INTO `eqdkp_raid_attendees` VALUES (24,'Forain');
INSERT INTO `eqdkp_raid_attendees` VALUES (24,'Hockee');
INSERT INTO `eqdkp_raid_attendees` VALUES (24,'Jelandi');
INSERT INTO `eqdkp_raid_attendees` VALUES (24,'Kadelthin');
INSERT INTO `eqdkp_raid_attendees` VALUES (24,'Karunaji');
INSERT INTO `eqdkp_raid_attendees` VALUES (24,'Lifeblood');
INSERT INTO `eqdkp_raid_attendees` VALUES (24,'Malanari');
INSERT INTO `eqdkp_raid_attendees` VALUES (24,'Malcontent');
INSERT INTO `eqdkp_raid_attendees` VALUES (24,'Malignance');
INSERT INTO `eqdkp_raid_attendees` VALUES (24,'Mallicia');
INSERT INTO `eqdkp_raid_attendees` VALUES (24,'Mindblade');
INSERT INTO `eqdkp_raid_attendees` VALUES (24,'Moofus');
INSERT INTO `eqdkp_raid_attendees` VALUES (24,'Mook');
INSERT INTO `eqdkp_raid_attendees` VALUES (24,'Moosby');
INSERT INTO `eqdkp_raid_attendees` VALUES (24,'Morphcow');
INSERT INTO `eqdkp_raid_attendees` VALUES (24,'Narik');
INSERT INTO `eqdkp_raid_attendees` VALUES (24,'Naydien');
INSERT INTO `eqdkp_raid_attendees` VALUES (24,'Nyuks');
INSERT INTO `eqdkp_raid_attendees` VALUES (24,'Overdose');
INSERT INTO `eqdkp_raid_attendees` VALUES (24,'Raldin');
INSERT INTO `eqdkp_raid_attendees` VALUES (24,'Halaster');
INSERT INTO `eqdkp_raid_attendees` VALUES (24,'Simodine');
INSERT INTO `eqdkp_raid_attendees` VALUES (24,'Sreza');
INSERT INTO `eqdkp_raid_attendees` VALUES (24,'Subflict');
INSERT INTO `eqdkp_raid_attendees` VALUES (24,'Swifteagle');
INSERT INTO `eqdkp_raid_attendees` VALUES (24,'Sysskyll');
INSERT INTO `eqdkp_raid_attendees` VALUES (24,'Tulgaat');
INSERT INTO `eqdkp_raid_attendees` VALUES (24,'Tzoo');
INSERT INTO `eqdkp_raid_attendees` VALUES (24,'Unarmed');
INSERT INTO `eqdkp_raid_attendees` VALUES (24,'Witchking');
INSERT INTO `eqdkp_raid_attendees` VALUES (24,'Xarnum');
INSERT INTO `eqdkp_raid_attendees` VALUES (24,'Zeruhl');
INSERT INTO `eqdkp_raid_attendees` VALUES (24,'Zhenkira');
INSERT INTO `eqdkp_raid_attendees` VALUES (25,'Alucarrd');
INSERT INTO `eqdkp_raid_attendees` VALUES (25,'Bendeadlong');
INSERT INTO `eqdkp_raid_attendees` VALUES (25,'Berthelemy');
INSERT INTO `eqdkp_raid_attendees` VALUES (25,'Blangerdon');
INSERT INTO `eqdkp_raid_attendees` VALUES (25,'Croog');
INSERT INTO `eqdkp_raid_attendees` VALUES (25,'Dalehawkins');
INSERT INTO `eqdkp_raid_attendees` VALUES (25,'Desdemonda');
INSERT INTO `eqdkp_raid_attendees` VALUES (25,'Forain');
INSERT INTO `eqdkp_raid_attendees` VALUES (25,'Hockee');
INSERT INTO `eqdkp_raid_attendees` VALUES (25,'Jelandi');
INSERT INTO `eqdkp_raid_attendees` VALUES (25,'Kadelthin');
INSERT INTO `eqdkp_raid_attendees` VALUES (25,'Karunaji');
INSERT INTO `eqdkp_raid_attendees` VALUES (25,'Lifeblood');
INSERT INTO `eqdkp_raid_attendees` VALUES (25,'Malanari');
INSERT INTO `eqdkp_raid_attendees` VALUES (25,'Malcontent');
INSERT INTO `eqdkp_raid_attendees` VALUES (25,'Malignance');
INSERT INTO `eqdkp_raid_attendees` VALUES (25,'Mallicia');
INSERT INTO `eqdkp_raid_attendees` VALUES (25,'Mindblade');
INSERT INTO `eqdkp_raid_attendees` VALUES (25,'Moofus');
INSERT INTO `eqdkp_raid_attendees` VALUES (25,'Mook');
INSERT INTO `eqdkp_raid_attendees` VALUES (25,'Moosby');
INSERT INTO `eqdkp_raid_attendees` VALUES (25,'Morphcow');
INSERT INTO `eqdkp_raid_attendees` VALUES (25,'Narik');
INSERT INTO `eqdkp_raid_attendees` VALUES (25,'Naydien');
INSERT INTO `eqdkp_raid_attendees` VALUES (25,'Nyuks');
INSERT INTO `eqdkp_raid_attendees` VALUES (25,'Overdose');
INSERT INTO `eqdkp_raid_attendees` VALUES (25,'Raldin');
INSERT INTO `eqdkp_raid_attendees` VALUES (25,'Halaster');
INSERT INTO `eqdkp_raid_attendees` VALUES (25,'Simodine');
INSERT INTO `eqdkp_raid_attendees` VALUES (25,'Sreza');
INSERT INTO `eqdkp_raid_attendees` VALUES (25,'Subflict');
INSERT INTO `eqdkp_raid_attendees` VALUES (25,'Swifteagle');
INSERT INTO `eqdkp_raid_attendees` VALUES (25,'Sysskyll');
INSERT INTO `eqdkp_raid_attendees` VALUES (25,'Tulgaat');
INSERT INTO `eqdkp_raid_attendees` VALUES (25,'Tzoo');
INSERT INTO `eqdkp_raid_attendees` VALUES (25,'Unarmed');
INSERT INTO `eqdkp_raid_attendees` VALUES (25,'Witchking');
INSERT INTO `eqdkp_raid_attendees` VALUES (25,'Xarnum');
INSERT INTO `eqdkp_raid_attendees` VALUES (25,'Zeruhl');
INSERT INTO `eqdkp_raid_attendees` VALUES (25,'Zhenkira');
INSERT INTO `eqdkp_raid_attendees` VALUES (22,'Alucarrd');
INSERT INTO `eqdkp_raid_attendees` VALUES (22,'Ambel');
INSERT INTO `eqdkp_raid_attendees` VALUES (22,'Bendeadlong');
INSERT INTO `eqdkp_raid_attendees` VALUES (22,'Berthelemy');
INSERT INTO `eqdkp_raid_attendees` VALUES (22,'Blangerdon');
INSERT INTO `eqdkp_raid_attendees` VALUES (22,'Croog');
INSERT INTO `eqdkp_raid_attendees` VALUES (22,'Dalehawkins');
INSERT INTO `eqdkp_raid_attendees` VALUES (22,'Desdemonda');
INSERT INTO `eqdkp_raid_attendees` VALUES (22,'Forain');
INSERT INTO `eqdkp_raid_attendees` VALUES (22,'Hockee');
INSERT INTO `eqdkp_raid_attendees` VALUES (22,'Jelandi');
INSERT INTO `eqdkp_raid_attendees` VALUES (22,'Kadelthin');
INSERT INTO `eqdkp_raid_attendees` VALUES (22,'Karunaji');
INSERT INTO `eqdkp_raid_attendees` VALUES (22,'Lifeblood');
INSERT INTO `eqdkp_raid_attendees` VALUES (22,'Malanari');
INSERT INTO `eqdkp_raid_attendees` VALUES (22,'Malcontent');
INSERT INTO `eqdkp_raid_attendees` VALUES (22,'Malignance');
INSERT INTO `eqdkp_raid_attendees` VALUES (22,'Mallicia');
INSERT INTO `eqdkp_raid_attendees` VALUES (22,'Mindblade');
INSERT INTO `eqdkp_raid_attendees` VALUES (22,'Moofus');
INSERT INTO `eqdkp_raid_attendees` VALUES (22,'Mook');
INSERT INTO `eqdkp_raid_attendees` VALUES (22,'Moosby');
INSERT INTO `eqdkp_raid_attendees` VALUES (22,'Morphcow');
INSERT INTO `eqdkp_raid_attendees` VALUES (22,'Narik');
INSERT INTO `eqdkp_raid_attendees` VALUES (22,'Naydien');
INSERT INTO `eqdkp_raid_attendees` VALUES (22,'Nyuks');
INSERT INTO `eqdkp_raid_attendees` VALUES (22,'Overdose');
INSERT INTO `eqdkp_raid_attendees` VALUES (22,'Raldin');
INSERT INTO `eqdkp_raid_attendees` VALUES (22,'Halaster');
INSERT INTO `eqdkp_raid_attendees` VALUES (22,'Simodine');
INSERT INTO `eqdkp_raid_attendees` VALUES (22,'Sreza');
INSERT INTO `eqdkp_raid_attendees` VALUES (22,'Subflict');
INSERT INTO `eqdkp_raid_attendees` VALUES (22,'Swifteagle');
INSERT INTO `eqdkp_raid_attendees` VALUES (22,'Sysskyll');
INSERT INTO `eqdkp_raid_attendees` VALUES (22,'Tulgaat');
INSERT INTO `eqdkp_raid_attendees` VALUES (22,'Tzoo');
INSERT INTO `eqdkp_raid_attendees` VALUES (22,'Unarmed');
INSERT INTO `eqdkp_raid_attendees` VALUES (22,'Witchking');
INSERT INTO `eqdkp_raid_attendees` VALUES (22,'Xarnum');
INSERT INTO `eqdkp_raid_attendees` VALUES (22,'Zeruhl');
INSERT INTO `eqdkp_raid_attendees` VALUES (22,'Zhenkira');
INSERT INTO `eqdkp_raid_attendees` VALUES (26,'Alucarrd');
INSERT INTO `eqdkp_raid_attendees` VALUES (26,'Ambel');
INSERT INTO `eqdkp_raid_attendees` VALUES (26,'Bendeadlong');
INSERT INTO `eqdkp_raid_attendees` VALUES (26,'Blangerdon');
INSERT INTO `eqdkp_raid_attendees` VALUES (26,'Dalehawkins');
INSERT INTO `eqdkp_raid_attendees` VALUES (26,'Desdemonda');
INSERT INTO `eqdkp_raid_attendees` VALUES (26,'Endevour');
INSERT INTO `eqdkp_raid_attendees` VALUES (26,'Halaster');
INSERT INTO `eqdkp_raid_attendees` VALUES (26,'Hilltop');
INSERT INTO `eqdkp_raid_attendees` VALUES (26,'Hockee');
INSERT INTO `eqdkp_raid_attendees` VALUES (26,'Imprezzed');
INSERT INTO `eqdkp_raid_attendees` VALUES (26,'Jelandi');
INSERT INTO `eqdkp_raid_attendees` VALUES (26,'Kadelthin');
INSERT INTO `eqdkp_raid_attendees` VALUES (26,'Karunaji');
INSERT INTO `eqdkp_raid_attendees` VALUES (26,'Kazgra');
INSERT INTO `eqdkp_raid_attendees` VALUES (26,'Lifeblood');
INSERT INTO `eqdkp_raid_attendees` VALUES (26,'Mackstab');
INSERT INTO `eqdkp_raid_attendees` VALUES (26,'Malanari');
INSERT INTO `eqdkp_raid_attendees` VALUES (26,'Malignance');
INSERT INTO `eqdkp_raid_attendees` VALUES (26,'Mallicia');
INSERT INTO `eqdkp_raid_attendees` VALUES (26,'Melisela');
INSERT INTO `eqdkp_raid_attendees` VALUES (26,'Mief');
INSERT INTO `eqdkp_raid_attendees` VALUES (26,'Mindblade');
INSERT INTO `eqdkp_raid_attendees` VALUES (26,'Moofus');
INSERT INTO `eqdkp_raid_attendees` VALUES (26,'Mook');
INSERT INTO `eqdkp_raid_attendees` VALUES (26,'Moosby');
INSERT INTO `eqdkp_raid_attendees` VALUES (26,'Morphcow');
INSERT INTO `eqdkp_raid_attendees` VALUES (26,'Narik');
INSERT INTO `eqdkp_raid_attendees` VALUES (26,'Naydien');
INSERT INTO `eqdkp_raid_attendees` VALUES (26,'Nyuks');
INSERT INTO `eqdkp_raid_attendees` VALUES (26,'Overdose');
INSERT INTO `eqdkp_raid_attendees` VALUES (26,'Principe');
INSERT INTO `eqdkp_raid_attendees` VALUES (26,'Raldin');
INSERT INTO `eqdkp_raid_attendees` VALUES (26,'Ronashi');
INSERT INTO `eqdkp_raid_attendees` VALUES (26,'Schittle');
INSERT INTO `eqdkp_raid_attendees` VALUES (26,'Simodine');
INSERT INTO `eqdkp_raid_attendees` VALUES (26,'Sreza');
INSERT INTO `eqdkp_raid_attendees` VALUES (26,'Swifteagle');
INSERT INTO `eqdkp_raid_attendees` VALUES (26,'Sysskyll');
INSERT INTO `eqdkp_raid_attendees` VALUES (26,'Tanz');
INSERT INTO `eqdkp_raid_attendees` VALUES (26,'Tulgaat');
INSERT INTO `eqdkp_raid_attendees` VALUES (26,'Tzoo');
INSERT INTO `eqdkp_raid_attendees` VALUES (26,'Unarmed');
INSERT INTO `eqdkp_raid_attendees` VALUES (26,'Utgardloki');
INSERT INTO `eqdkp_raid_attendees` VALUES (26,'Vaevictis');
INSERT INTO `eqdkp_raid_attendees` VALUES (26,'Vig');
INSERT INTO `eqdkp_raid_attendees` VALUES (26,'Witchking');
INSERT INTO `eqdkp_raid_attendees` VALUES (26,'Xarnum');
INSERT INTO `eqdkp_raid_attendees` VALUES (26,'Zeruhl');
INSERT INTO `eqdkp_raid_attendees` VALUES (26,'Zhenkira');
INSERT INTO `eqdkp_raid_attendees` VALUES (27,'Alucarrd');
INSERT INTO `eqdkp_raid_attendees` VALUES (27,'Ambel');
INSERT INTO `eqdkp_raid_attendees` VALUES (27,'Bendeadlong');
INSERT INTO `eqdkp_raid_attendees` VALUES (27,'Blangerdon');
INSERT INTO `eqdkp_raid_attendees` VALUES (27,'Dalehawkins');
INSERT INTO `eqdkp_raid_attendees` VALUES (27,'Desdemonda');
INSERT INTO `eqdkp_raid_attendees` VALUES (27,'Endevour');
INSERT INTO `eqdkp_raid_attendees` VALUES (27,'Halaster');
INSERT INTO `eqdkp_raid_attendees` VALUES (27,'Hilltop');
INSERT INTO `eqdkp_raid_attendees` VALUES (27,'Hockee');
INSERT INTO `eqdkp_raid_attendees` VALUES (27,'Imprezzed');
INSERT INTO `eqdkp_raid_attendees` VALUES (27,'Jelandi');
INSERT INTO `eqdkp_raid_attendees` VALUES (27,'Kadelthin');
INSERT INTO `eqdkp_raid_attendees` VALUES (27,'Karunaji');
INSERT INTO `eqdkp_raid_attendees` VALUES (27,'Kazgra');
INSERT INTO `eqdkp_raid_attendees` VALUES (27,'Lifeblood');
INSERT INTO `eqdkp_raid_attendees` VALUES (27,'Mackstab');
INSERT INTO `eqdkp_raid_attendees` VALUES (27,'Malanari');
INSERT INTO `eqdkp_raid_attendees` VALUES (27,'Malignance');
INSERT INTO `eqdkp_raid_attendees` VALUES (27,'Mallicia');
INSERT INTO `eqdkp_raid_attendees` VALUES (27,'Melisela');
INSERT INTO `eqdkp_raid_attendees` VALUES (27,'Mief');
INSERT INTO `eqdkp_raid_attendees` VALUES (27,'Mindblade');
INSERT INTO `eqdkp_raid_attendees` VALUES (27,'Moofus');
INSERT INTO `eqdkp_raid_attendees` VALUES (27,'Mook');
INSERT INTO `eqdkp_raid_attendees` VALUES (27,'Moosby');
INSERT INTO `eqdkp_raid_attendees` VALUES (27,'Morphcow');
INSERT INTO `eqdkp_raid_attendees` VALUES (27,'Narik');
INSERT INTO `eqdkp_raid_attendees` VALUES (27,'Naydien');
INSERT INTO `eqdkp_raid_attendees` VALUES (27,'Nyuks');
INSERT INTO `eqdkp_raid_attendees` VALUES (27,'Overdose');
INSERT INTO `eqdkp_raid_attendees` VALUES (27,'Principe');
INSERT INTO `eqdkp_raid_attendees` VALUES (27,'Raldin');
INSERT INTO `eqdkp_raid_attendees` VALUES (27,'Ronashi');
INSERT INTO `eqdkp_raid_attendees` VALUES (27,'Schittle');
INSERT INTO `eqdkp_raid_attendees` VALUES (27,'Simodine');
INSERT INTO `eqdkp_raid_attendees` VALUES (27,'Sreza');
INSERT INTO `eqdkp_raid_attendees` VALUES (27,'Swifteagle');
INSERT INTO `eqdkp_raid_attendees` VALUES (27,'Sysskyll');
INSERT INTO `eqdkp_raid_attendees` VALUES (27,'Tanz');
INSERT INTO `eqdkp_raid_attendees` VALUES (27,'Tulgaat');
INSERT INTO `eqdkp_raid_attendees` VALUES (27,'Tzoo');
INSERT INTO `eqdkp_raid_attendees` VALUES (27,'Unarmed');
INSERT INTO `eqdkp_raid_attendees` VALUES (27,'Utgardloki');
INSERT INTO `eqdkp_raid_attendees` VALUES (27,'Vaevictis');
INSERT INTO `eqdkp_raid_attendees` VALUES (27,'Vig');
INSERT INTO `eqdkp_raid_attendees` VALUES (27,'Witchking');
INSERT INTO `eqdkp_raid_attendees` VALUES (27,'Xarnum');
INSERT INTO `eqdkp_raid_attendees` VALUES (27,'Zeruhl');
INSERT INTO `eqdkp_raid_attendees` VALUES (27,'Zhenkira');
INSERT INTO `eqdkp_raid_attendees` VALUES (28,'Alucarrd');
INSERT INTO `eqdkp_raid_attendees` VALUES (28,'Ambel');
INSERT INTO `eqdkp_raid_attendees` VALUES (28,'Bendeadlong');
INSERT INTO `eqdkp_raid_attendees` VALUES (28,'Blangerdon');
INSERT INTO `eqdkp_raid_attendees` VALUES (28,'Dalehawkins');
INSERT INTO `eqdkp_raid_attendees` VALUES (28,'Desdemonda');
INSERT INTO `eqdkp_raid_attendees` VALUES (28,'Endevour');
INSERT INTO `eqdkp_raid_attendees` VALUES (28,'Halaster');
INSERT INTO `eqdkp_raid_attendees` VALUES (28,'Hilltop');
INSERT INTO `eqdkp_raid_attendees` VALUES (28,'Hockee');
INSERT INTO `eqdkp_raid_attendees` VALUES (28,'Imprezzed');
INSERT INTO `eqdkp_raid_attendees` VALUES (28,'Jelandi');
INSERT INTO `eqdkp_raid_attendees` VALUES (28,'Kadelthin');
INSERT INTO `eqdkp_raid_attendees` VALUES (28,'Karunaji');
INSERT INTO `eqdkp_raid_attendees` VALUES (28,'Kazgra');
INSERT INTO `eqdkp_raid_attendees` VALUES (28,'Lifeblood');
INSERT INTO `eqdkp_raid_attendees` VALUES (28,'Mackstab');
INSERT INTO `eqdkp_raid_attendees` VALUES (28,'Malanari');
INSERT INTO `eqdkp_raid_attendees` VALUES (28,'Malignance');
INSERT INTO `eqdkp_raid_attendees` VALUES (28,'Mallicia');
INSERT INTO `eqdkp_raid_attendees` VALUES (28,'Melisela');
INSERT INTO `eqdkp_raid_attendees` VALUES (28,'Mief');
INSERT INTO `eqdkp_raid_attendees` VALUES (28,'Mindblade');
INSERT INTO `eqdkp_raid_attendees` VALUES (28,'Moofus');
INSERT INTO `eqdkp_raid_attendees` VALUES (28,'Mook');
INSERT INTO `eqdkp_raid_attendees` VALUES (28,'Moosby');
INSERT INTO `eqdkp_raid_attendees` VALUES (28,'Morphcow');
INSERT INTO `eqdkp_raid_attendees` VALUES (28,'Narik');
INSERT INTO `eqdkp_raid_attendees` VALUES (28,'Naydien');
INSERT INTO `eqdkp_raid_attendees` VALUES (28,'Nyuks');
INSERT INTO `eqdkp_raid_attendees` VALUES (28,'Overdose');
INSERT INTO `eqdkp_raid_attendees` VALUES (28,'Principe');
INSERT INTO `eqdkp_raid_attendees` VALUES (28,'Raldin');
INSERT INTO `eqdkp_raid_attendees` VALUES (28,'Ronashi');
INSERT INTO `eqdkp_raid_attendees` VALUES (28,'Schittle');
INSERT INTO `eqdkp_raid_attendees` VALUES (28,'Simodine');
INSERT INTO `eqdkp_raid_attendees` VALUES (28,'Sreza');
INSERT INTO `eqdkp_raid_attendees` VALUES (28,'Swifteagle');
INSERT INTO `eqdkp_raid_attendees` VALUES (28,'Sysskyll');
INSERT INTO `eqdkp_raid_attendees` VALUES (28,'Tanz');
INSERT INTO `eqdkp_raid_attendees` VALUES (28,'Tulgaat');
INSERT INTO `eqdkp_raid_attendees` VALUES (28,'Tzoo');
INSERT INTO `eqdkp_raid_attendees` VALUES (28,'Unarmed');
INSERT INTO `eqdkp_raid_attendees` VALUES (28,'Utgardloki');
INSERT INTO `eqdkp_raid_attendees` VALUES (28,'Vaevictis');
INSERT INTO `eqdkp_raid_attendees` VALUES (28,'Vig');
INSERT INTO `eqdkp_raid_attendees` VALUES (28,'Witchking');
INSERT INTO `eqdkp_raid_attendees` VALUES (28,'Xarnum');
INSERT INTO `eqdkp_raid_attendees` VALUES (28,'Zeruhl');
INSERT INTO `eqdkp_raid_attendees` VALUES (28,'Zhenkira');
INSERT INTO `eqdkp_raid_attendees` VALUES (29,'Alucarrd');
INSERT INTO `eqdkp_raid_attendees` VALUES (29,'Ambel');
INSERT INTO `eqdkp_raid_attendees` VALUES (29,'Bendeadlong');
INSERT INTO `eqdkp_raid_attendees` VALUES (29,'Blangerdon');
INSERT INTO `eqdkp_raid_attendees` VALUES (29,'Dalehawkins');
INSERT INTO `eqdkp_raid_attendees` VALUES (29,'Desdemonda');
INSERT INTO `eqdkp_raid_attendees` VALUES (29,'Endevour');
INSERT INTO `eqdkp_raid_attendees` VALUES (29,'Halaster');
INSERT INTO `eqdkp_raid_attendees` VALUES (29,'Hilltop');
INSERT INTO `eqdkp_raid_attendees` VALUES (29,'Hockee');
INSERT INTO `eqdkp_raid_attendees` VALUES (29,'Imprezzed');
INSERT INTO `eqdkp_raid_attendees` VALUES (29,'Jelandi');
INSERT INTO `eqdkp_raid_attendees` VALUES (29,'Kadelthin');
INSERT INTO `eqdkp_raid_attendees` VALUES (29,'Karunaji');
INSERT INTO `eqdkp_raid_attendees` VALUES (29,'Kazgra');
INSERT INTO `eqdkp_raid_attendees` VALUES (29,'Lifeblood');
INSERT INTO `eqdkp_raid_attendees` VALUES (29,'Mackstab');
INSERT INTO `eqdkp_raid_attendees` VALUES (29,'Malanari');
INSERT INTO `eqdkp_raid_attendees` VALUES (29,'Malignance');
INSERT INTO `eqdkp_raid_attendees` VALUES (29,'Mallicia');
INSERT INTO `eqdkp_raid_attendees` VALUES (29,'Melisela');
INSERT INTO `eqdkp_raid_attendees` VALUES (29,'Mief');
INSERT INTO `eqdkp_raid_attendees` VALUES (29,'Mindblade');
INSERT INTO `eqdkp_raid_attendees` VALUES (29,'Moofus');
INSERT INTO `eqdkp_raid_attendees` VALUES (29,'Mook');
INSERT INTO `eqdkp_raid_attendees` VALUES (29,'Moosby');
INSERT INTO `eqdkp_raid_attendees` VALUES (29,'Morphcow');
INSERT INTO `eqdkp_raid_attendees` VALUES (29,'Narik');
INSERT INTO `eqdkp_raid_attendees` VALUES (29,'Naydien');
INSERT INTO `eqdkp_raid_attendees` VALUES (29,'Nyuks');
INSERT INTO `eqdkp_raid_attendees` VALUES (29,'Overdose');
INSERT INTO `eqdkp_raid_attendees` VALUES (29,'Principe');
INSERT INTO `eqdkp_raid_attendees` VALUES (29,'Raldin');
INSERT INTO `eqdkp_raid_attendees` VALUES (29,'Ronashi');
INSERT INTO `eqdkp_raid_attendees` VALUES (29,'Schittle');
INSERT INTO `eqdkp_raid_attendees` VALUES (29,'Simodine');
INSERT INTO `eqdkp_raid_attendees` VALUES (29,'Sreza');
INSERT INTO `eqdkp_raid_attendees` VALUES (29,'Swifteagle');
INSERT INTO `eqdkp_raid_attendees` VALUES (29,'Sysskyll');
INSERT INTO `eqdkp_raid_attendees` VALUES (29,'Tanz');
INSERT INTO `eqdkp_raid_attendees` VALUES (29,'Tulgaat');
INSERT INTO `eqdkp_raid_attendees` VALUES (29,'Tzoo');
INSERT INTO `eqdkp_raid_attendees` VALUES (29,'Unarmed');
INSERT INTO `eqdkp_raid_attendees` VALUES (29,'Utgardloki');
INSERT INTO `eqdkp_raid_attendees` VALUES (29,'Vaevictis');
INSERT INTO `eqdkp_raid_attendees` VALUES (29,'Vig');
INSERT INTO `eqdkp_raid_attendees` VALUES (29,'Witchking');
INSERT INTO `eqdkp_raid_attendees` VALUES (29,'Xarnum');
INSERT INTO `eqdkp_raid_attendees` VALUES (29,'Zeruhl');
INSERT INTO `eqdkp_raid_attendees` VALUES (29,'Zhenkira');
INSERT INTO `eqdkp_raid_attendees` VALUES (31,'Alucarrd');
INSERT INTO `eqdkp_raid_attendees` VALUES (31,'Aurix');
INSERT INTO `eqdkp_raid_attendees` VALUES (31,'Bendeadlong');
INSERT INTO `eqdkp_raid_attendees` VALUES (31,'Berthelemy');
INSERT INTO `eqdkp_raid_attendees` VALUES (31,'Blangerdon');
INSERT INTO `eqdkp_raid_attendees` VALUES (31,'Dalehawkins');
INSERT INTO `eqdkp_raid_attendees` VALUES (31,'Desdemonda');
INSERT INTO `eqdkp_raid_attendees` VALUES (31,'Endevour');
INSERT INTO `eqdkp_raid_attendees` VALUES (31,'Forain');
INSERT INTO `eqdkp_raid_attendees` VALUES (31,'Hilltop');
INSERT INTO `eqdkp_raid_attendees` VALUES (31,'Hockee');
INSERT INTO `eqdkp_raid_attendees` VALUES (31,'Imprezzed');
INSERT INTO `eqdkp_raid_attendees` VALUES (31,'Jelandi');
INSERT INTO `eqdkp_raid_attendees` VALUES (31,'Karunaji');
INSERT INTO `eqdkp_raid_attendees` VALUES (31,'Kazgra');
INSERT INTO `eqdkp_raid_attendees` VALUES (31,'Lifeblood');
INSERT INTO `eqdkp_raid_attendees` VALUES (31,'Malanari');
INSERT INTO `eqdkp_raid_attendees` VALUES (31,'Malcontent');
INSERT INTO `eqdkp_raid_attendees` VALUES (31,'Malignance');
INSERT INTO `eqdkp_raid_attendees` VALUES (31,'Mallicia');
INSERT INTO `eqdkp_raid_attendees` VALUES (31,'Mindblade');
INSERT INTO `eqdkp_raid_attendees` VALUES (31,'Moofus');
INSERT INTO `eqdkp_raid_attendees` VALUES (31,'Mook');
INSERT INTO `eqdkp_raid_attendees` VALUES (31,'Moosby');
INSERT INTO `eqdkp_raid_attendees` VALUES (31,'Morphcow');
INSERT INTO `eqdkp_raid_attendees` VALUES (31,'Narik');
INSERT INTO `eqdkp_raid_attendees` VALUES (31,'Naydien');
INSERT INTO `eqdkp_raid_attendees` VALUES (31,'Nyuks');
INSERT INTO `eqdkp_raid_attendees` VALUES (31,'Overdose');
INSERT INTO `eqdkp_raid_attendees` VALUES (31,'Principe');
INSERT INTO `eqdkp_raid_attendees` VALUES (31,'Raldin');
INSERT INTO `eqdkp_raid_attendees` VALUES (31,'Simodine');
INSERT INTO `eqdkp_raid_attendees` VALUES (31,'Sreza');
INSERT INTO `eqdkp_raid_attendees` VALUES (31,'Subflict');
INSERT INTO `eqdkp_raid_attendees` VALUES (31,'Sysskyll');
INSERT INTO `eqdkp_raid_attendees` VALUES (31,'Tanz');
INSERT INTO `eqdkp_raid_attendees` VALUES (31,'Tulgaat');
INSERT INTO `eqdkp_raid_attendees` VALUES (31,'Tzoo');
INSERT INTO `eqdkp_raid_attendees` VALUES (31,'Unarmed');
INSERT INTO `eqdkp_raid_attendees` VALUES (31,'Utgardloki');
INSERT INTO `eqdkp_raid_attendees` VALUES (31,'Vig');
INSERT INTO `eqdkp_raid_attendees` VALUES (31,'Witchking');
INSERT INTO `eqdkp_raid_attendees` VALUES (31,'Xarnum');
INSERT INTO `eqdkp_raid_attendees` VALUES (31,'Zhenkira');
INSERT INTO `eqdkp_raid_attendees` VALUES (31,'Zonkers');
INSERT INTO `eqdkp_raid_attendees` VALUES (30,'Alucarrd');
INSERT INTO `eqdkp_raid_attendees` VALUES (30,'Aurix');
INSERT INTO `eqdkp_raid_attendees` VALUES (30,'Bendeadlong');
INSERT INTO `eqdkp_raid_attendees` VALUES (30,'Berthelemy');
INSERT INTO `eqdkp_raid_attendees` VALUES (30,'Blangerdon');
INSERT INTO `eqdkp_raid_attendees` VALUES (30,'Dalehawkins');
INSERT INTO `eqdkp_raid_attendees` VALUES (30,'Desdemonda');
INSERT INTO `eqdkp_raid_attendees` VALUES (30,'Endevour');
INSERT INTO `eqdkp_raid_attendees` VALUES (30,'Forain');
INSERT INTO `eqdkp_raid_attendees` VALUES (30,'Hilltop');
INSERT INTO `eqdkp_raid_attendees` VALUES (30,'Hockee');
INSERT INTO `eqdkp_raid_attendees` VALUES (30,'Imprezzed');
INSERT INTO `eqdkp_raid_attendees` VALUES (30,'Jelandi');
INSERT INTO `eqdkp_raid_attendees` VALUES (30,'Karunaji');
INSERT INTO `eqdkp_raid_attendees` VALUES (30,'Kazgra');
INSERT INTO `eqdkp_raid_attendees` VALUES (30,'Lifeblood');
INSERT INTO `eqdkp_raid_attendees` VALUES (30,'Malanari');
INSERT INTO `eqdkp_raid_attendees` VALUES (30,'Malcontent');
INSERT INTO `eqdkp_raid_attendees` VALUES (30,'Malignance');
INSERT INTO `eqdkp_raid_attendees` VALUES (30,'Mallicia');
INSERT INTO `eqdkp_raid_attendees` VALUES (30,'Mindblade');
INSERT INTO `eqdkp_raid_attendees` VALUES (30,'Moofus');
INSERT INTO `eqdkp_raid_attendees` VALUES (30,'Mook');
INSERT INTO `eqdkp_raid_attendees` VALUES (30,'Moosby');
INSERT INTO `eqdkp_raid_attendees` VALUES (30,'Morphcow');
INSERT INTO `eqdkp_raid_attendees` VALUES (30,'Narik');
INSERT INTO `eqdkp_raid_attendees` VALUES (30,'Naydien');
INSERT INTO `eqdkp_raid_attendees` VALUES (30,'Nyuks');
INSERT INTO `eqdkp_raid_attendees` VALUES (30,'Overdose');
INSERT INTO `eqdkp_raid_attendees` VALUES (30,'Principe');
INSERT INTO `eqdkp_raid_attendees` VALUES (30,'Raldin');
INSERT INTO `eqdkp_raid_attendees` VALUES (30,'Simodine');
INSERT INTO `eqdkp_raid_attendees` VALUES (30,'Sreza');
INSERT INTO `eqdkp_raid_attendees` VALUES (30,'Subflict');
INSERT INTO `eqdkp_raid_attendees` VALUES (30,'Sysskyll');
INSERT INTO `eqdkp_raid_attendees` VALUES (30,'Tanz');
INSERT INTO `eqdkp_raid_attendees` VALUES (30,'Tulgaat');
INSERT INTO `eqdkp_raid_attendees` VALUES (30,'Tzoo');
INSERT INTO `eqdkp_raid_attendees` VALUES (30,'Unarmed');
INSERT INTO `eqdkp_raid_attendees` VALUES (30,'Utgardloki');
INSERT INTO `eqdkp_raid_attendees` VALUES (30,'Vig');
INSERT INTO `eqdkp_raid_attendees` VALUES (30,'Witchking');
INSERT INTO `eqdkp_raid_attendees` VALUES (30,'Xarnum');
INSERT INTO `eqdkp_raid_attendees` VALUES (30,'Zhenkira');
INSERT INTO `eqdkp_raid_attendees` VALUES (30,'Zonkers');
INSERT INTO `eqdkp_raid_attendees` VALUES (32,'Alucarrd');
INSERT INTO `eqdkp_raid_attendees` VALUES (32,'Aurix');
INSERT INTO `eqdkp_raid_attendees` VALUES (32,'Bendeadlong');
INSERT INTO `eqdkp_raid_attendees` VALUES (32,'Berthelemy');
INSERT INTO `eqdkp_raid_attendees` VALUES (32,'Blangerdon');
INSERT INTO `eqdkp_raid_attendees` VALUES (32,'Dalehawkins');
INSERT INTO `eqdkp_raid_attendees` VALUES (32,'Desdemonda');
INSERT INTO `eqdkp_raid_attendees` VALUES (32,'Endevour');
INSERT INTO `eqdkp_raid_attendees` VALUES (32,'Forain');
INSERT INTO `eqdkp_raid_attendees` VALUES (32,'Hilltop');
INSERT INTO `eqdkp_raid_attendees` VALUES (32,'Hockee');
INSERT INTO `eqdkp_raid_attendees` VALUES (32,'Imprezzed');
INSERT INTO `eqdkp_raid_attendees` VALUES (32,'Jelandi');
INSERT INTO `eqdkp_raid_attendees` VALUES (32,'Karunaji');
INSERT INTO `eqdkp_raid_attendees` VALUES (32,'Kazgra');
INSERT INTO `eqdkp_raid_attendees` VALUES (32,'Lifeblood');
INSERT INTO `eqdkp_raid_attendees` VALUES (32,'Malanari');
INSERT INTO `eqdkp_raid_attendees` VALUES (32,'Malcontent');
INSERT INTO `eqdkp_raid_attendees` VALUES (32,'Malignance');
INSERT INTO `eqdkp_raid_attendees` VALUES (32,'Mallicia');
INSERT INTO `eqdkp_raid_attendees` VALUES (32,'Mindblade');
INSERT INTO `eqdkp_raid_attendees` VALUES (32,'Moofus');
INSERT INTO `eqdkp_raid_attendees` VALUES (32,'Mook');
INSERT INTO `eqdkp_raid_attendees` VALUES (32,'Moosby');
INSERT INTO `eqdkp_raid_attendees` VALUES (32,'Morphcow');
INSERT INTO `eqdkp_raid_attendees` VALUES (32,'Narik');
INSERT INTO `eqdkp_raid_attendees` VALUES (32,'Naydien');
INSERT INTO `eqdkp_raid_attendees` VALUES (32,'Nyuks');
INSERT INTO `eqdkp_raid_attendees` VALUES (32,'Overdose');
INSERT INTO `eqdkp_raid_attendees` VALUES (32,'Principe');
INSERT INTO `eqdkp_raid_attendees` VALUES (32,'Raldin');
INSERT INTO `eqdkp_raid_attendees` VALUES (32,'Simodine');
INSERT INTO `eqdkp_raid_attendees` VALUES (32,'Sreza');
INSERT INTO `eqdkp_raid_attendees` VALUES (32,'Subflict');
INSERT INTO `eqdkp_raid_attendees` VALUES (32,'Sysskyll');
INSERT INTO `eqdkp_raid_attendees` VALUES (32,'Tanz');
INSERT INTO `eqdkp_raid_attendees` VALUES (32,'Tulgaat');
INSERT INTO `eqdkp_raid_attendees` VALUES (32,'Tzoo');
INSERT INTO `eqdkp_raid_attendees` VALUES (32,'Unarmed');
INSERT INTO `eqdkp_raid_attendees` VALUES (32,'Utgardloki');
INSERT INTO `eqdkp_raid_attendees` VALUES (32,'Vig');
INSERT INTO `eqdkp_raid_attendees` VALUES (32,'Witchking');
INSERT INTO `eqdkp_raid_attendees` VALUES (32,'Xarnum');
INSERT INTO `eqdkp_raid_attendees` VALUES (32,'Zhenkira');
INSERT INTO `eqdkp_raid_attendees` VALUES (32,'Zonkers');
INSERT INTO `eqdkp_raid_attendees` VALUES (33,'Alucarrd');
INSERT INTO `eqdkp_raid_attendees` VALUES (33,'Aurix');
INSERT INTO `eqdkp_raid_attendees` VALUES (33,'Bendeadlong');
INSERT INTO `eqdkp_raid_attendees` VALUES (33,'Berthelemy');
INSERT INTO `eqdkp_raid_attendees` VALUES (33,'Blangerdon');
INSERT INTO `eqdkp_raid_attendees` VALUES (33,'Dalehawkins');
INSERT INTO `eqdkp_raid_attendees` VALUES (33,'Desdemonda');
INSERT INTO `eqdkp_raid_attendees` VALUES (33,'Endevour');
INSERT INTO `eqdkp_raid_attendees` VALUES (33,'Forain');
INSERT INTO `eqdkp_raid_attendees` VALUES (33,'Hilltop');
INSERT INTO `eqdkp_raid_attendees` VALUES (33,'Hockee');
INSERT INTO `eqdkp_raid_attendees` VALUES (33,'Imprezzed');
INSERT INTO `eqdkp_raid_attendees` VALUES (33,'Jelandi');
INSERT INTO `eqdkp_raid_attendees` VALUES (33,'Karunaji');
INSERT INTO `eqdkp_raid_attendees` VALUES (33,'Kazgra');
INSERT INTO `eqdkp_raid_attendees` VALUES (33,'Lifeblood');
INSERT INTO `eqdkp_raid_attendees` VALUES (33,'Malanari');
INSERT INTO `eqdkp_raid_attendees` VALUES (33,'Malcontent');
INSERT INTO `eqdkp_raid_attendees` VALUES (33,'Malignance');
INSERT INTO `eqdkp_raid_attendees` VALUES (33,'Mallicia');
INSERT INTO `eqdkp_raid_attendees` VALUES (33,'Mindblade');
INSERT INTO `eqdkp_raid_attendees` VALUES (33,'Moofus');
INSERT INTO `eqdkp_raid_attendees` VALUES (33,'Mook');
INSERT INTO `eqdkp_raid_attendees` VALUES (33,'Moosby');
INSERT INTO `eqdkp_raid_attendees` VALUES (33,'Morphcow');
INSERT INTO `eqdkp_raid_attendees` VALUES (33,'Narik');
INSERT INTO `eqdkp_raid_attendees` VALUES (33,'Naydien');
INSERT INTO `eqdkp_raid_attendees` VALUES (33,'Nyuks');
INSERT INTO `eqdkp_raid_attendees` VALUES (33,'Overdose');
INSERT INTO `eqdkp_raid_attendees` VALUES (33,'Principe');
INSERT INTO `eqdkp_raid_attendees` VALUES (33,'Raldin');
INSERT INTO `eqdkp_raid_attendees` VALUES (33,'Simodine');
INSERT INTO `eqdkp_raid_attendees` VALUES (33,'Sreza');
INSERT INTO `eqdkp_raid_attendees` VALUES (33,'Subflict');
INSERT INTO `eqdkp_raid_attendees` VALUES (33,'Sysskyll');
INSERT INTO `eqdkp_raid_attendees` VALUES (33,'Tanz');
INSERT INTO `eqdkp_raid_attendees` VALUES (33,'Tulgaat');
INSERT INTO `eqdkp_raid_attendees` VALUES (33,'Tzoo');
INSERT INTO `eqdkp_raid_attendees` VALUES (33,'Unarmed');
INSERT INTO `eqdkp_raid_attendees` VALUES (33,'Utgardloki');
INSERT INTO `eqdkp_raid_attendees` VALUES (33,'Vig');
INSERT INTO `eqdkp_raid_attendees` VALUES (33,'Witchking');
INSERT INTO `eqdkp_raid_attendees` VALUES (33,'Xarnum');
INSERT INTO `eqdkp_raid_attendees` VALUES (33,'Zhenkira');
INSERT INTO `eqdkp_raid_attendees` VALUES (33,'Zonkers');

--
-- Table structure for table `eqdkp_raidbanker_bank`
--

CREATE TABLE `eqdkp_raidbanker_bank` (
  `rb_bank_id` mediumint(8) unsigned NOT NULL,
  `rb_char_name` varchar(255) default NULL,
  `rb_item_name` varchar(255) default NULL,
  `rb_item_rarity` mediumint(8) default '0',
  `rb_item_type` varchar(255) default NULL,
  `rb_item_amount` mediumint(8) default '0',
  PRIMARY KEY  (`rb_bank_id`)
);

--
-- Dumping data for table `eqdkp_raidbanker_bank`
--


--
-- Table structure for table `eqdkp_raidbanker_chars`
--

CREATE TABLE `eqdkp_raidbanker_chars` (
  `rb_char_name` varchar(255) default NULL,
  `rb_char_gold` mediumint(8) default '0',
  `rb_char_silver` mediumint(8) default '0',
  `rb_char_copper` mediumint(8) default '0',
  `rb_date` int(11) NOT NULL default '0',
  UNIQUE KEY `rb_char_name` (`rb_char_name`)
);

--
-- Dumping data for table `eqdkp_raidbanker_chars`
--


--
-- Table structure for table `eqdkp_raidplan_classes`
--

CREATE TABLE `eqdkp_raidplan_classes` (
  `event_name` varchar(50) NOT NULL default '',
  `class_name` varchar(50) NOT NULL default '',
  `class_count` smallint(3) NOT NULL default '0'
);

--
-- Dumping data for table `eqdkp_raidplan_classes`
--


--
-- Table structure for table `eqdkp_raidplan_config`
--

CREATE TABLE `eqdkp_raidplan_config` (
  `config_name` varchar(255) NOT NULL default '',
  `config_value` varchar(255) default NULL,
  PRIMARY KEY  (`config_name`)
);

--
-- Dumping data for table `eqdkp_raidplan_config`
--

INSERT INTO `eqdkp_raidplan_config` VALUES ('rp_auto_hash','dgt_is_kewl');
INSERT INTO `eqdkp_raidplan_config` VALUES ('rp_auto_path','./lua_dl/');
INSERT INTO `eqdkp_raidplan_config` VALUES ('rp_last_days','7');
INSERT INTO `eqdkp_raidplan_config` VALUES ('rp_roll_systm','1');
INSERT INTO `eqdkp_raidplan_config` VALUES ('rp_send_email','0');
INSERT INTO `eqdkp_raidplan_config` VALUES ('rp_short_rank','1');
INSERT INTO `eqdkp_raidplan_config` VALUES ('rp_show_ranks','1');
INSERT INTO `eqdkp_raidplan_config` VALUES ('rp_use_css','1');
INSERT INTO `eqdkp_raidplan_config` VALUES ('rp_wildcard','1');

--
-- Table structure for table `eqdkp_raidplan_raid_attendees`
--

CREATE TABLE `eqdkp_raidplan_raid_attendees` (
  `raid_id` mediumint(8) unsigned NOT NULL default '0',
  `member_id` mediumint(5) NOT NULL default '0',
  `attendees_subscribed` tinyint(1) NOT NULL default '0',
  `attendees_note` text,
  `attendees_signup_time` int(11) NOT NULL default '0',
  `confirmed` tinyint(1) NOT NULL default '0',
  `attendees_random` mediumint(4) NOT NULL default '0',
  KEY `raid_id` (`raid_id`),
  KEY `member_name` (`member_id`)
);

--
-- Dumping data for table `eqdkp_raidplan_raid_attendees`
--


--
-- Table structure for table `eqdkp_raidplan_raid_classes`
--

CREATE TABLE `eqdkp_raidplan_raid_classes` (
  `raid_id` mediumint(8) unsigned NOT NULL default '0',
  `class_name` varchar(50) default NULL,
  `class_count` smallint(3) unsigned NOT NULL default '0',
  KEY `raid_id` (`raid_id`)
);

--
-- Dumping data for table `eqdkp_raidplan_raid_classes`
--


--
-- Table structure for table `eqdkp_raidplan_raids`
--

CREATE TABLE `eqdkp_raidplan_raids` (
  `raid_id` mediumint(8) unsigned NOT NULL,
  `raid_name` varchar(255) default NULL,
  `raid_date` int(11) NOT NULL default '0',
  `raid_date_invite` int(11) NOT NULL default '0',
  `raid_date_subscription` int(11) NOT NULL default '0',
  `raid_note` text,
  `raid_value` float(6,2) default NULL,
  `raid_attendees` mediumint(8) NOT NULL default '0',
  `raid_added_by` varchar(30) NOT NULL default '',
  `raid_updated_by` varchar(30) default NULL,
  PRIMARY KEY  (`raid_id`)
);

--
-- Dumping data for table `eqdkp_raidplan_raids`
--


--
-- Table structure for table `eqdkp_raidplan_wildcards`
--

CREATE TABLE `eqdkp_raidplan_wildcards` (
  `user_name` varchar(25) default NULL,
  `wildcard` tinyint(1) NOT NULL default '0',
  KEY `user_name` (`user_name`)
);

--
-- Dumping data for table `eqdkp_raidplan_wildcards`
--


--
-- Table structure for table `eqdkp_raids`
--

CREATE TABLE `eqdkp_raids` (
  `raid_id` mediumint(8) unsigned NOT NULL,
  `raid_name` varchar(255) default NULL,
  `raid_date` int(11) NOT NULL default '0',
  `raid_note` varchar(255) default NULL,
  `raid_value` float(6,2) NOT NULL default '0.00',
  `raid_added_by` varchar(30) NOT NULL,
  `raid_updated_by` varchar(30) default NULL,
  PRIMARY KEY  (`raid_id`)
);

--
-- Dumping data for table `eqdkp_raids`
--

INSERT INTO `eqdkp_raids` VALUES (1,'Ahn Qiraj',1157937248,'Raid Attendance 7:00-8:00',1.00,'RaidTracker (by gsc)','gsc');
INSERT INTO `eqdkp_raids` VALUES (2,'Ahn Qiraj',1157941178,'Raid Attendance 8:00-9:00',1.00,'RaidTracker (by gsc)','gsc');
INSERT INTO `eqdkp_raids` VALUES (3,'Ahn Qiraj',1157946572,'Raid Attendance 9:00-10:00',1.00,'RaidTracker (by gsc)','gsc');
INSERT INTO `eqdkp_raids` VALUES (4,'Ahn Qiraj',1157949670,'Raid Attendance 10:00-11:00',1.00,'gsc','gsc');
INSERT INTO `eqdkp_raids` VALUES (5,'Ahn Qiraj',1158022296,'Raid Attendance 7:00-8:00',1.00,'RaidTracker (by gsc)','gsc');
INSERT INTO `eqdkp_raids` VALUES (6,'Ahn Qiraj',1158026822,'Raid Attendance 8:00-9:00',1.00,'RaidTracker (by gsc)','gsc');
INSERT INTO `eqdkp_raids` VALUES (7,'Ahn Qiraj',1158030722,'Raid Attendance 9:00-10:00',1.00,'RaidTracker (by gsc)','gsc');
INSERT INTO `eqdkp_raids` VALUES (8,'Ahn Qiraj',1158033988,'Raid Attendance 10:00-11:00',1.00,'RaidTracker (by gsc)','gsc');
INSERT INTO `eqdkp_raids` VALUES (9,'Blackwing Lair',1158112421,'Raid Attendance 7:00-8:00',1.00,'RaidTracker (by gsc)','gsc');
INSERT INTO `eqdkp_raids` VALUES (10,'Blackwing Lair',1158112421,'Raid Attendance 8:00-9:00',1.00,'RaidTracker (by gsc)','gsc');
INSERT INTO `eqdkp_raids` VALUES (11,'Blackwing Lair',1158117219,'Raid Attendance 9:00-10:00',1.00,'RaidTracker (by gsc)','gsc');
INSERT INTO `eqdkp_raids` VALUES (12,'Blackwing Lair',1158119520,'Raid Attendance 10:00-11:00',1.00,'RaidTracker (by gsc)','gsc');
INSERT INTO `eqdkp_raids` VALUES (13,'Blackwing Lair',1158195661,'Raid Attendance 7:00-8:00',1.00,'RaidTracker (by gsc)','gsc');
INSERT INTO `eqdkp_raids` VALUES (14,'Blackwing Lair',1158203308,'Raid Attendance 8:00-9:00',1.00,'RaidTracker (by gsc)','gsc');
INSERT INTO `eqdkp_raids` VALUES (15,'Blackwing Lair',1158203308,'Raid Attendance 9:00-10:00',1.00,'RaidTracker (by gsc)','gsc');
INSERT INTO `eqdkp_raids` VALUES (16,'Blackwing Lair',1158203308,'Raid Attendance 10:00-11:00',1.00,'RaidTracker (by gsc)','gsc');
INSERT INTO `eqdkp_raids` VALUES (17,'Ahn Qiraj',1158541200,'Raid Attendance 6:00-7:00',1.00,'gsc','gsc');
INSERT INTO `eqdkp_raids` VALUES (18,'Ahn Qiraj',1158544800,'Raid Attendance 7:00-8:00',1.00,'gsc','gsc');
INSERT INTO `eqdkp_raids` VALUES (19,'Ahn Qiraj',1158548400,'Raid Attendance 8:00-9:00',1.00,'gsc','gsc');
INSERT INTO `eqdkp_raids` VALUES (20,'Ahn Qiraj',1158552000,'Raid Attendance 9:00-10:00',1.00,'gsc','gsc');
INSERT INTO `eqdkp_raids` VALUES (21,'Ahn Qiraj',1158555600,'Raid Attendance 10:00-11:00',1.00,'gsc','gsc');
INSERT INTO `eqdkp_raids` VALUES (22,'Onyxia',1158627600,'Raid Attendance 7:00-8:00',1.00,'gsc','gsc');
INSERT INTO `eqdkp_raids` VALUES (23,'Ahn Qiraj',1158631200,'Raid Attendance 8:00-9:00',1.00,'gsc','gsc');
INSERT INTO `eqdkp_raids` VALUES (24,'Ahn Qiraj',1158631200,'Raid Attendance 9:00-10:00',1.00,'gsc',NULL);
INSERT INTO `eqdkp_raids` VALUES (25,'Ahn Qiraj',1158634800,'Raid Attendance 10:00-11:00',1.00,'gsc',NULL);
INSERT INTO `eqdkp_raids` VALUES (26,'Blackwing Lair',1158717600,'Raid Attendance 7:00-8:00',1.00,'gsc',NULL);
INSERT INTO `eqdkp_raids` VALUES (27,'Blackwing Lair',1158721200,'Raid Attendance 8:00-9:00',1.00,'gsc',NULL);
INSERT INTO `eqdkp_raids` VALUES (28,'Blackwing Lair',1158724800,'Raid Attendance 9:00-10:00',1.00,'gsc',NULL);
INSERT INTO `eqdkp_raids` VALUES (29,'Blackwing Lair',1158728400,'Raid Attendance 10:00-11:00',1.00,'gsc',NULL);
INSERT INTO `eqdkp_raids` VALUES (30,'Blackwing Lair',1158800400,'Raid Attendance 7:00-8:00',1.00,'gsc','gsc');
INSERT INTO `eqdkp_raids` VALUES (31,'Blackwing Lair',1158807600,'Raid Attendance 8:00-9:00',1.00,'gsc',NULL);
INSERT INTO `eqdkp_raids` VALUES (32,'Ahn Qiraj',1158811200,'Raid Attendance 9:00-10:00',1.00,'gsc',NULL);
INSERT INTO `eqdkp_raids` VALUES (33,'Ahn Qiraj',1158814800,'Raid Attendance 10:00-11:00',1.00,'gsc',NULL);

--
-- Table structure for table `eqdkp_sessions`
--

CREATE TABLE `eqdkp_sessions` (
  `session_id` varchar(32) NOT NULL,
  `session_user_id` smallint(5) NOT NULL default '-1',
  `session_last_visit` int(11) NOT NULL default '0',
  `session_start` int(11) NOT NULL,
  `session_current` int(11) NOT NULL,
  `session_page` varchar(100) NOT NULL default '0',
  `session_ip` varchar(15) NOT NULL,
  PRIMARY KEY  (`session_id`),
  KEY `session_current` (`session_current`)
);

--
-- Dumping data for table `eqdkp_sessions`
--

INSERT INTO `eqdkp_sessions` VALUES ('2d9010aa04634b28cd1adfe4582a5270',-1,1163236119,1163236119,1163236119,'listmembers&o=4.0&filter=none','71.218.27.18');

--
-- Table structure for table `eqdkp_style_config`
--

CREATE TABLE `eqdkp_style_config` (
  `style_id` smallint(5) unsigned NOT NULL,
  `attendees_columns` enum('1','2','3','4','5','6','7','8','9','10') NOT NULL default '6',
  `date_notime_long` varchar(10) NOT NULL default 'F j, Y',
  `date_notime_short` varchar(10) NOT NULL default 'm/d/y',
  `date_time` varchar(20) NOT NULL default 'm/d/y h:ia T',
  `logo_path` varchar(255) NOT NULL default 'logo.gif',
  PRIMARY KEY  (`style_id`)
);

--
-- Dumping data for table `eqdkp_style_config`
--

INSERT INTO `eqdkp_style_config` VALUES (1,'6','F j, Y','m/d/y','m/d/y h:ia T','logo.gif');
INSERT INTO `eqdkp_style_config` VALUES (2,'4','F j, Y','m/d/y','m/d/y h:ia T','old_school_logo.gif');
INSERT INTO `eqdkp_style_config` VALUES (3,'6','F j, Y','m/d/y','m/d/y h:ia T','vb_logo.gif');
INSERT INTO `eqdkp_style_config` VALUES (4,'6','F j, Y','m/d/y','m/d/y h:ia T','blueish_logo.gif');
INSERT INTO `eqdkp_style_config` VALUES (5,'6','F j, Y','m/d/y','m/d/y h:ia T','items_logo.gif');
INSERT INTO `eqdkp_style_config` VALUES (6,'6','F j, Y','m/d/y','m/d/y h:ia T','aallix_logo.gif');
INSERT INTO `eqdkp_style_config` VALUES (7,'6','F j, Y','m/d/y','m/d/y h:ia T','penguin_logo.gif');
INSERT INTO `eqdkp_style_config` VALUES (8,'6','F j, Y','m/d/y','m/d/y h:ia T','collab_logo.gif');
INSERT INTO `eqdkp_style_config` VALUES (9,'6','F j, Y','m/d/y','m/d/y h:ia T','invision_logo.gif');
INSERT INTO `eqdkp_style_config` VALUES (10,'8','F j, Y','m/d/y','m/d/y h:ia T','dkpua_logo.gif');
INSERT INTO `eqdkp_style_config` VALUES (11,'8','F j, Y','m/d/y','m/d/y h:ia T','subsilver_logo.gif');
INSERT INTO `eqdkp_style_config` VALUES (12,'8','F j, Y','m/d/y','m/d/y h:ia T','logo.gif');
INSERT INTO `eqdkp_style_config` VALUES (13,'8','F j, Y','m/d/y','m/d/y h:ia T','logo.gif');
INSERT INTO `eqdkp_style_config` VALUES (14,'4','F j, Y','m/d/y','m/d/y h:ia T','logo.gif');
INSERT INTO `eqdkp_style_config` VALUES (15,'6','F j, Y','m/d/y','m/d/y h:ia T','/logo/wow_logo.gif');
INSERT INTO `eqdkp_style_config` VALUES (16,'4','F j, Y','m/d/y','m/d/y h:ia T','logo.gif');

--
-- Table structure for table `eqdkp_styles`
--

CREATE TABLE `eqdkp_styles` (
  `style_id` smallint(5) unsigned NOT NULL,
  `style_name` varchar(100) NOT NULL default '',
  `template_path` varchar(30) NOT NULL default 'default',
  `body_background` varchar(6) default NULL,
  `body_link` varchar(6) default NULL,
  `body_link_style` varchar(30) default NULL,
  `body_hlink` varchar(6) default NULL,
  `body_hlink_style` varchar(30) default NULL,
  `header_link` varchar(6) default NULL,
  `header_link_style` varchar(30) default NULL,
  `header_hlink` varchar(6) default NULL,
  `header_hlink_style` varchar(30) default NULL,
  `tr_color1` varchar(6) default NULL,
  `tr_color2` varchar(6) default NULL,
  `th_color1` varchar(6) default NULL,
  `fontface1` varchar(60) default NULL,
  `fontface2` varchar(60) default NULL,
  `fontface3` varchar(60) default NULL,
  `fontsize1` tinyint(4) default NULL,
  `fontsize2` tinyint(4) default NULL,
  `fontsize3` tinyint(4) default NULL,
  `fontcolor1` varchar(6) default NULL,
  `fontcolor2` varchar(6) default NULL,
  `fontcolor3` varchar(6) default NULL,
  `fontcolor_neg` varchar(6) default NULL,
  `fontcolor_pos` varchar(6) default NULL,
  `table_border_width` tinyint(3) default NULL,
  `table_border_color` varchar(6) default NULL,
  `table_border_style` varchar(30) default NULL,
  `input_color` varchar(6) default NULL,
  `input_border_width` tinyint(3) default NULL,
  `input_border_color` varchar(6) default NULL,
  `input_border_style` varchar(30) default NULL,
  PRIMARY KEY  (`style_id`)
);

--
-- Dumping data for table `eqdkp_styles`
--

INSERT INTO `eqdkp_styles` VALUES (1,'Default','default','212042','31308C','underline','000084','underline','CECFEF','underline','E6E6F5','underline','EFEFEF','FFFFFF','424563','Verdana, Tahoma, Arial','Verdana, Tahoma, Arial','Verdana, Tahoma, Arial',10,11,12,'000000','CECFEF','000000','F80000','008800',1,'7B819A','solid','FFFFFF',1,'000000','solid');
INSERT INTO `eqdkp_styles` VALUES (2,'Old School','default','FFFFFF','000000','underline','000000','underline','000000','underline','000000','underline','BCBFCB','D3D7DE','7B819A','Verdana, Tahoma, Arial','Verdana, Tahoma, Arial','Verdana, Tahoma, Arial',10,11,12,'000000','000000','000000','F80000','008800',0,'000000','solid','FFFFFF',1,'000000','solid');
INSERT INTO `eqdkp_styles` VALUES (3,'EQdkp VB','default','8080A6','000000','underline','FB4400','underline','FFF788','none','FFF788','underline','F1F1F1','DFDFDF','606096','Verdana, Tahoma, Arial','Verdana, Tahoma, Arial','Verdana, Tahoma, Arial',10,11,12,'000000','000000','000000','F80000','008800',0,'000000','none','FFFFFF',1,'000000','solid');
INSERT INTO `eqdkp_styles` VALUES (4,'Blueish','default','939EAF','586273','underline','FFF9F3','underline','FFFFFF','none','FFFFFF','none','D6DAE6','BFC5D3','828FA2','Verdana, Tahoma, Arial','Verdana, Tahoma, Arial','Verdana, Tahoma, Arial',10,11,12,'000000','FFFFFF','FFFFFF','F80000','008800',1,'455164','solid','727E93',1,'FFFFFF','solid');
INSERT INTO `eqdkp_styles` VALUES (5,'EQdkp Items','default','FFFFFF','2F415D','underline','E98219','underline','FFFFFF','underline','E98219','underline','F1F1F3','E3E4E8','263B58','Verdana, Tahoma, Arial','Verdana, Tahoma, Arial','Verdana, Tahoma, Arial',10,11,12,'000000','000000','000000','F80000','008800',1,'1D2846','solid','FFFFFF',1,'000000','solid');
INSERT INTO `eqdkp_styles` VALUES (6,'aallix Silver','default','FFFFFF','555555','none','EC8500','underline','555555','none','EC8500','underline','F2F2F2','FAFAFA','E0E0E0','Verdana, Tahoma, Arial','Verdana, Tahoma, Arial','Verdana, Tahoma, Arial',10,11,12,'000000','000000','000000','F80000','008800',1,'999999','solid','D1D1D1',1,'000000','solid');
INSERT INTO `eqdkp_styles` VALUES (7,'Penguin','default','FFFFFF','000000','underline','000000','underline','000000','underline','000000','underline','EEEEEE','FFFFFF','FFCC00','Verdana, Tahoma, Arial','Verdana, Tahoma, Arial','Verdana, Tahoma, Arial',10,11,12,'000000','000000','000000','F80000','008800',1,'FFCC00','solid','FFFFFF',1,'000000','solid');
INSERT INTO `eqdkp_styles` VALUES (8,'Collab','default','FFFFFF','354A55','underline','5B7F93','underline','5B7F93','underline','354A55','underline','F5F5F5','DEE7EB','C4D3DB','Verdana, Tahoma, Arial','Verdana, Tahoma, Arial','Verdana, Tahoma, Arial',10,11,12,'000000','000000','000000','F80000','008800',1,'999999','solid','FFFFFF',1,'000000','solid');
INSERT INTO `eqdkp_styles` VALUES (9,'EQdkp Invision','default','FFFFFF','000000','underline','465584','underline','3A4F6C','none','3A4F6C','underline','E4EAF2','DFE6EF','BCD0ED','Verdana, Tahoma, Arial','Verdana, Tahoma, Arial','Verdana, Tahoma, Arial',10,11,12,'000000','000000','000000','F80000','008800',1,'345487','solid','FFFFFF',1,'000000','solid');
INSERT INTO `eqdkp_styles` VALUES (10,'dkpUA','default','253546','C6C6C6','underline','576695','underline','C6C6C6','none','C6C6C6','underline','39495A','283846','1F2F3D','Verdana','Verdana','Verdana',10,11,12,'C6C6C6','C6C6C6','000000','FF0000','00C000',1,'60707E','solid','FFFFFF',1,'60707E','solid');
INSERT INTO `eqdkp_styles` VALUES (11,'subSilver','default','FFFFFF','006699','underline','DD6900','underline','FFA34F','none','FFA34F','underline','DEE3E7','EFEFEF','1073A5','Verdana, Arial','Verdana, Arial','Verdana, Arial',10,11,12,'000000','000000','000000','F80000','008800',1,'006699','solid','FFFFFF',1,'000000','solid');
INSERT INTO `eqdkp_styles` VALUES (12,'EQdkp VB2','default','FFFFFF','000000','underline','FF4400','underline','FFF788','none','FFF788','underline','F1F1F1','DFDFDF','8080A6','Verdana, Arial','Verdana, Arial','Verdana, Arial',10,11,12,'000000','000000','000000','F80000','008800',1,'555576','solid','FFFFFF',1,'000000','solid');
INSERT INTO `eqdkp_styles` VALUES (13,'EQCPS','default','7B7984','151F41','underline','800000','underline','FFFFFF','none','FFFFFF','none','CECBCE','BDBABD','424952','Verdana, Arial','Verdana, Arial','Verdana, Arial',10,11,12,'000000','000000','000000','800000','008000',1,'000000','solid','C0C0C0',1,'000000','solid');
INSERT INTO `eqdkp_styles` VALUES (14,'SubBlack_classIcons','subblack','000000','CC9900','none','FFFFCC','none','CC9900','none','FFFFCC','none','000000','212121','252425','Verdana, Arial','Verdana, Arial','Verdana, Arial',10,11,12,'FFFFCC','CC9900','FFFFCC','FF0000','00FF00',2,'212121','solid','000000',2,'212121','solid');
INSERT INTO `eqdkp_styles` VALUES (15,'wow_style','wow_style','000000','003366','underline','C60000','underline','003366','underline','C60000','underline','F2F2F2','FAFAFA','','Verdana, Tahoma, Arial','Verdana, Tahoma, Arial','Verdana, Tahoma, Arial',10,11,12,'003366','CBA300','003366','F80000','008800',1,'000000','solid','D1D1D1',1,'000000','solid');
INSERT INTO `eqdkp_styles` VALUES (16,'SubBlack','default','000000','CC9900','none','FFFFCC','none','CC9900','none','FFFFCC','none','000000','212121','252425','Verdana, Arial','Verdana, Arial','Verdana, Arial',10,11,12,'FFFFCC','CC9900','FFFFCC','FF0000','00FF00',2,'212121','solid','000000',2,'212121','solid');

--
-- Table structure for table `eqdkp_users`
--

CREATE TABLE `eqdkp_users` (
  `user_id` smallint(5) unsigned NOT NULL,
  `username` varchar(30) NOT NULL,
  `user_password` varchar(32) NOT NULL,
  `user_email` varchar(100) default NULL,
  `user_alimit` smallint(4) NOT NULL default '100',
  `user_elimit` smallint(4) NOT NULL default '100',
  `user_ilimit` smallint(4) NOT NULL default '100',
  `user_nlimit` smallint(2) NOT NULL default '10',
  `user_rlimit` smallint(4) NOT NULL default '100',
  `user_style` tinyint(4) default NULL,
  `user_lang` varchar(255) default NULL,
  `user_key` varchar(32) default NULL,
  `user_lastvisit` int(11) NOT NULL default '0',
  `user_lastpage` varchar(100) default '',
  `user_active` enum('0','1') NOT NULL default '1',
  `user_newpassword` varchar(32) default NULL,
  PRIMARY KEY  (`user_id`),
  UNIQUE KEY `username` (`username`)
);

--
-- Dumping data for table `eqdkp_users`
--

INSERT INTO `eqdkp_users` VALUES (1,'gsc','0bff5ddf57d254251830f934844b9cfb','jpwalch@charter.net',100,100,100,10,100,6,'english',NULL,1159228476,'addraid','1',NULL);
INSERT INTO `eqdkp_users` VALUES (2,'Jelandi','93a04b066fd81a1017825f2dcda313b2','cheesehead183@yahoo.com',100,100,100,10,100,6,'english','',1159033180,'listmembers','1',NULL);
INSERT INTO `eqdkp_users` VALUES (3,'Fallyn','3079dac2bda618663a3d9249a4042f48','Goldbuying@hotmail.com',100,100,100,10,100,16,'english','1deb85d',1160089722,'','',NULL);
INSERT INTO `eqdkp_users` VALUES (4,'Yuzuu','294149e9cee8b8f4a124d5e6bd7b544b','tunitt0633@gmail.com',100,100,100,10,100,6,'english','',1162855611,'viewnews','1',NULL);
INSERT INTO `eqdkp_users` VALUES (5,'Emorgangus','380f07f817788b782d703888c70b16fa','taglass@gmail.com',100,100,100,10,100,6,'english','',1163039908,'/f/listmembers.php','1',NULL);


