--
-- Host: localhost    Database: dkp_areteattendance
-- ------------------------------------------------------


--
-- Current Database: `dkp_areteattendance`
--

CREATE DATABASE /*!32312 IF NOT EXISTS*/ `dkp_areteattendance` /*!40100 DEFAULT CHARACTER SET latin1 */;

USE `dkp_areteattendance`;

--
-- Table structure for table `eqdkp_adjustments`
--

CREATE TABLE `eqdkp_adjustments` (
  `adjustment_id` mediumint(8) unsigned NOT NULL auto_increment,
  `adjustment_value` float(11,2) default NULL,
  `adjustment_date` int(11) NOT NULL default '0',
  `member_name` varchar(30) default NULL,
  `adjustment_reason` varchar(255) default NULL,
  `adjustment_added_by` varchar(30) NOT NULL,
  `adjustment_updated_by` varchar(30) default NULL,
  `adjustment_group_key` varchar(32) default NULL,
  PRIMARY KEY  (`adjustment_id`)
) ENGINE=InnoDB DEFAULT CHARSET=latin1;

--
-- Dumping data for table `eqdkp_adjustments`
--



--
-- Table structure for table `eqdkp_auth_options`
--

CREATE TABLE `eqdkp_auth_options` (
  `auth_id` smallint(3) unsigned NOT NULL,
  `auth_value` varchar(25) NOT NULL,
  `auth_default` enum('N','Y') NOT NULL default 'N',
  PRIMARY KEY  (`auth_id`),
  KEY `auth_value` (`auth_value`)
) ENGINE=InnoDB DEFAULT CHARSET=latin1;

--
-- Dumping data for table `eqdkp_auth_options`
--


INSERT INTO `eqdkp_auth_options` VALUES (1,'a_event_add','N'),(2,'a_event_upd','N'),(3,'a_event_del','N'),(4,'a_groupadj_add','N'),(5,'a_groupadj_upd','N'),(6,'a_groupadj_del','N'),(7,'a_indivadj_add','N'),(8,'a_indivadj_upd','N'),(9,'a_indivadj_del','N'),(10,'a_item_add','N'),(11,'a_item_upd','N'),(12,'a_item_del','N'),(13,'a_news_add','N'),(14,'a_news_upd','N'),(15,'a_news_del','N'),(16,'a_raid_add','N'),(17,'a_raid_upd','N'),(18,'a_raid_del','N'),(19,'a_turnin_add','N'),(20,'a_config_man','N'),(21,'a_members_man','N'),(22,'a_users_man','N'),(23,'a_logs_view','N'),(24,'u_event_list','Y'),(25,'u_event_view','Y'),(26,'u_item_list','Y'),(27,'u_item_view','Y'),(28,'u_member_list','Y'),(29,'u_member_view','Y'),(30,'u_raid_list','Y'),(31,'u_raid_view','Y'),(32,'a_plugins_man','N'),(33,'a_styles_man','N'),(34,'a_soap_read','N'),(35,'a_soap_write','N'),(36,'a_lua_import','N'),(501,'a_raidplan_add','N'),(502,'a_raidplan_update','N'),(503,'a_raidplan_delete','N'),(504,'u_raidplan_list','Y'),(505,'u_raidplan_view','Y'),(506,'a_raidplan_config','N'),(901,'a_raidbanker_import','N'),(902,'u_raidbanker_view','Y'),(903,'a_raidbanker_update','N');

--
-- Table structure for table `eqdkp_auth_users`
--

CREATE TABLE `eqdkp_auth_users` (
  `user_id` smallint(5) unsigned NOT NULL,
  `auth_id` smallint(3) unsigned NOT NULL,
  `auth_setting` enum('N','Y') NOT NULL default 'N',
  KEY `auth_id` (`auth_id`),
  KEY `user_id` (`user_id`)
) ENGINE=InnoDB DEFAULT CHARSET=latin1;

--
-- Dumping data for table `eqdkp_auth_users`
--


INSERT INTO `eqdkp_auth_users` VALUES (1,1,'Y'),(1,2,'Y'),(1,3,'Y'),(1,4,'Y'),(1,5,'Y'),(1,6,'Y'),(1,7,'Y'),(1,8,'Y'),(1,9,'Y'),(1,10,'Y'),(1,11,'Y'),(1,12,'Y'),(1,13,'Y'),(1,14,'Y'),(1,15,'Y'),(1,16,'Y'),(1,17,'Y'),(1,18,'Y'),(1,19,'Y'),(1,20,'Y'),(1,21,'Y'),(1,22,'Y'),(1,23,'Y'),(1,24,'Y'),(1,25,'Y'),(1,26,'Y'),(1,27,'Y'),(1,28,'Y'),(1,29,'Y'),(1,30,'Y'),(1,31,'Y'),(1,32,'Y'),(1,33,'Y'),(1,34,'Y'),(1,35,'Y'),(1,36,'Y'),(2,1,'N'),(2,2,'N'),(2,3,'N'),(2,4,'N'),(2,5,'N'),(2,6,'N'),(2,7,'N'),(2,8,'N'),(2,9,'N'),(2,10,'N'),(2,11,'N'),(2,12,'N'),(2,13,'N'),(2,14,'N'),(2,15,'N'),(2,16,'N'),(2,17,'N'),(2,18,'N'),(2,19,'N'),(2,20,'N'),(2,21,'N'),(2,22,'N'),(2,23,'N'),(2,24,'Y'),(2,25,'Y'),(2,26,'Y'),(2,27,'Y'),(2,28,'Y'),(2,29,'Y'),(2,30,'Y'),(2,31,'Y'),(2,32,'N'),(2,33,'N'),(2,34,'N'),(2,35,'N'),(2,36,'N'),(2,501,'N'),(2,502,'N'),(2,503,'N'),(2,504,'Y'),(2,505,'Y'),(2,506,'N'),(2,901,'N'),(2,902,'Y'),(2,903,'N'),(3,1,'N'),(3,2,'N'),(3,3,'N'),(3,4,'N'),(3,5,'N'),(3,6,'N'),(3,7,'N'),(3,8,'N'),(3,9,'N'),(3,10,'N'),(3,11,'N'),(3,12,'N'),(3,13,'N'),(3,14,'N'),(3,15,'N'),(3,16,'N'),(3,17,'N'),(3,18,'N'),(3,19,'N'),(3,20,'N'),(3,21,'N'),(3,22,'N'),(3,23,'N'),(3,24,'Y'),(3,25,'Y'),(3,26,'Y'),(3,27,'Y'),(3,28,'Y'),(3,29,'Y'),(3,30,'Y'),(3,31,'Y'),(3,32,'N'),(3,33,'N'),(3,34,'N'),(3,35,'N'),(3,36,'N'),(3,501,'N'),(3,502,'N'),(3,503,'N'),(3,504,'Y'),(3,505,'Y'),(3,506,'N'),(3,901,'N'),(3,902,'Y'),(3,903,'N'),(4,1,'N'),(4,2,'N'),(4,3,'N'),(4,4,'N'),(4,5,'N'),(4,6,'N'),(4,7,'N'),(4,8,'N'),(4,9,'N'),(4,10,'N'),(4,11,'N'),(4,12,'N'),(4,13,'N'),(4,14,'N'),(4,15,'N'),(4,16,'N'),(4,17,'N'),(4,18,'N'),(4,19,'N'),(4,20,'N'),(4,21,'N'),(4,22,'N'),(4,23,'N'),(4,24,'Y'),(4,25,'Y'),(4,26,'Y'),(4,27,'Y'),(4,28,'Y'),(4,29,'Y'),(4,30,'Y'),(4,31,'Y'),(4,32,'N'),(4,33,'N'),(4,34,'N'),(4,35,'N'),(4,36,'N'),(4,501,'N'),(4,502,'N'),(4,503,'N'),(4,504,'Y'),(4,505,'Y'),(4,506,'N'),(4,901,'N'),(4,902,'Y'),(4,903,'N'),(5,1,'N'),(5,2,'N'),(5,3,'N'),(5,4,'N'),(5,5,'N'),(5,6,'N'),(5,7,'N'),(5,8,'N'),(5,9,'N'),(5,10,'N'),(5,11,'N'),(5,12,'N'),(5,13,'N'),(5,14,'N'),(5,15,'N'),(5,16,'N'),(5,17,'N'),(5,18,'N'),(5,19,'N'),(5,20,'N'),(5,21,'N'),(5,22,'N'),(5,23,'N'),(5,24,'Y'),(5,25,'Y'),(5,26,'Y'),(5,27,'Y'),(5,28,'Y'),(5,29,'Y'),(5,30,'Y'),(5,31,'Y'),(5,32,'N'),(5,33,'N'),(5,34,'N'),(5,35,'N'),(5,36,'N'),(5,501,'N'),(5,502,'N'),(5,503,'N'),(5,504,'Y'),(5,505,'Y'),(5,506,'N'),(5,901,'N'),(5,902,'Y'),(5,903,'N');

--
-- Table structure for table `eqdkp_classes`
--

CREATE TABLE `eqdkp_classes` (
  `c_index` smallint(3) unsigned NOT NULL auto_increment,
  `class_id` smallint(3) unsigned NOT NULL,
  `class_name` varchar(50) NOT NULL,
  `class_min_level` smallint(3) NOT NULL default '0',
  `class_max_level` smallint(3) NOT NULL default '999',
  `class_armor_type` varchar(50) NOT NULL,
  `class_hide` enum('0','1') NOT NULL default '0',
  PRIMARY KEY  (`c_index`)
) ENGINE=InnoDB DEFAULT CHARSET=latin1;

--
-- Dumping data for table `eqdkp_classes`
--


INSERT INTO `eqdkp_classes` VALUES (18,0,'Unknown',0,60,'Plate','0'),(19,1,'Warrior',0,39,'Mail','0'),(20,2,'Rogue',0,60,'Leather','0'),(21,3,'Hunter',0,39,'Leather','0'),(22,4,'Hunter',40,60,'Mail','0'),(23,5,'Paladin',0,39,'Mail','0'),(24,6,'Priest',0,60,'Cloth','0'),(25,7,'Druid',0,60,'Leather','0'),(26,8,'Shaman',0,39,'Leather','0'),(27,9,'Shaman',40,60,'Mail','0'),(28,10,'Warlock',0,60,'Cloth','0'),(29,11,'Mage',0,60,'Cloth','0'),(30,12,'Warrior',40,60,'Plate','0'),(31,13,'Paladin',40,60,'Plate','0');

--
-- Table structure for table `eqdkp_config`
--

CREATE TABLE `eqdkp_config` (
  `config_name` varchar(255) NOT NULL,
  `config_value` varchar(255) default NULL,
  PRIMARY KEY  (`config_name`)
) ENGINE=InnoDB DEFAULT CHARSET=latin1;

--
-- Dumping data for table `eqdkp_config`
--


INSERT INTO `eqdkp_config` VALUES ('account_activation','1'),('active_point_adj','0.00'),('admin_email','jpwalch@charter.net'),('cookie_domain',''),('cookie_name','eqdkp'),('cookie_path','/'),('default_alimit','100'),('default_elimit','100'),('default_game','WoW'),('default_ilimit','100'),('default_lang','english'),('default_locale','en_US'),('default_nlimit','10'),('default_rlimit','100'),('default_style','6'),('dkp_name','DKP'),('enable_gzip','1'),('eqdkp_start','1144913890'),('guildtag',''),('hide_inactive','1'),('inactive_period','14'),('inactive_point_adj','0.00'),('main_title',''),('parsetags',''),('server_name','areteattendance.dkphost.net'),('server_path','/'),('server_port','80'),('session_cleanup','0'),('session_last_cleanup','1163236119'),('session_length','3600'),('start_page','viewnews.php'),('sub_title','');

--
-- Table structure for table `eqdkp_events`
--

CREATE TABLE `eqdkp_events` (
  `event_id` smallint(5) unsigned NOT NULL auto_increment,
  `event_name` varchar(255) default NULL,
  `event_value` float(6,2) default NULL,
  `event_added_by` varchar(30) NOT NULL,
  `event_updated_by` varchar(30) default NULL,
  PRIMARY KEY  (`event_id`)
) ENGINE=InnoDB DEFAULT CHARSET=latin1;

--
-- Dumping data for table `eqdkp_events`
--


INSERT INTO `eqdkp_events` VALUES (1,'Ahn Qiraj',1.00,'gsc',NULL),(2,'Blackwing Lair',1.00,'gsc',NULL),(3,'Onyxia',1.00,'gsc',NULL);

--
-- Table structure for table `eqdkp_factions`
--

CREATE TABLE `eqdkp_factions` (
  `f_index` smallint(3) unsigned NOT NULL auto_increment,
  `faction_id` smallint(3) unsigned NOT NULL,
  `faction_name` varchar(50) NOT NULL,
  `faction_hide` enum('0','1') NOT NULL default '0',
  PRIMARY KEY  (`f_index`)
) ENGINE=InnoDB DEFAULT CHARSET=latin1;

--
-- Dumping data for table `eqdkp_factions`
--


INSERT INTO `eqdkp_factions` VALUES (3,1,'Alliance','0'),(4,2,'Horde','0');

--
-- Table structure for table `eqdkp_items`
--

CREATE TABLE `eqdkp_items` (
  `item_id` mediumint(8) unsigned NOT NULL auto_increment,
  `item_name` varchar(255) default NULL,
  `item_buyer` varchar(50) default NULL,
  `raid_id` int(10) unsigned NOT NULL default '0',
  `item_value` float(6,2) default NULL,
  `item_date` int(11) NOT NULL default '0',
  `item_added_by` varchar(30) NOT NULL,
  `item_updated_by` varchar(30) default NULL,
  `item_group_key` varchar(32) default NULL,
  PRIMARY KEY  (`item_id`)
) ENGINE=InnoDB DEFAULT CHARSET=latin1;

--
-- Dumping data for table `eqdkp_items`
--



--
-- Table structure for table `eqdkp_logs`
--

CREATE TABLE `eqdkp_logs` (
  `log_id` int(11) unsigned NOT NULL auto_increment,
  `log_date` int(11) NOT NULL default '0',
  `log_type` varchar(255) NOT NULL default '',
  `log_action` text NOT NULL,
  `log_ipaddress` varchar(15) NOT NULL default '',
  `log_sid` varchar(32) NOT NULL default '',
  `log_result` varchar(255) NOT NULL default '',
  `admin_id` smallint(5) unsigned NOT NULL default '0',
  PRIMARY KEY  (`log_id`),
  KEY `admin_id` (`admin_id`),
  KEY `log_type` (`log_type`),
  KEY `log_ipaddress` (`log_ipaddress`)
) ENGINE=InnoDB DEFAULT CHARSET=latin1;

--
-- Dumping data for table `eqdkp_logs`
--


INSERT INTO `eqdkp_logs` VALUES (1,1158017737,'{L_ACTION_RAID_ADDED}','$log_action = array(\'header\' => \'{L_ACTION_RAID_ADDED}\',\'id\' => \'1\',\'{L_EVENT}\' => \'Unknown Event\',\'{L_ATTENDEES}\' => \'Afflicted, Aurix, Bendeadlong, Croog, Desdemonda, Halaster, Hockee, Imprezzed, Innouthule, Kadelthin, Karunaji, Kazgra, Krenshar, Lexanice, Lifeblood, Malanari, Malcontent, Malignance, Mindblade, Moofus, Mook, Moosby, Naydien, Nyuks, Overdose, Raldin, Simodine, Sreza, Subflict, Sufu, Swifteagle, Tanz, Tulgaat, Tzoo, Unarmed, Utgardloki, Vig, Witchking, Xarnum, Zhenkira\',\'{L_NOTE}\' => \'Raid Attendance 7:00-8:00\',\'{L_VALUE}\' => \'0\',\'{L_ADDED_BY}\' => \'RaidTracker (by gsc)\');','70.176.158.236','79cf39baf275efcedca814595ba52e82','{L_SUCCESS}',1),(2,1158017737,'{L_ACTION_MEMBER_ADDED}','$log_action = array(\'header\' => \'{L_ACTION_MEMBER_ADDED}\',\'{L_NAME}\' => \'Afflicted\',\'{L_EARNED}\' => \'0\',\'{L_SPENT}\' => \'0\',\'{L_ADJUSTMENT}\' => \'0\',\'{L_LEVEL}\' => \'Unknown\',\'{L_RACE}\' => \'Unknown\',\'{L_CLASS}\' => \'Unknown\',\'{L_ADDED_BY}\' => \'RaidTracker (by gsc)\');','70.176.158.236','79cf39baf275efcedca814595ba52e82','{L_SUCCESS}',1),(3,1158017737,'{L_ACTION_MEMBER_ADDED}','$log_action = array(\'header\' => \'{L_ACTION_MEMBER_ADDED}\',\'{L_NAME}\' => \'Aurix\',\'{L_EARNED}\' => \'0\',\'{L_SPENT}\' => \'0\',\'{L_ADJUSTMENT}\' => \'0\',\'{L_LEVEL}\' => \'Unknown\',\'{L_RACE}\' => \'Unknown\',\'{L_CLASS}\' => \'Unknown\',\'{L_ADDED_BY}\' => \'RaidTracker (by gsc)\');','70.176.158.236','79cf39baf275efcedca814595ba52e82','{L_SUCCESS}',1),(4,1158017737,'{L_ACTION_MEMBER_ADDED}','$log_action = array(\'header\' => \'{L_ACTION_MEMBER_ADDED}\',\'{L_NAME}\' => \'Bendeadlong\',\'{L_EARNED}\' => \'0\',\'{L_SPENT}\' => \'0\',\'{L_ADJUSTMENT}\' => \'0\',\'{L_LEVEL}\' => \'Unknown\',\'{L_RACE}\' => \'Unknown\',\'{L_CLASS}\' => \'Unknown\',\'{L_ADDED_BY}\' => \'RaidTracker (by gsc)\');','70.176.158.236','79cf39baf275efcedca814595ba52e82','{L_SUCCESS}',1),(5,1158017737,'{L_ACTION_MEMBER_ADDED}','$log_action = array(\'header\' => \'{L_ACTION_MEMBER_ADDED}\',\'{L_NAME}\' => \'Croog\',\'{L_EARNED}\' => \'0\',\'{L_SPENT}\' => \'0\',\'{L_ADJUSTMENT}\' => \'0\',\'{L_LEVEL}\' => \'Unknown\',\'{L_RACE}\' => \'Unknown\',\'{L_CLASS}\' => \'Unknown\',\'{L_ADDED_BY}\' => \'RaidTracker (by gsc)\');','70.176.158.236','79cf39baf275efcedca814595ba52e82','{L_SUCCESS}',1),(6,1158017737,'{L_ACTION_MEMBER_ADDED}','$log_action = array(\'header\' => \'{L_ACTION_MEMBER_ADDED}\',\'{L_NAME}\' => \'Desdemonda\',\'{L_EARNED}\' => \'0\',\'{L_SPENT}\' => \'0\',\'{L_ADJUSTMENT}\' => \'0\',\'{L_LEVEL}\' => \'Unknown\',\'{L_RACE}\' => \'Unknown\',\'{L_CLASS}\' => \'Unknown\',\'{L_ADDED_BY}\' => \'RaidTracker (by gsc)\');','70.176.158.236','79cf39baf275efcedca814595ba52e82','{L_SUCCESS}',1),(7,1158017737,'{L_ACTION_MEMBER_ADDED}','$log_action = array(\'header\' => \'{L_ACTION_MEMBER_ADDED}\',\'{L_NAME}\' => \'Halaster\',\'{L_EARNED}\' => \'0\',\'{L_SPENT}\' => \'0\',\'{L_ADJUSTMENT}\' => \'0\',\'{L_LEVEL}\' => \'Unknown\',\'{L_RACE}\' => \'Unknown\',\'{L_CLASS}\' => \'Unknown\',\'{L_ADDED_BY}\' => \'RaidTracker (by gsc)\');','70.176.158.236','79cf39baf275efcedca814595ba52e82','{L_SUCCESS}',1),(8,1158017737,'{L_ACTION_MEMBER_ADDED}','$log_action = array(\'header\' => \'{L_ACTION_MEMBER_ADDED}\',\'{L_NAME}\' => \'Hockee\',\'{L_EARNED}\' => \'0\',\'{L_SPENT}\' => \'0\',\'{L_ADJUSTMENT}\' => \'0\',\'{L_LEVEL}\' => \'Unknown\',\'{L_RACE}\' => \'Unknown\',\'{L_CLASS}\' => \'Unknown\',\'{L_ADDED_BY}\' => \'RaidTracker (by gsc)\');','70.176.158.236','79cf39baf275efcedca814595ba52e82','{L_SUCCESS}',1),(9,1158017737,'{L_ACTION_MEMBER_ADDED}','$log_action = array(\'header\' => \'{L_ACTION_MEMBER_ADDED}\',\'{L_NAME}\' => \'Imprezzed\',\'{L_EARNED}\' => \'0\',\'{L_SPENT}\' => \'0\',\'{L_ADJUSTMENT}\' => \'0\',\'{L_LEVEL}\' => \'Unknown\',\'{L_RACE}\' => \'Unknown\',\'{L_CLASS}\' => \'Unknown\',\'{L_ADDED_BY}\' => \'RaidTracker (by gsc)\');','70.176.158.236','79cf39baf275efcedca814595ba52e82','{L_SUCCESS}',1),(10,1158017737,'{L_ACTION_MEMBER_ADDED}','$log_action = array(\'header\' => \'{L_ACTION_MEMBER_ADDED}\',\'{L_NAME}\' => \'Innouthule\',\'{L_EARNED}\' => \'0\',\'{L_SPENT}\' => \'0\',\'{L_ADJUSTMENT}\' => \'0\',\'{L_LEVEL}\' => \'Unknown\',\'{L_RACE}\' => \'Unknown\',\'{L_CLASS}\' => \'Unknown\',\'{L_ADDED_BY}\' => \'RaidTracker (by gsc)\');','70.176.158.236','79cf39baf275efcedca814595ba52e82','{L_SUCCESS}',1),(11,1158017737,'{L_ACTION_MEMBER_ADDED}','$log_action = array(\'header\' => \'{L_ACTION_MEMBER_ADDED}\',\'{L_NAME}\' => \'Kadelthin\',\'{L_EARNED}\' => \'0\',\'{L_SPENT}\' => \'0\',\'{L_ADJUSTMENT}\' => \'0\',\'{L_LEVEL}\' => \'Unknown\',\'{L_RACE}\' => \'Unknown\',\'{L_CLASS}\' => \'Unknown\',\'{L_ADDED_BY}\' => \'RaidTracker (by gsc)\');','70.176.158.236','79cf39baf275efcedca814595ba52e82','{L_SUCCESS}',1),(12,1158017737,'{L_ACTION_MEMBER_ADDED}','$log_action = array(\'header\' => \'{L_ACTION_MEMBER_ADDED}\',\'{L_NAME}\' => \'Karunaji\',\'{L_EARNED}\' => \'0\',\'{L_SPENT}\' => \'0\',\'{L_ADJUSTMENT}\' => \'0\',\'{L_LEVEL}\' => \'Unknown\',\'{L_RACE}\' => \'Unknown\',\'{L_CLASS}\' => \'Unknown\',\'{L_ADDED_BY}\' => \'RaidTracker (by gsc)\');','70.176.158.236','79cf39baf275efcedca814595ba52e82','{L_SUCCESS}',1),(13,1158017737,'{L_ACTION_MEMBER_ADDED}','$log_action = array(\'header\' => \'{L_ACTION_MEMBER_ADDED}\',\'{L_NAME}\' => \'Kazgra\',\'{L_EARNED}\' => \'0\',\'{L_SPENT}\' => \'0\',\'{L_ADJUSTMENT}\' => \'0\',\'{L_LEVEL}\' => \'Unknown\',\'{L_RACE}\' => \'Unknown\',\'{L_CLASS}\' => \'Unknown\',\'{L_ADDED_BY}\' => \'RaidTracker (by gsc)\');','70.176.158.236','79cf39baf275efcedca814595ba52e82','{L_SUCCESS}',1),(14,1158017737,'{L_ACTION_MEMBER_ADDED}','$log_action = array(\'header\' => \'{L_ACTION_MEMBER_ADDED}\',\'{L_NAME}\' => \'Krenshar\',\'{L_EARNED}\' => \'0\',\'{L_SPENT}\' => \'0\',\'{L_ADJUSTMENT}\' => \'0\',\'{L_LEVEL}\' => \'Unknown\',\'{L_RACE}\' => \'Unknown\',\'{L_CLASS}\' => \'Unknown\',\'{L_ADDED_BY}\' => \'RaidTracker (by gsc)\');','70.176.158.236','79cf39baf275efcedca814595ba52e82','{L_SUCCESS}',1),(15,1158017737,'{L_ACTION_MEMBER_ADDED}','$log_action = array(\'header\' => \'{L_ACTION_MEMBER_ADDED}\',\'{L_NAME}\' => \'Lexanice\',\'{L_EARNED}\' => \'0\',\'{L_SPENT}\' => \'0\',\'{L_ADJUSTMENT}\' => \'0\',\'{L_LEVEL}\' => \'Unknown\',\'{L_RACE}\' => \'Unknown\',\'{L_CLASS}\' => \'Unknown\',\'{L_ADDED_BY}\' => \'RaidTracker (by gsc)\');','70.176.158.236','79cf39baf275efcedca814595ba52e82','{L_SUCCESS}',1),(16,1158017737,'{L_ACTION_MEMBER_ADDED}','$log_action = array(\'header\' => \'{L_ACTION_MEMBER_ADDED}\',\'{L_NAME}\' => \'Lifeblood\',\'{L_EARNED}\' => \'0\',\'{L_SPENT}\' => \'0\',\'{L_ADJUSTMENT}\' => \'0\',\'{L_LEVEL}\' => \'Unknown\',\'{L_RACE}\' => \'Unknown\',\'{L_CLASS}\' => \'Unknown\',\'{L_ADDED_BY}\' => \'RaidTracker (by gsc)\');','70.176.158.236','79cf39baf275efcedca814595ba52e82','{L_SUCCESS}',1),(17,1158017737,'{L_ACTION_MEMBER_ADDED}','$log_action = array(\'header\' => \'{L_ACTION_MEMBER_ADDED}\',\'{L_NAME}\' => \'Malanari\',\'{L_EARNED}\' => \'0\',\'{L_SPENT}\' => \'0\',\'{L_ADJUSTMENT}\' => \'0\',\'{L_LEVEL}\' => \'Unknown\',\'{L_RACE}\' => \'Unknown\',\'{L_CLASS}\' => \'Unknown\',\'{L_ADDED_BY}\' => \'RaidTracker (by gsc)\');','70.176.158.236','79cf39baf275efcedca814595ba52e82','{L_SUCCESS}',1),(18,1158017737,'{L_ACTION_MEMBER_ADDED}','$log_action = array(\'header\' => \'{L_ACTION_MEMBER_ADDED}\',\'{L_NAME}\' => \'Malcontent\',\'{L_EARNED}\' => \'0\',\'{L_SPENT}\' => \'0\',\'{L_ADJUSTMENT}\' => \'0\',\'{L_LEVEL}\' => \'Unknown\',\'{L_RACE}\' => \'Unknown\',\'{L_CLASS}\' => \'Unknown\',\'{L_ADDED_BY}\' => \'RaidTracker (by gsc)\');','70.176.158.236','79cf39baf275efcedca814595ba52e82','{L_SUCCESS}',1),(19,1158017737,'{L_ACTION_MEMBER_ADDED}','$log_action = array(\'header\' => \'{L_ACTION_MEMBER_ADDED}\',\'{L_NAME}\' => \'Malignance\',\'{L_EARNED}\' => \'0\',\'{L_SPENT}\' => \'0\',\'{L_ADJUSTMENT}\' => \'0\',\'{L_LEVEL}\' => \'Unknown\',\'{L_RACE}\' => \'Unknown\',\'{L_CLASS}\' => \'Unknown\',\'{L_ADDED_BY}\' => \'RaidTracker (by gsc)\');','70.176.158.236','79cf39baf275efcedca814595ba52e82','{L_SUCCESS}',1),(20,1158017737,'{L_ACTION_MEMBER_ADDED}','$log_action = array(\'header\' => \'{L_ACTION_MEMBER_ADDED}\',\'{L_NAME}\' => \'Mindblade\',\'{L_EARNED}\' => \'0\',\'{L_SPENT}\' => \'0\',\'{L_ADJUSTMENT}\' => \'0\',\'{L_LEVEL}\' => \'Unknown\',\'{L_RACE}\' => \'Unknown\',\'{L_CLASS}\' => \'Unknown\',\'{L_ADDED_BY}\' => \'RaidTracker (by gsc)\');','70.176.158.236','79cf39baf275efcedca814595ba52e82','{L_SUCCESS}',1),(21,1158017737,'{L_ACTION_MEMBER_ADDED}','$log_action = array(\'header\' => \'{L_ACTION_MEMBER_ADDED}\',\'{L_NAME}\' => \'Moofus\',\'{L_EARNED}\' => \'0\',\'{L_SPENT}\' => \'0\',\'{L_ADJUSTMENT}\' => \'0\',\'{L_LEVEL}\' => \'Unknown\',\'{L_RACE}\' => \'Unknown\',\'{L_CLASS}\' => \'Unknown\',\'{L_ADDED_BY}\' => \'RaidTracker (by gsc)\');','70.176.158.236','79cf39baf275efcedca814595ba52e82','{L_SUCCESS}',1),(22,1158017737,'{L_ACTION_MEMBER_ADDED}','$log_action = array(\'header\' => \'{L_ACTION_MEMBER_ADDED}\',\'{L_NAME}\' => \'Mook\',\'{L_EARNED}\' => \'0\',\'{L_SPENT}\' => \'0\',\'{L_ADJUSTMENT}\' => \'0\',\'{L_LEVEL}\' => \'Unknown\',\'{L_RACE}\' => \'Unknown\',\'{L_CLASS}\' => \'Unknown\',\'{L_ADDED_BY}\' => \'RaidTracker (by gsc)\');','70.176.158.236','79cf39baf275efcedca814595ba52e82','{L_SUCCESS}',1),(23,1158017737,'{L_ACTION_MEMBER_ADDED}','$log_action = array(\'header\' => \'{L_ACTION_MEMBER_ADDED}\',\'{L_NAME}\' => \'Moosby\',\'{L_EARNED}\' => \'0\',\'{L_SPENT}\' => \'0\',\'{L_ADJUSTMENT}\' => \'0\',\'{L_LEVEL}\' => \'Unknown\',\'{L_RACE}\' => \'Unknown\',\'{L_CLASS}\' => \'Unknown\',\'{L_ADDED_BY}\' => \'RaidTracker (by gsc)\');','70.176.158.236','79cf39baf275efcedca814595ba52e82','{L_SUCCESS}',1),(24,1158017737,'{L_ACTION_MEMBER_ADDED}','$log_action = array(\'header\' => \'{L_ACTION_MEMBER_ADDED}\',\'{L_NAME}\' => \'Naydien\',\'{L_EARNED}\' => \'0\',\'{L_SPENT}\' => \'0\',\'{L_ADJUSTMENT}\' => \'0\',\'{L_LEVEL}\' => \'Unknown\',\'{L_RACE}\' => \'Unknown\',\'{L_CLASS}\' => \'Unknown\',\'{L_ADDED_BY}\' => \'RaidTracker (by gsc)\');','70.176.158.236','79cf39baf275efcedca814595ba52e82','{L_SUCCESS}',1),(25,1158017737,'{L_ACTION_MEMBER_ADDED}','$log_action = array(\'header\' => \'{L_ACTION_MEMBER_ADDED}\',\'{L_NAME}\' => \'Nyuks\',\'{L_EARNED}\' => \'0\',\'{L_SPENT}\' => \'0\',\'{L_ADJUSTMENT}\' => \'0\',\'{L_LEVEL}\' => \'Unknown\',\'{L_RACE}\' => \'Unknown\',\'{L_CLASS}\' => \'Unknown\',\'{L_ADDED_BY}\' => \'RaidTracker (by gsc)\');','70.176.158.236','79cf39baf275efcedca814595ba52e82','{L_SUCCESS}',1),(26,1158017737,'{L_ACTION_MEMBER_ADDED}','$log_action = array(\'header\' => \'{L_ACTION_MEMBER_ADDED}\',\'{L_NAME}\' => \'Overdose\',\'{L_EARNED}\' => \'0\',\'{L_SPENT}\' => \'0\',\'{L_ADJUSTMENT}\' => \'0\',\'{L_LEVEL}\' => \'Unknown\',\'{L_RACE}\' => \'Unknown\',\'{L_CLASS}\' => \'Unknown\',\'{L_ADDED_BY}\' => \'RaidTracker (by gsc)\');','70.176.158.236','79cf39baf275efcedca814595ba52e82','{L_SUCCESS}',1),(27,1158017737,'{L_ACTION_MEMBER_ADDED}','$log_action = array(\'header\' => \'{L_ACTION_MEMBER_ADDED}\',\'{L_NAME}\' => \'Raldin\',\'{L_EARNED}\' => \'0\',\'{L_SPENT}\' => \'0\',\'{L_ADJUSTMENT}\' => \'0\',\'{L_LEVEL}\' => \'Unknown\',\'{L_RACE}\' => \'Unknown\',\'{L_CLASS}\' => \'Unknown\',\'{L_ADDED_BY}\' => \'RaidTracker (by gsc)\');','70.176.158.236','79cf39baf275efcedca814595ba52e82','{L_SUCCESS}',1),(28,1158017737,'{L_ACTION_MEMBER_ADDED}','$log_action = array(\'header\' => \'{L_ACTION_MEMBER_ADDED}\',\'{L_NAME}\' => \'Simodine\',\'{L_EARNED}\' => \'0\',\'{L_SPENT}\' => \'0\',\'{L_ADJUSTMENT}\' => \'0\',\'{L_LEVEL}\' => \'Unknown\',\'{L_RACE}\' => \'Unknown\',\'{L_CLASS}\' => \'Unknown\',\'{L_ADDED_BY}\' => \'RaidTracker (by gsc)\');','70.176.158.236','79cf39baf275efcedca814595ba52e82','{L_SUCCESS}',1),(29,1158017737,'{L_ACTION_MEMBER_ADDED}','$log_action = array(\'header\' => \'{L_ACTION_MEMBER_ADDED}\',\'{L_NAME}\' => \'Sreza\',\'{L_EARNED}\' => \'0\',\'{L_SPENT}\' => \'0\',\'{L_ADJUSTMENT}\' => \'0\',\'{L_LEVEL}\' => \'Unknown\',\'{L_RACE}\' => \'Unknown\',\'{L_CLASS}\' => \'Unknown\',\'{L_ADDED_BY}\' => \'RaidTracker (by gsc)\');','70.176.158.236','79cf39baf275efcedca814595ba52e82','{L_SUCCESS}',1),(30,1158017737,'{L_ACTION_MEMBER_ADDED}','$log_action = array(\'header\' => \'{L_ACTION_MEMBER_ADDED}\',\'{L_NAME}\' => \'Subflict\',\'{L_EARNED}\' => \'0\',\'{L_SPENT}\' => \'0\',\'{L_ADJUSTMENT}\' => \'0\',\'{L_LEVEL}\' => \'Unknown\',\'{L_RACE}\' => \'Unknown\',\'{L_CLASS}\' => \'Unknown\',\'{L_ADDED_BY}\' => \'RaidTracker (by gsc)\');','70.176.158.236','79cf39baf275efcedca814595ba52e82','{L_SUCCESS}',1),(31,1158017737,'{L_ACTION_MEMBER_ADDED}','$log_action = array(\'header\' => \'{L_ACTION_MEMBER_ADDED}\',\'{L_NAME}\' => \'Sufu\',\'{L_EARNED}\' => \'0\',\'{L_SPENT}\' => \'0\',\'{L_ADJUSTMENT}\' => \'0\',\'{L_LEVEL}\' => \'Unknown\',\'{L_RACE}\' => \'Unknown\',\'{L_CLASS}\' => \'Unknown\',\'{L_ADDED_BY}\' => \'RaidTracker (by gsc)\');','70.176.158.236','79cf39baf275efcedca814595ba52e82','{L_SUCCESS}',1),(32,1158017737,'{L_ACTION_MEMBER_ADDED}','$log_action = array(\'header\' => \'{L_ACTION_MEMBER_ADDED}\',\'{L_NAME}\' => \'Swifteagle\',\'{L_EARNED}\' => \'0\',\'{L_SPENT}\' => \'0\',\'{L_ADJUSTMENT}\' => \'0\',\'{L_LEVEL}\' => \'Unknown\',\'{L_RACE}\' => \'Unknown\',\'{L_CLASS}\' => \'Unknown\',\'{L_ADDED_BY}\' => \'RaidTracker (by gsc)\');','70.176.158.236','79cf39baf275efcedca814595ba52e82','{L_SUCCESS}',1),(33,1158017737,'{L_ACTION_MEMBER_ADDED}','$log_action = array(\'header\' => \'{L_ACTION_MEMBER_ADDED}\',\'{L_NAME}\' => \'Tanz\',\'{L_EARNED}\' => \'0\',\'{L_SPENT}\' => \'0\',\'{L_ADJUSTMENT}\' => \'0\',\'{L_LEVEL}\' => \'Unknown\',\'{L_RACE}\' => \'Unknown\',\'{L_CLASS}\' => \'Unknown\',\'{L_ADDED_BY}\' => \'RaidTracker (by gsc)\');','70.176.158.236','79cf39baf275efcedca814595ba52e82','{L_SUCCESS}',1),(34,1158017737,'{L_ACTION_MEMBER_ADDED}','$log_action = array(\'header\' => \'{L_ACTION_MEMBER_ADDED}\',\'{L_NAME}\' => \'Tulgaat\',\'{L_EARNED}\' => \'0\',\'{L_SPENT}\' => \'0\',\'{L_ADJUSTMENT}\' => \'0\',\'{L_LEVEL}\' => \'Unknown\',\'{L_RACE}\' => \'Unknown\',\'{L_CLASS}\' => \'Unknown\',\'{L_ADDED_BY}\' => \'RaidTracker (by gsc)\');','70.176.158.236','79cf39baf275efcedca814595ba52e82','{L_SUCCESS}',1),(35,1158017737,'{L_ACTION_MEMBER_ADDED}','$log_action = array(\'header\' => \'{L_ACTION_MEMBER_ADDED}\',\'{L_NAME}\' => \'Tzoo\',\'{L_EARNED}\' => \'0\',\'{L_SPENT}\' => \'0\',\'{L_ADJUSTMENT}\' => \'0\',\'{L_LEVEL}\' => \'Unknown\',\'{L_RACE}\' => \'Unknown\',\'{L_CLASS}\' => \'Unknown\',\'{L_ADDED_BY}\' => \'RaidTracker (by gsc)\');','70.176.158.236','79cf39baf275efcedca814595ba52e82','{L_SUCCESS}',1),(36,1158017737,'{L_ACTION_MEMBER_ADDED}','$log_action = array(\'header\' => \'{L_ACTION_MEMBER_ADDED}\',\'{L_NAME}\' => \'Unarmed\',\'{L_EARNED}\' => \'0\',\'{L_SPENT}\' => \'0\',\'{L_ADJUSTMENT}\' => \'0\',\'{L_LEVEL}\' => \'Unknown\',\'{L_RACE}\' => \'Unknown\',\'{L_CLASS}\' => \'Unknown\',\'{L_ADDED_BY}\' => \'RaidTracker (by gsc)\');','70.176.158.236','79cf39baf275efcedca814595ba52e82','{L_SUCCESS}',1),(37,1158017737,'{L_ACTION_MEMBER_ADDED}','$log_action = array(\'header\' => \'{L_ACTION_MEMBER_ADDED}\',\'{L_NAME}\' => \'Utgardloki\',\'{L_EARNED}\' => \'0\',\'{L_SPENT}\' => \'0\',\'{L_ADJUSTMENT}\' => \'0\',\'{L_LEVEL}\' => \'Unknown\',\'{L_RACE}\' => \'Unknown\',\'{L_CLASS}\' => \'Unknown\',\'{L_ADDED_BY}\' => \'RaidTracker (by gsc)\');','70.176.158.236','79cf39baf275efcedca814595ba52e82','{L_SUCCESS}',1),(38,1158017737,'{L_ACTION_MEMBER_ADDED}','$log_action = array(\'header\' => \'{L_ACTION_MEMBER_ADDED}\',\'{L_NAME}\' => \'Vig\',\'{L_EARNED}\' => \'0\',\'{L_SPENT}\' => \'0\',\'{L_ADJUSTMENT}\' => \'0\',\'{L_LEVEL}\' => \'Unknown\',\'{L_RACE}\' => \'Unknown\',\'{L_CLASS}\' => \'Unknown\',\'{L_ADDED_BY}\' => \'RaidTracker (by gsc)\');','70.176.158.236','79cf39baf275efcedca814595ba52e82','{L_SUCCESS}',1),(39,1158017737,'{L_ACTION_MEMBER_ADDED}','$log_action = array(\'header\' => \'{L_ACTION_MEMBER_ADDED}\',\'{L_NAME}\' => \'Witchking\',\'{L_EARNED}\' => \'0\',\'{L_SPENT}\' => \'0\',\'{L_ADJUSTMENT}\' => \'0\',\'{L_LEVEL}\' => \'Unknown\',\'{L_RACE}\' => \'Unknown\',\'{L_CLASS}\' => \'Unknown\',\'{L_ADDED_BY}\' => \'RaidTracker (by gsc)\');','70.176.158.236','79cf39baf275efcedca814595ba52e82','{L_SUCCESS}',1),(40,1158017737,'{L_ACTION_MEMBER_ADDED}','$log_action = array(\'header\' => \'{L_ACTION_MEMBER_ADDED}\',\'{L_NAME}\' => \'Xarnum\',\'{L_EARNED}\' => \'0\',\'{L_SPENT}\' => \'0\',\'{L_ADJUSTMENT}\' => \'0\',\'{L_LEVEL}\' => \'Unknown\',\'{L_RACE}\' => \'Unknown\',\'{L_CLASS}\' => \'Unknown\',\'{L_ADDED_BY}\' => \'RaidTracker (by gsc)\');','70.176.158.236','79cf39baf275efcedca814595ba52e82','{L_SUCCESS}',1),(41,1158017737,'{L_ACTION_MEMBER_ADDED}','$log_action = array(\'header\' => \'{L_ACTION_MEMBER_ADDED}\',\'{L_NAME}\' => \'Zhenkira\',\'{L_EARNED}\' => \'0\',\'{L_SPENT}\' => \'0\',\'{L_ADJUSTMENT}\' => \'0\',\'{L_LEVEL}\' => \'Unknown\',\'{L_RACE}\' => \'Unknown\',\'{L_CLASS}\' => \'Unknown\',\'{L_ADDED_BY}\' => \'RaidTracker (by gsc)\');','70.176.158.236','79cf39baf275efcedca814595ba52e82','{L_SUCCESS}',1),(42,1158017771,'{L_ACTION_EVENT_ADDED}','$log_action = array(\'header\' => \'{L_ACTION_EVENT_ADDED}\',\'id\' => \'1\',\'{L_NAME}\' => \'Ahn Qiraj\',\'{L_VALUE}\' => \'1.00\',\'{L_ADDED_BY}\' => \'gsc\');','70.176.158.236','79cf39baf275efcedca814595ba52e82','{L_SUCCESS}',1),(43,1158017796,'{L_ACTION_RAID_UPDATED}','$log_action = array(\'header\' => \'{L_ACTION_RAID_UPDATED}\',\'id\' => \'1\',\'{L_EVENT_BEFORE}\' => \'Unknown Event\',\'{L_ATTENDEES_BEFORE}\' => \'Afflicted, Aurix, Bendeadlong, Croog, Desdemonda, Halaster, Hockee, Imprezzed, Innouthule, Kadelthin, Karunaji, Kazgra, Krenshar, Lexanice, Lifeblood, Malanari, Malcontent, Malignance, Mindblade, Moofus, Mook, Moosby, Naydien, Nyuks, Overdose, Raldin, Simodine, Sreza, Subflict, Sufu, Swifteagle, Tanz, Tulgaat, Tzoo, Unarmed, Utgardloki, Vig, Witchking, Xarnum, Zhenkira\',\'{L_NOTE_BEFORE}\' => \'Raid Attendance 7:00-8:00\',\'{L_VALUE_BEFORE}\' => \'0.00\',\'{L_EVENT_AFTER}\' => \'<span class=\\\"negative\\\">Ahn Qiraj</span>\',\'{L_ATTENDEES_AFTER}\' => \'Afflicted, Aurix, Bendeadlong, Croog, Desdemonda, Halaster, Hockee, Imprezzed, Innouthule, Kadelthin, Karunaji, Kazgra, Krenshar, Lexanice, Lifeblood, Malanari, Malcontent, Malignance, Mindblade, Moofus, Mook, Moosby, Naydien, Nyuks, Overdose, Raldin, Simodine, Sreza, Subflict, Sufu, Swifteagle, Tanz, Tulgaat, Tzoo, Unarmed, Utgardloki, Vig, Witchking, Xarnum, Zhenkira\',\'{L_NOTE_AFTER}\' => \'Raid Attendance 7:00-8:00\',\'{L_VALUE_AFTER}\' => \'<span class=\\\"negative\\\">1.00</span>\',\'{L_UPDATED_BY}\' => \'gsc\');','70.176.158.236','79cf39baf275efcedca814595ba52e82','{L_SUCCESS}',1),(44,1158017861,'{L_ACTION_RAID_ADDED}','$log_action = array(\'header\' => \'{L_ACTION_RAID_ADDED}\',\'id\' => \'2\',\'{L_EVENT}\' => \'Ahn Qiraj\',\'{L_ATTENDEES}\' => \'Afflicted, Aurix, Bendeadlong, Croog, Desdemonda, Halaster, Hilltop, Hockee, Imprezzed, Innouthule, Kadelthin, Karunaji, Kazgra, Krenshar, Lexanice, Lifeblood, Malanari, Malcontent, Malignance, Mindblade, Moofus, Mook, Moosby, Naydien, Nyuks, Overdose, Raldin, Simodine, Sreza, Subflict, Swifteagle, Tanz, Tulgaat, Tzoo, Unarmed, Utgardloki, Vig, Witchking, Xarnum\',\'{L_NOTE}\' => \'Raid Attendance 8:00-9:00\',\'{L_VALUE}\' => \'0\',\'{L_ADDED_BY}\' => \'RaidTracker (by gsc)\');','70.176.158.236','79cf39baf275efcedca814595ba52e82','{L_SUCCESS}',1),(45,1158017861,'{L_ACTION_MEMBER_ADDED}','$log_action = array(\'header\' => \'{L_ACTION_MEMBER_ADDED}\',\'{L_NAME}\' => \'Hilltop\',\'{L_EARNED}\' => \'0\',\'{L_SPENT}\' => \'0\',\'{L_ADJUSTMENT}\' => \'0\',\'{L_LEVEL}\' => \'Unknown\',\'{L_RACE}\' => \'Unknown\',\'{L_CLASS}\' => \'Unknown\',\'{L_ADDED_BY}\' => \'RaidTracker (by gsc)\');','70.176.158.236','79cf39baf275efcedca814595ba52e82','{L_SUCCESS}',1),(46,1158017884,'{L_ACTION_RAID_UPDATED}','$log_action = array(\'header\' => \'{L_ACTION_RAID_UPDATED}\',\'id\' => \'2\',\'{L_EVENT_BEFORE}\' => \'Ahn Qiraj\',\'{L_ATTENDEES_BEFORE}\' => \'Afflicted, Aurix, Bendeadlong, Croog, Desdemonda, Halaster, Hilltop, Hockee, Imprezzed, Innouthule, Kadelthin, Karunaji, Kazgra, Krenshar, Lexanice, Lifeblood, Malanari, Malcontent, Malignance, Mindblade, Moofus, Mook, Moosby, Naydien, Nyuks, Overdose, Raldin, Simodine, Sreza, Subflict, Swifteagle, Tanz, Tulgaat, Tzoo, Unarmed, Utgardloki, Vig, Witchking, Xarnum\',\'{L_NOTE_BEFORE}\' => \'Raid Attendance 8:00-9:00\',\'{L_VALUE_BEFORE}\' => \'0.00\',\'{L_EVENT_AFTER}\' => \'Ahn Qiraj\',\'{L_ATTENDEES_AFTER}\' => \'Afflicted, Aurix, Bendeadlong, Croog, Desdemonda, Halaster, Hilltop, Hockee, Imprezzed, Innouthule, Kadelthin, Karunaji, Kazgra, Krenshar, Lexanice, Lifeblood, Malanari, Malcontent, Malignance, Mindblade, Moofus, Mook, Moosby, Naydien, Nyuks, Overdose, Raldin, Simodine, Sreza, Subflict, Swifteagle, Tanz, Tulgaat, Tzoo, Unarmed, Utgardloki, Vig, Witchking, Xarnum\',\'{L_NOTE_AFTER}\' => \'Raid Attendance 8:00-9:00\',\'{L_VALUE_AFTER}\' => \'<span class=\\\"negative\\\">1.00</span>\',\'{L_UPDATED_BY}\' => \'gsc\');','70.176.158.236','79cf39baf275efcedca814595ba52e82','{L_SUCCESS}',1),(47,1158017946,'{L_ACTION_RAID_ADDED}','$log_action = array(\'header\' => \'{L_ACTION_RAID_ADDED}\',\'id\' => \'3\',\'{L_EVENT}\' => \'Ahn Qiraj\',\'{L_ATTENDEES}\' => \'Afflicted, Aurix, Bendeadlong, Blangerdon, Croog, Desdemonda, Halaster, Hilltop, Hockee, Imprezzed, Innouthule, Kadelthin, Karunaji, Kazgra, Krenshar, Lexanice, Lifeblood, Malanari, Malcontent, Malignance, Mindblade, Moofus, Mook, Moosby, Naydien, Nyuks, Overdose, Raldin, Simodine, Sreza, Subflict, Swifteagle, Tanz, Tulgaat, Tzoo, Unarmed, Utgardloki, Vig, Witchking, Xarnum\',\'{L_NOTE}\' => \'Raid Attendance 9:00-10:00\',\'{L_VALUE}\' => \'\',\'{L_ADDED_BY}\' => \'RaidTracker (by gsc)\');','70.176.158.236','79cf39baf275efcedca814595ba52e82','{L_SUCCESS}',1),(48,1158017946,'{L_ACTION_MEMBER_ADDED}','$log_action = array(\'header\' => \'{L_ACTION_MEMBER_ADDED}\',\'{L_NAME}\' => \'Blangerdon\',\'{L_EARNED}\' => \'0\',\'{L_SPENT}\' => \'0\',\'{L_ADJUSTMENT}\' => \'0\',\'{L_LEVEL}\' => \'Unknown\',\'{L_RACE}\' => \'Unknown\',\'{L_CLASS}\' => \'Unknown\',\'{L_ADDED_BY}\' => \'RaidTracker (by gsc)\');','70.176.158.236','79cf39baf275efcedca814595ba52e82','{L_SUCCESS}',1),(49,1158017964,'{L_ACTION_RAID_UPDATED}','$log_action = array(\'header\' => \'{L_ACTION_RAID_UPDATED}\',\'id\' => \'3\',\'{L_EVENT_BEFORE}\' => \'Ahn Qiraj\',\'{L_ATTENDEES_BEFORE}\' => \'Afflicted, Aurix, Bendeadlong, Blangerdon, Croog, Desdemonda, Halaster, Hilltop, Hockee, Imprezzed, Innouthule, Kadelthin, Karunaji, Kazgra, Krenshar, Lexanice, Lifeblood, Malanari, Malcontent, Malignance, Mindblade, Moofus, Mook, Moosby, Naydien, Nyuks, Overdose, Raldin, Simodine, Sreza, Subflict, Swifteagle, Tanz, Tulgaat, Tzoo, Unarmed, Utgardloki, Vig, Witchking, Xarnum\',\'{L_NOTE_BEFORE}\' => \'Raid Attendance 9:00-10:00\',\'{L_VALUE_BEFORE}\' => \'0.00\',\'{L_EVENT_AFTER}\' => \'Ahn Qiraj\',\'{L_ATTENDEES_AFTER}\' => \'Afflicted, Aurix, Bendeadlong, Blangerdon, Croog, Desdemonda, Halaster, Hilltop, Hockee, Imprezzed, Innouthule, Kadelthin, Karunaji, Kazgra, Krenshar, Lexanice, Lifeblood, Malanari, Malcontent, Malignance, Mindblade, Moofus, Mook, Moosby, Naydien, Nyuks, Overdose, Raldin, Simodine, Sreza, Subflict, Swifteagle, Tanz, Tulgaat, Tzoo, Unarmed, Utgardloki, Vig, Witchking, Xarnum\',\'{L_NOTE_AFTER}\' => \'Raid Attendance 9:00-10:00\',\'{L_VALUE_AFTER}\' => \'<span class=\\\"negative\\\">1.00</span>\',\'{L_UPDATED_BY}\' => \'gsc\');','70.176.158.236','79cf39baf275efcedca814595ba52e82','{L_SUCCESS}',1),(50,1158018090,'{L_ACTION_RAID_ADDED}','$log_action = array(\'header\' => \'{L_ACTION_RAID_ADDED}\',\'id\' => \'4\',\'{L_EVENT}\' => \'Ahn Qiraj\',\'{L_ATTENDEES}\' => \'Afflicted, Aurix, Bendeadlong, Blangerdon, Croog, Desdemonda, Halaster, Hilltop, Hockee, Imprezzed, Innouthule, Kadelthin, Karunaji, Kazgra, Krenshar, Lexanice, Lifeblood, Malanari, Malcontent, Malignance, Mindblade, Moofus, Mook, Moosby, Naydien, Nyuks, Overdose, Raldin, Simodine, Sreza, Subflict, Swifteagle, Tanz, Tulgaat, Tzoo, Unarmed, Utgardloki, Vig, Witchking, Xarnum\',\'{L_NOTE}\' => \'Raid Attendance 10:00-11:00\',\'{L_VALUE}\' => \'1.00\',\'{L_ADDED_BY}\' => \'gsc\');','70.176.158.236','79cf39baf275efcedca814595ba52e82','{L_SUCCESS}',1),(51,1158018135,'{L_ACTION_RAID_UPDATED}','$log_action = array(\'header\' => \'{L_ACTION_RAID_UPDATED}\',\'id\' => \'4\',\'{L_EVENT_BEFORE}\' => \'Ahn Qiraj\',\'{L_ATTENDEES_BEFORE}\' => \'Afflicted, Aurix, Bendeadlong, Blangerdon, Croog, Desdemonda, Halaster, Hilltop, Hockee, Imprezzed, Innouthule, Kadelthin, Karunaji, Kazgra, Krenshar, Lexanice, Lifeblood, Malanari, Malcontent, Malignance, Mindblade, Moofus, Mook, Moosby, Naydien, Nyuks, Overdose, Raldin, Simodine, Sreza, Subflict, Swifteagle, Tanz, Tulgaat, Tzoo, Unarmed, Utgardloki, Vig, Witchking, Xarnum\',\'{L_NOTE_BEFORE}\' => \'Raid Attendance 10:00-11:00\',\'{L_VALUE_BEFORE}\' => \'1.00\',\'{L_EVENT_AFTER}\' => \'Ahn Qiraj\',\'{L_ATTENDEES_AFTER}\' => \'Afflicted, Aurix, Bendeadlong, Blangerdon, Croog, Desdemonda, Halaster, Hilltop, Hockee, Imprezzed, Innouthule, Kadelthin, Karunaji, Kazgra, Krenshar, Lexanice, Lifeblood, Malanari, Malcontent, Malignance, Mindblade, Moofus, Mook, Moosby, Naydien, Nyuks, Overdose, Raldin, Simodine, Sreza, Subflict, Swifteagle, Tanz, Tulgaat, Tzoo, Unarmed, Utgardloki, Vig, Witchking, Xarnum\',\'{L_NOTE_AFTER}\' => \'Raid Attendance 10:00-11:00\',\'{L_VALUE_AFTER}\' => \'1.00\',\'{L_UPDATED_BY}\' => \'gsc\');','70.176.158.236','79cf39baf275efcedca814595ba52e82','{L_SUCCESS}',1),(52,1158043064,'{L_ACTION_RAID_UPDATED}','$log_action = array(\'header\' => \'{L_ACTION_RAID_UPDATED}\',\'id\' => \'1\',\'{L_EVENT_BEFORE}\' => \'Ahn Qiraj\',\'{L_ATTENDEES_BEFORE}\' => \'Afflicted, Aurix, Bendeadlong, Croog, Desdemonda, Halaster, Hockee, Imprezzed, Innouthule, Kadelthin, Karunaji, Kazgra, Krenshar, Lexanice, Lifeblood, Malanari, Malcontent, Malignance, Mindblade, Moofus, Mook, Moosby, Naydien, Nyuks, Overdose, Raldin, Simodine, Sreza, Subflict, Sufu, Swifteagle, Tanz, Tulgaat, Tzoo, Unarmed, Utgardloki, Vig, Witchking, Xarnum, Zhenkira\',\'{L_NOTE_BEFORE}\' => \'Raid Attendance 7:00-8:00\',\'{L_VALUE_BEFORE}\' => \'1.00\',\'{L_EVENT_AFTER}\' => \'Ahn Qiraj\',\'{L_ATTENDEES_AFTER}\' => \'Afflicted, Aurix, Bendeadlong, <span class=\\\"negative\\\">Blangerdon</span>, Croog, Desdemonda, Halaster, Hockee, Imprezzed, Innouthule, <span class=\\\"negative\\\">Jelandi</span>, Kadelthin, Karunaji, Kazgra, Krenshar, Lexanice, Lifeblood, Malanari, Malcontent, Malignance, Mindblade, Moofus, Mook, Moosby, Naydien, Nyuks, Overdose, Raldin, <span class=\\\"negative\\\">Schittle</span>, Simodine, Sreza, Subflict, Sufu, Swifteagle, Tanz, Tulgaat, Tzoo, Unarmed, Utgardloki, Vig, Witchking, Xarnum, Zhenkira\',\'{L_NOTE_AFTER}\' => \'Raid Attendance 7:00-8:00\',\'{L_VALUE_AFTER}\' => \'1.00\',\'{L_UPDATED_BY}\' => \'gsc\');','70.176.158.236','38338a762b83dfe8edff2b47247d1836','{L_SUCCESS}',1),(53,1158043103,'{L_ACTION_RAID_UPDATED}','$log_action = array(\'header\' => \'{L_ACTION_RAID_UPDATED}\',\'id\' => \'2\',\'{L_EVENT_BEFORE}\' => \'Ahn Qiraj\',\'{L_ATTENDEES_BEFORE}\' => \'Afflicted, Aurix, Bendeadlong, Croog, Desdemonda, Halaster, Hilltop, Hockee, Imprezzed, Innouthule, Kadelthin, Karunaji, Kazgra, Krenshar, Lexanice, Lifeblood, Malanari, Malcontent, Malignance, Mindblade, Moofus, Mook, Moosby, Naydien, Nyuks, Overdose, Raldin, Simodine, Sreza, Subflict, Swifteagle, Tanz, Tulgaat, Tzoo, Unarmed, Utgardloki, Vig, Witchking, Xarnum\',\'{L_NOTE_BEFORE}\' => \'Raid Attendance 8:00-9:00\',\'{L_VALUE_BEFORE}\' => \'1.00\',\'{L_EVENT_AFTER}\' => \'Ahn Qiraj\',\'{L_ATTENDEES_AFTER}\' => \'Afflicted, Aurix, Bendeadlong, <span class=\\\"negative\\\">Blangerdon</span>, Croog, Desdemonda, Halaster, Hilltop, Hockee, Imprezzed, Innouthule, <span class=\\\"negative\\\">Jelandi</span>, Kadelthin, Karunaji, Kazgra, Krenshar, Lexanice, Lifeblood, Malanari, Malcontent, Malignance, Mindblade, Moofus, Mook, Moosby, Naydien, Nyuks, Overdose, Raldin, <span class=\\\"negative\\\">Schittle</span>, Simodine, Sreza, Subflict, Swifteagle, Tanz, Tulgaat, Tzoo, Unarmed, Utgardloki, Vig, Witchking, Xarnum\',\'{L_NOTE_AFTER}\' => \'Raid Attendance 8:00-9:00\',\'{L_VALUE_AFTER}\' => \'1.00\',\'{L_UPDATED_BY}\' => \'gsc\');','70.176.158.236','38338a762b83dfe8edff2b47247d1836','{L_SUCCESS}',1),(54,1158043119,'{L_ACTION_RAID_UPDATED}','$log_action = array(\'header\' => \'{L_ACTION_RAID_UPDATED}\',\'id\' => \'3\',\'{L_EVENT_BEFORE}\' => \'Ahn Qiraj\',\'{L_ATTENDEES_BEFORE}\' => \'Afflicted, Aurix, Bendeadlong, Blangerdon, Croog, Desdemonda, Halaster, Hilltop, Hockee, Imprezzed, Innouthule, Kadelthin, Karunaji, Kazgra, Krenshar, Lexanice, Lifeblood, Malanari, Malcontent, Malignance, Mindblade, Moofus, Mook, Moosby, Naydien, Nyuks, Overdose, Raldin, Simodine, Sreza, Subflict, Swifteagle, Tanz, Tulgaat, Tzoo, Unarmed, Utgardloki, Vig, Witchking, Xarnum\',\'{L_NOTE_BEFORE}\' => \'Raid Attendance 9:00-10:00\',\'{L_VALUE_BEFORE}\' => \'1.00\',\'{L_EVENT_AFTER}\' => \'Ahn Qiraj\',\'{L_ATTENDEES_AFTER}\' => \'Afflicted, Aurix, Bendeadlong, Blangerdon, Croog, Desdemonda, Halaster, Hilltop, Hockee, Imprezzed, Innouthule, <span class=\\\"negative\\\">Jelandi</span>, Kadelthin, Karunaji, Kazgra, Krenshar, Lexanice, Lifeblood, Malanari, Malcontent, Malignance, Mindblade, Moofus, Mook, Moosby, Naydien, Nyuks, Overdose, Raldin, <span class=\\\"negative\\\">Schittle</span>, Simodine, Sreza, Subflict, Swifteagle, Tanz, Tulgaat, Tzoo, Unarmed, Utgardloki, Vig, Witchking, Xarnum\',\'{L_NOTE_AFTER}\' => \'Raid Attendance 9:00-10:00\',\'{L_VALUE_AFTER}\' => \'1.00\',\'{L_UPDATED_BY}\' => \'gsc\');','70.176.158.236','38338a762b83dfe8edff2b47247d1836','{L_SUCCESS}',1),(55,1158043134,'{L_ACTION_RAID_UPDATED}','$log_action = array(\'header\' => \'{L_ACTION_RAID_UPDATED}\',\'id\' => \'4\',\'{L_EVENT_BEFORE}\' => \'Ahn Qiraj\',\'{L_ATTENDEES_BEFORE}\' => \'Afflicted, Aurix, Bendeadlong, Blangerdon, Croog, Desdemonda, Halaster, Hilltop, Hockee, Imprezzed, Innouthule, Kadelthin, Karunaji, Kazgra, Krenshar, Lexanice, Lifeblood, Malanari, Malcontent, Malignance, Mindblade, Moofus, Mook, Moosby, Naydien, Nyuks, Overdose, Raldin, Simodine, Sreza, Subflict, Swifteagle, Tanz, Tulgaat, Tzoo, Unarmed, Utgardloki, Vig, Witchking, Xarnum\',\'{L_NOTE_BEFORE}\' => \'Raid Attendance 10:00-11:00\',\'{L_VALUE_BEFORE}\' => \'1.00\',\'{L_EVENT_AFTER}\' => \'Ahn Qiraj\',\'{L_ATTENDEES_AFTER}\' => \'Afflicted, Aurix, Bendeadlong, Blangerdon, Croog, Desdemonda, Halaster, Hilltop, Hockee, Imprezzed, Innouthule, <span class=\\\"negative\\\">Jelandi</span>, Kadelthin, Karunaji, Kazgra, Krenshar, Lexanice, Lifeblood, Malanari, Malcontent, Malignance, Mindblade, Moofus, Mook, Moosby, Naydien, Nyuks, Overdose, Raldin, <span class=\\\"negative\\\">Schittle</span>, Simodine, Sreza, Subflict, Swifteagle, Tanz, Tulgaat, Tzoo, Unarmed, Utgardloki, Vig, Witchking, Xarnum\',\'{L_NOTE_AFTER}\' => \'Raid Attendance 10:00-11:00\',\'{L_VALUE_AFTER}\' => \'1.00\',\'{L_UPDATED_BY}\' => \'gsc\');','70.176.158.236','38338a762b83dfe8edff2b47247d1836','{L_SUCCESS}',1),(56,1158043135,'{L_ACTION_RAID_UPDATED}','$log_action = array(\'header\' => \'{L_ACTION_RAID_UPDATED}\',\'id\' => \'4\',\'{L_EVENT_BEFORE}\' => \'Ahn Qiraj\',\'{L_ATTENDEES_BEFORE}\' => \'<span class=\\\"negative\\\"></span>\',\'{L_NOTE_BEFORE}\' => \'Raid Attendance 10:00-11:00\',\'{L_VALUE_BEFORE}\' => \'1.00\',\'{L_EVENT_AFTER}\' => \'Ahn Qiraj\',\'{L_ATTENDEES_AFTER}\' => \'<span class=\\\"negative\\\">Afflicted</span>, <span class=\\\"negative\\\">Aurix</span>, <span class=\\\"negative\\\">Bendeadlong</span>, <span class=\\\"negative\\\">Blangerdon</span>, <span class=\\\"negative\\\">Croog</span>, <span class=\\\"negative\\\">Desdemonda</span>, <span class=\\\"negative\\\">Halaster</span>, <span class=\\\"negative\\\">Hilltop</span>, <span class=\\\"negative\\\">Hockee</span>, <span class=\\\"negative\\\">Imprezzed</span>, <span class=\\\"negative\\\">Innouthule</span>, <span class=\\\"negative\\\">Jelandi</span>, <span class=\\\"negative\\\">Kadelthin</span>, <span class=\\\"negative\\\">Karunaji</span>, <span class=\\\"negative\\\">Kazgra</span>, <span class=\\\"negative\\\">Krenshar</span>, <span class=\\\"negative\\\">Lexanice</span>, <span class=\\\"negative\\\">Lifeblood</span>, <span class=\\\"negative\\\">Malanari</span>, <span class=\\\"negative\\\">Malcontent</span>, <span class=\\\"negative\\\">Malignance</span>, <span class=\\\"negative\\\">Mindblade</span>, <span class=\\\"negative\\\">Moofus</span>, <span class=\\\"negative\\\">Mook</span>, <span class=\\\"negative\\\">Moosby</span>, <span class=\\\"negative\\\">Naydien</span>, <span class=\\\"negative\\\">Nyuks</span>, <span class=\\\"negative\\\">Overdose</span>, <span class=\\\"negative\\\">Raldin</span>, <span class=\\\"negative\\\">Schittle</span>, <span class=\\\"negative\\\">Simodine</span>, <span class=\\\"negative\\\">Sreza</span>, <span class=\\\"negative\\\">Subflict</span>, <span class=\\\"negative\\\">Swifteagle</span>, <span class=\\\"negative\\\">Tanz</span>, <span class=\\\"negative\\\">Tulgaat</span>, <span class=\\\"negative\\\">Tzoo</span>, <span class=\\\"negative\\\">Unarmed</span>, <span class=\\\"negative\\\">Utgardloki</span>, <span class=\\\"negative\\\">Vig</span>, <span class=\\\"negative\\\">Witchking</span>, <span class=\\\"negative\\\">Xarnum</span>\',\'{L_NOTE_AFTER}\' => \'Raid Attendance 10:00-11:00\',\'{L_VALUE_AFTER}\' => \'1.00\',\'{L_UPDATED_BY}\' => \'gsc\');','70.176.158.236','38338a762b83dfe8edff2b47247d1836','{L_SUCCESS}',1),(57,1158043332,'{L_ACTION_RAID_ADDED}','$log_action = array(\'header\' => \'{L_ACTION_RAID_ADDED}\',\'id\' => \'5\',\'{L_EVENT}\' => \'Ahn Qiraj\',\'{L_ATTENDEES}\' => \'Afflicted, Ambel, Aurix, Bendeadlong, Blangerdon, Dalehawkins, Desdemonda, Halaster, Hilltop, Imprezzed, Jelandi, Karunaji, Kazgra, Krenshar, Lexanice, Mackstab, Malanari, Malignance, Mallicia, Melisela, Mindblade, Moofus, Moosby, Morphcow, Narik, Naydien, Nyuks, Overdose, Raldin, Ronashi, Simodine, Sreza, Subflict, Sufu, Tulgaat, Tzoo, Unarmed, Utgardloki, Vaevictis, Xarnum\',\'{L_NOTE}\' => \'Raid Attendance 7:00-8:00\',\'{L_VALUE}\' => \'0\',\'{L_ADDED_BY}\' => \'RaidTracker (by gsc)\');','70.176.158.236','38338a762b83dfe8edff2b47247d1836','{L_SUCCESS}',1),(58,1158043332,'{L_ACTION_MEMBER_ADDED}','$log_action = array(\'header\' => \'{L_ACTION_MEMBER_ADDED}\',\'{L_NAME}\' => \'Ambel\',\'{L_EARNED}\' => \'0\',\'{L_SPENT}\' => \'0\',\'{L_ADJUSTMENT}\' => \'0\',\'{L_LEVEL}\' => \'Unknown\',\'{L_RACE}\' => \'Unknown\',\'{L_CLASS}\' => \'Unknown\',\'{L_ADDED_BY}\' => \'RaidTracker (by gsc)\');','70.176.158.236','38338a762b83dfe8edff2b47247d1836','{L_SUCCESS}',1),(59,1158043332,'{L_ACTION_MEMBER_ADDED}','$log_action = array(\'header\' => \'{L_ACTION_MEMBER_ADDED}\',\'{L_NAME}\' => \'Dalehawkins\',\'{L_EARNED}\' => \'0\',\'{L_SPENT}\' => \'0\',\'{L_ADJUSTMENT}\' => \'0\',\'{L_LEVEL}\' => \'Unknown\',\'{L_RACE}\' => \'Unknown\',\'{L_CLASS}\' => \'Unknown\',\'{L_ADDED_BY}\' => \'RaidTracker (by gsc)\');','70.176.158.236','38338a762b83dfe8edff2b47247d1836','{L_SUCCESS}',1),(60,1158043332,'{L_ACTION_MEMBER_ADDED}','$log_action = array(\'header\' => \'{L_ACTION_MEMBER_ADDED}\',\'{L_NAME}\' => \'Mackstab\',\'{L_EARNED}\' => \'0\',\'{L_SPENT}\' => \'0\',\'{L_ADJUSTMENT}\' => \'0\',\'{L_LEVEL}\' => \'Unknown\',\'{L_RACE}\' => \'Unknown\',\'{L_CLASS}\' => \'Unknown\',\'{L_ADDED_BY}\' => \'RaidTracker (by gsc)\');','70.176.158.236','38338a762b83dfe8edff2b47247d1836','{L_SUCCESS}',1),(61,1158043332,'{L_ACTION_MEMBER_ADDED}','$log_action = array(\'header\' => \'{L_ACTION_MEMBER_ADDED}\',\'{L_NAME}\' => \'Mallicia\',\'{L_EARNED}\' => \'0\',\'{L_SPENT}\' => \'0\',\'{L_ADJUSTMENT}\' => \'0\',\'{L_LEVEL}\' => \'Unknown\',\'{L_RACE}\' => \'Unknown\',\'{L_CLASS}\' => \'Unknown\',\'{L_ADDED_BY}\' => \'RaidTracker (by gsc)\');','70.176.158.236','38338a762b83dfe8edff2b47247d1836','{L_SUCCESS}',1),(62,1158043332,'{L_ACTION_MEMBER_ADDED}','$log_action = array(\'header\' => \'{L_ACTION_MEMBER_ADDED}\',\'{L_NAME}\' => \'Melisela\',\'{L_EARNED}\' => \'0\',\'{L_SPENT}\' => \'0\',\'{L_ADJUSTMENT}\' => \'0\',\'{L_LEVEL}\' => \'Unknown\',\'{L_RACE}\' => \'Unknown\',\'{L_CLASS}\' => \'Unknown\',\'{L_ADDED_BY}\' => \'RaidTracker (by gsc)\');','70.176.158.236','38338a762b83dfe8edff2b47247d1836','{L_SUCCESS}',1),(63,1158043332,'{L_ACTION_MEMBER_ADDED}','$log_action = array(\'header\' => \'{L_ACTION_MEMBER_ADDED}\',\'{L_NAME}\' => \'Morphcow\',\'{L_EARNED}\' => \'0\',\'{L_SPENT}\' => \'0\',\'{L_ADJUSTMENT}\' => \'0\',\'{L_LEVEL}\' => \'Unknown\',\'{L_RACE}\' => \'Unknown\',\'{L_CLASS}\' => \'Unknown\',\'{L_ADDED_BY}\' => \'RaidTracker (by gsc)\');','70.176.158.236','38338a762b83dfe8edff2b47247d1836','{L_SUCCESS}',1),(64,1158043332,'{L_ACTION_MEMBER_ADDED}','$log_action = array(\'header\' => \'{L_ACTION_MEMBER_ADDED}\',\'{L_NAME}\' => \'Narik\',\'{L_EARNED}\' => \'0\',\'{L_SPENT}\' => \'0\',\'{L_ADJUSTMENT}\' => \'0\',\'{L_LEVEL}\' => \'Unknown\',\'{L_RACE}\' => \'Unknown\',\'{L_CLASS}\' => \'Unknown\',\'{L_ADDED_BY}\' => \'RaidTracker (by gsc)\');','70.176.158.236','38338a762b83dfe8edff2b47247d1836','{L_SUCCESS}',1),(65,1158043332,'{L_ACTION_MEMBER_ADDED}','$log_action = array(\'header\' => \'{L_ACTION_MEMBER_ADDED}\',\'{L_NAME}\' => \'Ronashi\',\'{L_EARNED}\' => \'0\',\'{L_SPENT}\' => \'0\',\'{L_ADJUSTMENT}\' => \'0\',\'{L_LEVEL}\' => \'Unknown\',\'{L_RACE}\' => \'Unknown\',\'{L_CLASS}\' => \'Unknown\',\'{L_ADDED_BY}\' => \'RaidTracker (by gsc)\');','70.176.158.236','38338a762b83dfe8edff2b47247d1836','{L_SUCCESS}',1),(66,1158043332,'{L_ACTION_MEMBER_ADDED}','$log_action = array(\'header\' => \'{L_ACTION_MEMBER_ADDED}\',\'{L_NAME}\' => \'Vaevictis\',\'{L_EARNED}\' => \'0\',\'{L_SPENT}\' => \'0\',\'{L_ADJUSTMENT}\' => \'0\',\'{L_LEVEL}\' => \'Unknown\',\'{L_RACE}\' => \'Unknown\',\'{L_CLASS}\' => \'Unknown\',\'{L_ADDED_BY}\' => \'RaidTracker (by gsc)\');','70.176.158.236','38338a762b83dfe8edff2b47247d1836','{L_SUCCESS}',1),(67,1158043459,'{L_ACTION_RAID_UPDATED}','$log_action = array(\'header\' => \'{L_ACTION_RAID_UPDATED}\',\'id\' => \'5\',\'{L_EVENT_BEFORE}\' => \'Ahn Qiraj\',\'{L_ATTENDEES_BEFORE}\' => \'Afflicted, Ambel, Aurix, Bendeadlong, Blangerdon, Dalehawkins, Desdemonda, Halaster, Hilltop, Imprezzed, Jelandi, Karunaji, Kazgra, Krenshar, Lexanice, Mackstab, Malanari, Malignance, Mallicia, Melisela, Mindblade, Moofus, Moosby, Morphcow, Narik, Naydien, Nyuks, Overdose, Raldin, Ronashi, Simodine, Sreza, Subflict, Sufu, Tulgaat, Tzoo, Unarmed, Utgardloki, Vaevictis, Xarnum\',\'{L_NOTE_BEFORE}\' => \'Raid Attendance 7:00-8:00\',\'{L_VALUE_BEFORE}\' => \'0.00\',\'{L_EVENT_AFTER}\' => \'Ahn Qiraj\',\'{L_ATTENDEES_AFTER}\' => \'Afflicted, Ambel, Aurix, Bendeadlong, Blangerdon, Dalehawkins, Desdemonda, <span class=\\\"negative\\\">Endevour</span>, <span class=\\\"negative\\\">Forain</span>, Halaster, Hilltop, Imprezzed, Jelandi, <span class=\\\"negative\\\">Kadelthin</span>, Karunaji, Kazgra, Krenshar, Lexanice, <span class=\\\"negative\\\">Lifeblood</span>, Mackstab, Malanari, <span class=\\\"negative\\\">Malcontent</span>, Malignance, Mallicia, Melisela, Mindblade, Moofus, Moosby, Morphcow, Narik, Naydien, Nyuks, Overdose, Raldin, Ronashi, Simodine, Sreza, Subflict, Sufu, <span class=\\\"negative\\\">Tanz</span>, Tulgaat, Tzoo, Unarmed, Utgardloki, Vaevictis, <span class=\\\"negative\\\">Witchking</span>, Xarnum\',\'{L_NOTE_AFTER}\' => \'Raid Attendance 7:00-8:00\',\'{L_VALUE_AFTER}\' => \'<span class=\\\"negative\\\">1.00</span>\',\'{L_UPDATED_BY}\' => \'gsc\');','70.176.158.236','38338a762b83dfe8edff2b47247d1836','{L_SUCCESS}',1),(68,1158043539,'{L_ACTION_RAID_ADDED}','$log_action = array(\'header\' => \'{L_ACTION_RAID_ADDED}\',\'id\' => \'6\',\'{L_EVENT}\' => \'Ahn Qiraj\',\'{L_ATTENDEES}\' => \'Afflicted, Ambel, Bendeadlong, Blangerdon, Dalehawkins, Desdemonda, Halaster, Hilltop, Imprezzed, Innouthule, Jelandi, Karunaji, Kazgra, Krenshar, Mackstab, Malanari, Malignance, Mallicia, Melisela, Moofus, Moosby, Morphcow, Narik, Naydien, Nyuks, Overdose, Ronashi, Simodine, Sreza, Subflict, Sufu, Swifteagle, Tanz, Tulgaat, Tzoo, Unarmed, Utgardloki, Vaevictis, Witchking, Xarnum\',\'{L_NOTE}\' => \'Raid Attendance 8:00-9:00\',\'{L_VALUE}\' => \'\',\'{L_ADDED_BY}\' => \'RaidTracker (by gsc)\');','70.176.158.236','38338a762b83dfe8edff2b47247d1836','{L_SUCCESS}',1),(69,1158043579,'{L_ACTION_RAID_UPDATED}','$log_action = array(\'header\' => \'{L_ACTION_RAID_UPDATED}\',\'id\' => \'6\',\'{L_EVENT_BEFORE}\' => \'Ahn Qiraj\',\'{L_ATTENDEES_BEFORE}\' => \'Afflicted, Ambel, Bendeadlong, Blangerdon, Dalehawkins, Desdemonda, Halaster, Hilltop, Imprezzed, Innouthule, Jelandi, Karunaji, Kazgra, Krenshar, Mackstab, Malanari, Malignance, Mallicia, Melisela, Moofus, Moosby, Morphcow, Narik, Naydien, Nyuks, Overdose, Ronashi, Simodine, Sreza, Subflict, Sufu, Swifteagle, Tanz, Tulgaat, Tzoo, Unarmed, Utgardloki, Vaevictis, Witchking, Xarnum\',\'{L_NOTE_BEFORE}\' => \'Raid Attendance 8:00-9:00\',\'{L_VALUE_BEFORE}\' => \'0.00\',\'{L_EVENT_AFTER}\' => \'Ahn Qiraj\',\'{L_ATTENDEES_AFTER}\' => \'Afflicted, Ambel, Bendeadlong, Blangerdon, Dalehawkins, Desdemonda, <span class=\\\"negative\\\">Endevour</span>, <span class=\\\"negative\\\">Forain</span>, Halaster, Hilltop, Imprezzed, Innouthule, Jelandi, <span class=\\\"negative\\\">Kadelthin</span>, Karunaji, Kazgra, Krenshar, <span class=\\\"negative\\\">Lifeblood</span>, Mackstab, Malanari, <span class=\\\"negative\\\">Malcontent</span>, Malignance, Mallicia, Melisela, Moofus, Moosby, Morphcow, Narik, Naydien, Nyuks, Overdose, Ronashi, Simodine, Sreza, Subflict, Sufu, Swifteagle, Tanz, Tulgaat, Tzoo, Unarmed, Utgardloki, Vaevictis, Witchking, Xarnum\',\'{L_NOTE_AFTER}\' => \'Raid Attendance 8:00-9:00\',\'{L_VALUE_AFTER}\' => \'<span class=\\\"negative\\\">1.00</span>\',\'{L_UPDATED_BY}\' => \'gsc\');','70.176.158.236','38338a762b83dfe8edff2b47247d1836','{L_SUCCESS}',1),(70,1158043662,'{L_ACTION_RAID_ADDED}','$log_action = array(\'header\' => \'{L_ACTION_RAID_ADDED}\',\'id\' => \'7\',\'{L_EVENT}\' => \'Ahn Qiraj\',\'{L_ATTENDEES}\' => \'Afflicted, Bendeadlong, Blangerdon, Croog, Dalehawkins, Desdemonda, Halaster, Hilltop, Imprezzed, Innouthule, Jelandi, Karunaji, Kazgra, Krenshar, Mackstab, Malanari, Malignance, Mallicia, Melisela, Moofus, Moosby, Morphcow, Narik, Naydien, Nyuks, Overdose, Ronashi, Simodine, Sreza, Subflict, Sufu, Swifteagle, Tanz, Tulgaat, Tzoo, Unarmed, Utgardloki, Vaevictis, Witchking, Xarnum\',\'{L_NOTE}\' => \'Raid Attendance 9:00-10:00\',\'{L_VALUE}\' => \'0\',\'{L_ADDED_BY}\' => \'RaidTracker (by gsc)\');','70.176.158.236','38338a762b83dfe8edff2b47247d1836','{L_SUCCESS}',1),(71,1158043691,'{L_ACTION_RAID_UPDATED}','$log_action = array(\'header\' => \'{L_ACTION_RAID_UPDATED}\',\'id\' => \'7\',\'{L_EVENT_BEFORE}\' => \'Ahn Qiraj\',\'{L_ATTENDEES_BEFORE}\' => \'Afflicted, Bendeadlong, Blangerdon, Croog, Dalehawkins, Desdemonda, Halaster, Hilltop, Imprezzed, Innouthule, Jelandi, Karunaji, Kazgra, Krenshar, Mackstab, Malanari, Malignance, Mallicia, Melisela, Moofus, Moosby, Morphcow, Narik, Naydien, Nyuks, Overdose, Ronashi, Simodine, Sreza, Subflict, Sufu, Swifteagle, Tanz, Tulgaat, Tzoo, Unarmed, Utgardloki, Vaevictis, Witchking, Xarnum\',\'{L_NOTE_BEFORE}\' => \'Raid Attendance 9:00-10:00\',\'{L_VALUE_BEFORE}\' => \'0.00\',\'{L_EVENT_AFTER}\' => \'Ahn Qiraj\',\'{L_ATTENDEES_AFTER}\' => \'Afflicted, Bendeadlong, Blangerdon, Croog, Dalehawkins, Desdemonda, <span class=\\\"negative\\\">Endevour</span>, <span class=\\\"negative\\\">Forain</span>, Halaster, Hilltop, Imprezzed, Innouthule, Jelandi, <span class=\\\"negative\\\">Kadelthin</span>, Karunaji, Kazgra, Krenshar, <span class=\\\"negative\\\">Lifeblood</span>, Mackstab, Malanari, <span class=\\\"negative\\\">Malcontent</span>, Malignance, Mallicia, Melisela, Moofus, Moosby, Morphcow, Narik, Naydien, Nyuks, Overdose, Ronashi, Simodine, Sreza, Subflict, Sufu, Swifteagle, Tanz, Tulgaat, Tzoo, Unarmed, Utgardloki, Vaevictis, Witchking, Xarnum\',\'{L_NOTE_AFTER}\' => \'Raid Attendance 9:00-10:00\',\'{L_VALUE_AFTER}\' => \'<span class=\\\"negative\\\">1.00</span>\',\'{L_UPDATED_BY}\' => \'gsc\');','70.176.158.236','38338a762b83dfe8edff2b47247d1836','{L_SUCCESS}',1),(72,1158043739,'{L_ACTION_RAID_ADDED}','$log_action = array(\'header\' => \'{L_ACTION_RAID_ADDED}\',\'id\' => \'8\',\'{L_EVENT}\' => \'Ahn Qiraj\',\'{L_ATTENDEES}\' => \'Afflicted, Aurix, Bendeadlong, Blangerdon, Croog, Dalehawkins, Desdemonda, Halaster, Hilltop, Imprezzed, Innouthule, Karunaji, Kazgra, Mackstab, Malanari, Malcontent, Malignance, Mallicia, Melisela, Moofus, Moosby, Morphcow, Narik, Naydien, Nyuks, Overdose, Raldin, Ronashi, Simodine, Sreza, Subflict, Swifteagle, Tanz, Tulgaat, Tzoo, Unarmed, Utgardloki, Vaevictis, Witchking, Xarnum\',\'{L_NOTE}\' => \'Raid Attendance 10:00-11:00\',\'{L_VALUE}\' => \'0\',\'{L_ADDED_BY}\' => \'RaidTracker (by gsc)\');','70.176.158.236','38338a762b83dfe8edff2b47247d1836','{L_SUCCESS}',1),(73,1158043767,'{L_ACTION_RAID_UPDATED}','$log_action = array(\'header\' => \'{L_ACTION_RAID_UPDATED}\',\'id\' => \'8\',\'{L_EVENT_BEFORE}\' => \'Ahn Qiraj\',\'{L_ATTENDEES_BEFORE}\' => \'Afflicted, Aurix, Bendeadlong, Blangerdon, Croog, Dalehawkins, Desdemonda, Halaster, Hilltop, Imprezzed, Innouthule, Karunaji, Kazgra, Mackstab, Malanari, Malcontent, Malignance, Mallicia, Melisela, Moofus, Moosby, Morphcow, Narik, Naydien, Nyuks, Overdose, Raldin, Ronashi, Simodine, Sreza, Subflict, Swifteagle, Tanz, Tulgaat, Tzoo, Unarmed, Utgardloki, Vaevictis, Witchking, Xarnum\',\'{L_NOTE_BEFORE}\' => \'Raid Attendance 10:00-11:00\',\'{L_VALUE_BEFORE}\' => \'0.00\',\'{L_EVENT_AFTER}\' => \'Ahn Qiraj\',\'{L_ATTENDEES_AFTER}\' => \'Afflicted, Aurix, Bendeadlong, Blangerdon, Croog, Dalehawkins, Desdemonda, <span class=\\\"negative\\\">Endevour</span>, <span class=\\\"negative\\\">Forain</span>, Halaster, Hilltop, Imprezzed, Innouthule, <span class=\\\"negative\\\">Kadelthin</span>, Karunaji, Kazgra, <span class=\\\"negative\\\">Lifeblood</span>, Mackstab, Malanari, Malcontent, Malignance, Mallicia, Melisela, Moofus, Moosby, Morphcow, Narik, Naydien, Nyuks, Overdose, Raldin, Ronashi, Simodine, Sreza, Subflict, Swifteagle, Tanz, Tulgaat, Tzoo, Unarmed, Utgardloki, Vaevictis, Witchking, Xarnum\',\'{L_NOTE_AFTER}\' => \'Raid Attendance 10:00-11:00\',\'{L_VALUE_AFTER}\' => \'<span class=\\\"negative\\\">1.00</span>\',\'{L_UPDATED_BY}\' => \'gsc\');','70.176.158.236','38338a762b83dfe8edff2b47247d1836','{L_SUCCESS}',1),(74,1158116156,'{L_ACTION_RAID_ADDED}','$log_action = array(\'header\' => \'{L_ACTION_RAID_ADDED}\',\'id\' => \'9\',\'{L_EVENT}\' => \'Blackwing Lair\',\'{L_ATTENDEES}\' => \'Aurix, Bendeadlong, Blangerdon, Croog, Dalehawkins, Desdemonda, Endevour, Halaster, Hockee, Imprezzed, Jelandi, Kadelthin, Karunaji, Krenshar, Lifeblood, Mackstab, Malanari, Malcontent, Malignance, Mallicia, Melisela, Mief, Moofus, Moosby, Morphcow, Narik, Naydien, Overdose, Raldin, Simodine, Sreza, Sufu, Tulgaat, Tzoo, Unarmed, Utgardloki, Vassili, Witchking, Xarnum, Zonkers\',\'{L_NOTE}\' => \'Raid Attendance 7:00-8:00\',\'{L_VALUE}\' => \'0\',\'{L_ADDED_BY}\' => \'RaidTracker (by gsc)\');','70.176.158.236','9cc7a4ac51fb1d32239231eabb424115','{L_SUCCESS}',1),(75,1158116156,'{L_ACTION_MEMBER_ADDED}','$log_action = array(\'header\' => \'{L_ACTION_MEMBER_ADDED}\',\'{L_NAME}\' => \'Mief\',\'{L_EARNED}\' => \'0\',\'{L_SPENT}\' => \'0\',\'{L_ADJUSTMENT}\' => \'0\',\'{L_LEVEL}\' => \'Unknown\',\'{L_RACE}\' => \'Unknown\',\'{L_CLASS}\' => \'Unknown\',\'{L_ADDED_BY}\' => \'RaidTracker (by gsc)\');','70.176.158.236','9cc7a4ac51fb1d32239231eabb424115','{L_SUCCESS}',1),(76,1158116156,'{L_ACTION_MEMBER_ADDED}','$log_action = array(\'header\' => \'{L_ACTION_MEMBER_ADDED}\',\'{L_NAME}\' => \'Vassili\',\'{L_EARNED}\' => \'0\',\'{L_SPENT}\' => \'0\',\'{L_ADJUSTMENT}\' => \'0\',\'{L_LEVEL}\' => \'Unknown\',\'{L_RACE}\' => \'Unknown\',\'{L_CLASS}\' => \'Unknown\',\'{L_ADDED_BY}\' => \'RaidTracker (by gsc)\');','70.176.158.236','9cc7a4ac51fb1d32239231eabb424115','{L_SUCCESS}',1),(77,1158116156,'{L_ACTION_MEMBER_ADDED}','$log_action = array(\'header\' => \'{L_ACTION_MEMBER_ADDED}\',\'{L_NAME}\' => \'Zonkers\',\'{L_EARNED}\' => \'0\',\'{L_SPENT}\' => \'0\',\'{L_ADJUSTMENT}\' => \'0\',\'{L_LEVEL}\' => \'Unknown\',\'{L_RACE}\' => \'Unknown\',\'{L_CLASS}\' => \'Unknown\',\'{L_ADDED_BY}\' => \'RaidTracker (by gsc)\');','70.176.158.236','9cc7a4ac51fb1d32239231eabb424115','{L_SUCCESS}',1),(78,1158116177,'{L_ACTION_EVENT_ADDED}','$log_action = array(\'header\' => \'{L_ACTION_EVENT_ADDED}\',\'id\' => \'2\',\'{L_NAME}\' => \'Blackwing Lair\',\'{L_VALUE}\' => \'1.00\',\'{L_ADDED_BY}\' => \'gsc\');','70.176.158.236','9cc7a4ac51fb1d32239231eabb424115','{L_SUCCESS}',1),(79,1158116432,'{L_ACTION_RAID_UPDATED}','$log_action = array(\'header\' => \'{L_ACTION_RAID_UPDATED}\',\'id\' => \'9\',\'{L_EVENT_BEFORE}\' => \'Blackwing Lair\',\'{L_ATTENDEES_BEFORE}\' => \'Aurix, Bendeadlong, Blangerdon, Croog, Dalehawkins, Desdemonda, Endevour, Halaster, Hockee, Imprezzed, Jelandi, Kadelthin, Karunaji, Krenshar, Lifeblood, Mackstab, Malanari, Malcontent, Malignance, Mallicia, Melisela, Mief, Moofus, Moosby, Morphcow, Narik, Naydien, Overdose, Raldin, Simodine, Sreza, Sufu, Tulgaat, Tzoo, Unarmed, Utgardloki, Vassili, Witchking, Xarnum, Zonkers\',\'{L_NOTE_BEFORE}\' => \'Raid Attendance 7:00-8:00\',\'{L_VALUE_BEFORE}\' => \'0.00\',\'{L_EVENT_AFTER}\' => \'Blackwing Lair\',\'{L_ATTENDEES_AFTER}\' => \'<span class=\\\"negative\\\">Alucarrd</span>, <span class=\\\"negative\\\">Ambel</span>, Aurix, Bendeadlong, Blangerdon, Croog, Dalehawkins, Desdemonda, Endevour, Halaster, Hockee, Imprezzed, Jelandi, Kadelthin, Karunaji, <span class=\\\"negative\\\">Kazgra</span>, Krenshar, Lifeblood, Mackstab, Malanari, Malcontent, Malignance, Mallicia, Melisela, Mief, Moofus, Moosby, Morphcow, Narik, Naydien, <span class=\\\"negative\\\">Nyuks</span>, Overdose, Raldin, Simodine, Sreza, Sufu, Tulgaat, Tzoo, Unarmed, Utgardloki, Vassili, Witchking, Xarnum, <span class=\\\"negative\\\">Zhenkira</span>, Zonkers\',\'{L_NOTE_AFTER}\' => \'Raid Attendance 7:00-8:00\',\'{L_VALUE_AFTER}\' => \'<span class=\\\"negative\\\">1.00</span>\',\'{L_UPDATED_BY}\' => \'gsc\');','70.176.158.236','9cc7a4ac51fb1d32239231eabb424115','{L_SUCCESS}',1),(80,1158116461,'{L_ACTION_RAID_ADDED}','$log_action = array(\'header\' => \'{L_ACTION_RAID_ADDED}\',\'id\' => \'10\',\'{L_EVENT}\' => \'Blackwing Lair\',\'{L_ATTENDEES}\' => \'Aurix, Bendeadlong, Blangerdon, Croog, Dalehawkins, Desdemonda, Endevour, Halaster, Hockee, Imprezzed, Jelandi, Kadelthin, Karunaji, Krenshar, Lifeblood, Mackstab, Malanari, Malcontent, Malignance, Mallicia, Melisela, Mief, Moofus, Moosby, Morphcow, Narik, Naydien, Overdose, Raldin, Simodine, Sreza, Sufu, Tulgaat, Tzoo, Unarmed, Utgardloki, Vassili, Witchking, Xarnum, Zonkers\',\'{L_NOTE}\' => \'Raid Attendance 8:00-9:00\',\'{L_VALUE}\' => \'0\',\'{L_ADDED_BY}\' => \'RaidTracker (by gsc)\');','70.176.158.236','9cc7a4ac51fb1d32239231eabb424115','{L_SUCCESS}',1),(81,1158116487,'{L_ACTION_RAID_UPDATED}','$log_action = array(\'header\' => \'{L_ACTION_RAID_UPDATED}\',\'id\' => \'10\',\'{L_EVENT_BEFORE}\' => \'Blackwing Lair\',\'{L_ATTENDEES_BEFORE}\' => \'Aurix, Bendeadlong, Blangerdon, Croog, Dalehawkins, Desdemonda, Endevour, Halaster, Hockee, Imprezzed, Jelandi, Kadelthin, Karunaji, Krenshar, Lifeblood, Mackstab, Malanari, Malcontent, Malignance, Mallicia, Melisela, Mief, Moofus, Moosby, Morphcow, Narik, Naydien, Overdose, Raldin, Simodine, Sreza, Sufu, Tulgaat, Tzoo, Unarmed, Utgardloki, Vassili, Witchking, Xarnum, Zonkers\',\'{L_NOTE_BEFORE}\' => \'Raid Attendance 8:00-9:00\',\'{L_VALUE_BEFORE}\' => \'0.00\',\'{L_EVENT_AFTER}\' => \'Blackwing Lair\',\'{L_ATTENDEES_AFTER}\' => \'<span class=\\\"negative\\\">Alucarrd</span>, <span class=\\\"negative\\\">Ambel</span>, Aurix, Bendeadlong, Blangerdon, Croog, Dalehawkins, Desdemonda, Endevour, Halaster, Hockee, Imprezzed, Jelandi, Kadelthin, Karunaji, <span class=\\\"negative\\\">Kazgra</span>, Krenshar, Lifeblood, Mackstab, Malanari, Malcontent, Malignance, Mallicia, Melisela, Mief, Moofus, Moosby, Morphcow, Narik, Naydien, <span class=\\\"negative\\\">Nyuks</span>, Overdose, Raldin, Simodine, Sreza, Sufu, Tulgaat, Tzoo, Unarmed, Utgardloki, Vassili, Witchking, Xarnum, <span class=\\\"negative\\\">Zhenkira</span>, Zonkers\',\'{L_NOTE_AFTER}\' => \'Raid Attendance 8:00-9:00\',\'{L_VALUE_AFTER}\' => \'<span class=\\\"negative\\\">1.00</span>\',\'{L_UPDATED_BY}\' => \'gsc\');','70.176.158.236','9cc7a4ac51fb1d32239231eabb424115','{L_SUCCESS}',1),(82,1158121257,'{L_ACTION_RAID_ADDED}','$log_action = array(\'header\' => \'{L_ACTION_RAID_ADDED}\',\'id\' => \'11\',\'{L_EVENT}\' => \'Blackwing Lair\',\'{L_ATTENDEES}\' => \'Aurix, Bendeadlong, Blangerdon, Croog, Dalehawkins, Desdemonda, Endevour, Halaster, Hockee, Imprezzed, Jelandi, Kadelthin, Karunaji, Krenshar, Lifeblood, Mackstab, Malanari, Malcontent, Malignance, Mallicia, Melisela, Mief, Moofus, Moosby, Morphcow, Narik, Naydien, Overdose, Raldin, Simodine, Sreza, Sufu, Tulgaat, Tzoo, Unarmed, Utgardloki, Vassili, Witchking, Xarnum, Zonkers\',\'{L_NOTE}\' => \'Raid Attendance 9:00-10:00\',\'{L_VALUE}\' => \'0\',\'{L_ADDED_BY}\' => \'RaidTracker (by gsc)\');','70.176.158.236','9cc7a4ac51fb1d32239231eabb424115','{L_SUCCESS}',1),(83,1158121286,'{L_ACTION_RAID_UPDATED}','$log_action = array(\'header\' => \'{L_ACTION_RAID_UPDATED}\',\'id\' => \'11\',\'{L_EVENT_BEFORE}\' => \'Blackwing Lair\',\'{L_ATTENDEES_BEFORE}\' => \'Aurix, Bendeadlong, Blangerdon, Croog, Dalehawkins, Desdemonda, Endevour, Halaster, Hockee, Imprezzed, Jelandi, Kadelthin, Karunaji, Krenshar, Lifeblood, Mackstab, Malanari, Malcontent, Malignance, Mallicia, Melisela, Mief, Moofus, Moosby, Morphcow, Narik, Naydien, Overdose, Raldin, Simodine, Sreza, Sufu, Tulgaat, Tzoo, Unarmed, Utgardloki, Vassili, Witchking, Xarnum, Zonkers\',\'{L_NOTE_BEFORE}\' => \'Raid Attendance 9:00-10:00\',\'{L_VALUE_BEFORE}\' => \'0.00\',\'{L_EVENT_AFTER}\' => \'Blackwing Lair\',\'{L_ATTENDEES_AFTER}\' => \'<span class=\\\"negative\\\">Alucarrd</span>, <span class=\\\"negative\\\">Ambel</span>, Aurix, Bendeadlong, Blangerdon, Croog, Dalehawkins, Desdemonda, Endevour, Halaster, Hockee, Imprezzed, Jelandi, Kadelthin, Karunaji, <span class=\\\"negative\\\">Kazgra</span>, Krenshar, Lifeblood, Mackstab, Malanari, Malcontent, Malignance, Mallicia, Melisela, Mief, Moofus, Moosby, Morphcow, Narik, Naydien, <span class=\\\"negative\\\">Nyuks</span>, Overdose, Raldin, Simodine, Sreza, Sufu, Tulgaat, Tzoo, Unarmed, Utgardloki, Vassili, Witchking, Xarnum, <span class=\\\"negative\\\">Zhenkira</span>, Zonkers\',\'{L_NOTE_AFTER}\' => \'Raid Attendance 9:00-10:00\',\'{L_VALUE_AFTER}\' => \'<span class=\\\"negative\\\">1.00</span>\',\'{L_UPDATED_BY}\' => \'gsc\');','70.176.158.236','9cc7a4ac51fb1d32239231eabb424115','{L_SUCCESS}',1),(84,1158125874,'{L_ACTION_RAID_ADDED}','$log_action = array(\'header\' => \'{L_ACTION_RAID_ADDED}\',\'id\' => \'12\',\'{L_EVENT}\' => \'Blackwing Lair\',\'{L_ATTENDEES}\' => \'Aurix, Bendeadlong, Blangerdon, Croog, Dalehawkins, Desdemonda, Endevour, Halaster, Hockee, Imprezzed, Jelandi, Kadelthin, Karunaji, Krenshar, Lifeblood, Mackstab, Malanari, Malcontent, Malignance, Mallicia, Melisela, Mief, Moofus, Moosby, Morphcow, Narik, Naydien, Overdose, Raldin, Simodine, Sreza, Sufu, Tulgaat, Tzoo, Unarmed, Utgardloki, Vassili, Witchking, Xarnum, Zonkers\',\'{L_NOTE}\' => \'Raid Attendance 10:00-11:00\',\'{L_VALUE}\' => \'0\',\'{L_ADDED_BY}\' => \'RaidTracker (by gsc)\');','70.176.158.236','9cc7a4ac51fb1d32239231eabb424115','{L_SUCCESS}',1),(85,1158125930,'{L_ACTION_RAID_UPDATED}','$log_action = array(\'header\' => \'{L_ACTION_RAID_UPDATED}\',\'id\' => \'12\',\'{L_EVENT_BEFORE}\' => \'Blackwing Lair\',\'{L_ATTENDEES_BEFORE}\' => \'Aurix, Bendeadlong, Blangerdon, Croog, Dalehawkins, Desdemonda, Endevour, Halaster, Hockee, Imprezzed, Jelandi, Kadelthin, Karunaji, Krenshar, Lifeblood, Mackstab, Malanari, Malcontent, Malignance, Mallicia, Melisela, Mief, Moofus, Moosby, Morphcow, Narik, Naydien, Overdose, Raldin, Simodine, Sreza, Sufu, Tulgaat, Tzoo, Unarmed, Utgardloki, Vassili, Witchking, Xarnum, Zonkers\',\'{L_NOTE_BEFORE}\' => \'Raid Attendance 10:00-11:00\',\'{L_VALUE_BEFORE}\' => \'0.00\',\'{L_EVENT_AFTER}\' => \'Blackwing Lair\',\'{L_ATTENDEES_AFTER}\' => \'<span class=\\\"negative\\\">Alucarrd</span>, <span class=\\\"negative\\\">Ambel</span>, Aurix, Bendeadlong, Blangerdon, Croog, Dalehawkins, Desdemonda, Endevour, Halaster, Hockee, Imprezzed, Jelandi, Kadelthin, Karunaji, <span class=\\\"negative\\\">Kazgra</span>, Krenshar, Lifeblood, Mackstab, Malanari, Malcontent, Malignance, Mallicia, Melisela, Mief, Moofus, Moosby, Morphcow, Narik, Naydien, <span class=\\\"negative\\\">Nyuks</span>, Overdose, Raldin, Simodine, Sreza, Sufu, Tulgaat, Tzoo, Unarmed, Utgardloki, Vassili, Witchking, Xarnum, <span class=\\\"negative\\\">Zhenkira</span>, Zonkers\',\'{L_NOTE_AFTER}\' => \'Raid Attendance 10:00-11:00\',\'{L_VALUE_AFTER}\' => \'<span class=\\\"negative\\\">1.00</span>\',\'{L_UPDATED_BY}\' => \'gsc\');','70.176.158.236','9cc7a4ac51fb1d32239231eabb424115','{L_SUCCESS}',1),(86,1158199368,'{L_ACTION_RAID_ADDED}','$log_action = array(\'header\' => \'{L_ACTION_RAID_ADDED}\',\'id\' => \'13\',\'{L_EVENT}\' => \'Blackwing Lair\',\'{L_ATTENDEES}\' => \'Alucarrd, Ambel, Aurix, Bendeadlong, Berthelemy, Blangerdon, Croog, Dalehawkins, Desdemonda, Hockee, Imprezzed, Jelandi, Kadelthin, Karunaji, Kazgra, Krenshar, Mackstab, Malanari, Malcontent, Malignance, Mief, Moofus, Moosby, Morphcow, Narik, Naydien, Nyuks, Overdose, Raldin, Ronashi, Sreza, Subflict, Tanz, Tulgaat, Tzoo, Unarmed, Utgardloki, Vig, Witchking, Xarnum\',\'{L_NOTE}\' => \'Raid Attendance 7:00-8:00\',\'{L_VALUE}\' => \'0\',\'{L_ADDED_BY}\' => \'RaidTracker (by gsc)\');','70.176.158.236','6b944e55d0c13a1f7c2873cae1ecad49','{L_SUCCESS}',1),(87,1158199368,'{L_ACTION_MEMBER_ADDED}','$log_action = array(\'header\' => \'{L_ACTION_MEMBER_ADDED}\',\'{L_NAME}\' => \'Berthelemy\',\'{L_EARNED}\' => \'0\',\'{L_SPENT}\' => \'0\',\'{L_ADJUSTMENT}\' => \'0\',\'{L_LEVEL}\' => \'Unknown\',\'{L_RACE}\' => \'Unknown\',\'{L_CLASS}\' => \'Unknown\',\'{L_ADDED_BY}\' => \'RaidTracker (by gsc)\');','70.176.158.236','6b944e55d0c13a1f7c2873cae1ecad49','{L_SUCCESS}',1),(88,1158199513,'{L_ACTION_RAID_UPDATED}','$log_action = array(\'header\' => \'{L_ACTION_RAID_UPDATED}\',\'id\' => \'13\',\'{L_EVENT_BEFORE}\' => \'Blackwing Lair\',\'{L_ATTENDEES_BEFORE}\' => \'Alucarrd, Ambel, Aurix, Bendeadlong, Berthelemy, Blangerdon, Croog, Dalehawkins, Desdemonda, Hockee, Imprezzed, Jelandi, Kadelthin, Karunaji, Kazgra, Krenshar, Mackstab, Malanari, Malcontent, Malignance, Mief, Moofus, Moosby, Morphcow, Narik, Naydien, Nyuks, Overdose, Raldin, Ronashi, Sreza, Subflict, Tanz, Tulgaat, Tzoo, Unarmed, Utgardloki, Vig, Witchking, Xarnum\',\'{L_NOTE_BEFORE}\' => \'Raid Attendance 7:00-8:00\',\'{L_VALUE_BEFORE}\' => \'0.00\',\'{L_EVENT_AFTER}\' => \'Blackwing Lair\',\'{L_ATTENDEES_AFTER}\' => \'Alucarrd, Ambel, Aurix, Bendeadlong, Berthelemy, Blangerdon, Croog, Dalehawkins, Desdemonda, <span class=\\\"negative\\\">Forain</span>, <span class=\\\"negative\\\">Halaster</span>, Hockee, Imprezzed, Jelandi, Kadelthin, Karunaji, Kazgra, Krenshar, Mackstab, Malanari, Malcontent, Malignance, Mief, Moofus, Moosby, Morphcow, Narik, Naydien, Nyuks, Overdose, Raldin, Ronashi, Sreza, Subflict, Tanz, Tulgaat, Tzoo, Unarmed, Utgardloki, <span class=\\\"negative\\\">Vassili</span>, Vig, Witchking, Xarnum\',\'{L_NOTE_AFTER}\' => \'Raid Attendance 7:00-8:00\',\'{L_VALUE_AFTER}\' => \'<span class=\\\"negative\\\">1.00</span>\',\'{L_UPDATED_BY}\' => \'gsc\');','70.176.158.236','6b944e55d0c13a1f7c2873cae1ecad49','{L_SUCCESS}',1),(89,1158207078,'{L_ACTION_RAID_ADDED}','$log_action = array(\'header\' => \'{L_ACTION_RAID_ADDED}\',\'id\' => \'14\',\'{L_EVENT}\' => \'Blackwing Lair\',\'{L_ATTENDEES}\' => \'Ambel, Aurix, Bendeadlong, Berthelemy, Blangerdon, Croog, Dalehawkins, Desdemonda, Forain, Hilltop, Hockee, Imprezzed, Innouthule, Karunaji, Kazgra, Krenshar, Mackstab, Malanari, Malcontent, Malignance, Mallicia, Mief, Moofus, Moosby, Morphcow, Narik, Naydien, Nyuks, Overdose, Raldin, Ronashi, Simodine, Sreza, Subflict, Tanz, Tzoo, Unarmed, Utgardloki, Vig, Witchking, Xarnum\',\'{L_NOTE}\' => \'Raid Attendance 8:00-9:00\',\'{L_VALUE}\' => \'0\',\'{L_ADDED_BY}\' => \'RaidTracker (by gsc)\');','70.176.158.236','6b944e55d0c13a1f7c2873cae1ecad49','{L_SUCCESS}',1),(90,1158207178,'{L_ACTION_RAID_UPDATED}','$log_action = array(\'header\' => \'{L_ACTION_RAID_UPDATED}\',\'id\' => \'14\',\'{L_EVENT_BEFORE}\' => \'Blackwing Lair\',\'{L_ATTENDEES_BEFORE}\' => \'Ambel, Aurix, Bendeadlong, Berthelemy, Blangerdon, Croog, Dalehawkins, Desdemonda, Forain, Hilltop, Hockee, Imprezzed, Innouthule, Karunaji, Kazgra, Krenshar, Mackstab, Malanari, Malcontent, Malignance, Mallicia, Mief, Moofus, Moosby, Morphcow, Narik, Naydien, Nyuks, Overdose, Raldin, Ronashi, Simodine, Sreza, Subflict, Tanz, Tzoo, Unarmed, Utgardloki, Vig, Witchking, Xarnum\',\'{L_NOTE_BEFORE}\' => \'Raid Attendance 8:00-9:00\',\'{L_VALUE_BEFORE}\' => \'0.00\',\'{L_EVENT_AFTER}\' => \'Blackwing Lair\',\'{L_ATTENDEES_AFTER}\' => \'<span class=\\\"negative\\\">Alucarrd</span>, Ambel, Aurix, Bendeadlong, Berthelemy, Blangerdon, Croog, Dalehawkins, Desdemonda, Forain, <span class=\\\"negative\\\">Halaster</span>, Hilltop, Hockee, Imprezzed, Innouthule, <span class=\\\"negative\\\">Kadelthin</span>, Karunaji, Kazgra, Krenshar, Mackstab, Malanari, Malcontent, Malignance, Mallicia, Mief, Moofus, Moosby, Morphcow, Narik, Naydien, Nyuks, Overdose, Raldin, Ronashi, <span class=\\\"negative\\\">Schittle</span>, Simodine, Sreza, Subflict, Tanz, Tzoo, Unarmed, Utgardloki, <span class=\\\"negative\\\">Vaevictis</span>, <span class=\\\"negative\\\">Vassili</span>, Vig, Witchking, Xarnum\',\'{L_NOTE_AFTER}\' => \'Raid Attendance 8:00-9:00\',\'{L_VALUE_AFTER}\' => \'<span class=\\\"negative\\\">1.00</span>\',\'{L_UPDATED_BY}\' => \'gsc\');','70.176.158.236','6b944e55d0c13a1f7c2873cae1ecad49','{L_SUCCESS}',1),(91,1158207208,'{L_ACTION_RAID_ADDED}','$log_action = array(\'header\' => \'{L_ACTION_RAID_ADDED}\',\'id\' => \'15\',\'{L_EVENT}\' => \'Blackwing Lair\',\'{L_ATTENDEES}\' => \'Aurix, Bendeadlong, Berthelemy, Blangerdon, Croog, Dalehawkins, Desdemonda, Forain, Hilltop, Hockee, Imprezzed, Innouthule, Karunaji, Kazgra, Krenshar, Mackstab, Malanari, Malcontent, Malignance, Mallicia, Mief, Moofus, Moosby, Morphcow, Narik, Naydien, Nyuks, Overdose, Raldin, Ronashi, Simodine, Sreza, Subflict, Tanz, Tzoo, Unarmed, Utgardloki, Vig, Witchking, Xarnum\',\'{L_NOTE}\' => \'Raid Attendance 9:00-10:00\',\'{L_VALUE}\' => \'0\',\'{L_ADDED_BY}\' => \'RaidTracker (by gsc)\');','70.176.158.236','6b944e55d0c13a1f7c2873cae1ecad49','{L_SUCCESS}',1),(92,1158207258,'{L_ACTION_RAID_UPDATED}','$log_action = array(\'header\' => \'{L_ACTION_RAID_UPDATED}\',\'id\' => \'15\',\'{L_EVENT_BEFORE}\' => \'Blackwing Lair\',\'{L_ATTENDEES_BEFORE}\' => \'Aurix, Bendeadlong, Berthelemy, Blangerdon, Croog, Dalehawkins, Desdemonda, Forain, Hilltop, Hockee, Imprezzed, Innouthule, Karunaji, Kazgra, Krenshar, Mackstab, Malanari, Malcontent, Malignance, Mallicia, Mief, Moofus, Moosby, Morphcow, Narik, Naydien, Nyuks, Overdose, Raldin, Ronashi, Simodine, Sreza, Subflict, Tanz, Tzoo, Unarmed, Utgardloki, Vig, Witchking, Xarnum\',\'{L_NOTE_BEFORE}\' => \'Raid Attendance 9:00-10:00\',\'{L_VALUE_BEFORE}\' => \'0.00\',\'{L_EVENT_AFTER}\' => \'Blackwing Lair\',\'{L_ATTENDEES_AFTER}\' => \'<span class=\\\"negative\\\">Alucarrd</span>, <span class=\\\"negative\\\">Ambel</span>, Aurix, Bendeadlong, Berthelemy, Blangerdon, Croog, Dalehawkins, Desdemonda, Forain, <span class=\\\"negative\\\">Halaster</span>, Hilltop, Hockee, Imprezzed, Innouthule, <span class=\\\"negative\\\">Kadelthin</span>, Karunaji, Kazgra, Krenshar, Mackstab, Malanari, Malcontent, Malignance, Mallicia, Mief, Moofus, Moosby, Morphcow, Narik, Naydien, Nyuks, Overdose, Raldin, Ronashi, <span class=\\\"negative\\\">Schittle</span>, Simodine, Sreza, Subflict, Tanz, Tzoo, Unarmed, Utgardloki, <span class=\\\"negative\\\">Vaevictis</span>, <span class=\\\"negative\\\">Vassili</span>, Vig, Witchking, Xarnum\',\'{L_NOTE_AFTER}\' => \'Raid Attendance 9:00-10:00\',\'{L_VALUE_AFTER}\' => \'<span class=\\\"negative\\\">1.00</span>\',\'{L_UPDATED_BY}\' => \'gsc\');','70.176.158.236','6b944e55d0c13a1f7c2873cae1ecad49','{L_SUCCESS}',1),(93,1158207477,'{L_ACTION_RAID_UPDATED}','$log_action = array(\'header\' => \'{L_ACTION_RAID_UPDATED}\',\'id\' => \'13\',\'{L_EVENT_BEFORE}\' => \'Blackwing Lair\',\'{L_ATTENDEES_BEFORE}\' => \'Alucarrd, Ambel, Aurix, Bendeadlong, Berthelemy, Blangerdon, Croog, Dalehawkins, Desdemonda, Forain, Halaster, Hockee, Imprezzed, Jelandi, Kadelthin, Karunaji, Kazgra, Krenshar, Mackstab, Malanari, Malcontent, Malignance, Mief, Moofus, Moosby, Morphcow, Narik, Naydien, Nyuks, Overdose, Raldin, Ronashi, Sreza, Subflict, Tanz, Tulgaat, Tzoo, Unarmed, Utgardloki, Vassili, Vig, Witchking, Xarnum\',\'{L_NOTE_BEFORE}\' => \'Raid Attendance 7:00-8:00\',\'{L_VALUE_BEFORE}\' => \'1.00\',\'{L_EVENT_AFTER}\' => \'Blackwing Lair\',\'{L_ATTENDEES_AFTER}\' => \'Alucarrd, Ambel, Aurix, Bendeadlong, Berthelemy, Blangerdon, Croog, Dalehawkins, Desdemonda, Forain, Halaster, Hockee, Imprezzed, Jelandi, Kadelthin, Karunaji, Kazgra, Krenshar, Mackstab, Malanari, Malcontent, Malignance, Mief, Moofus, Moosby, Morphcow, Narik, Naydien, Nyuks, Overdose, Raldin, Ronashi, Sreza, Subflict, Tanz, Tulgaat, Tzoo, Unarmed, Utgardloki, Vassili, Vig, Witchking, Xarnum, <span class=\\\"negative\\\">Zhenkira</span>\',\'{L_NOTE_AFTER}\' => \'Raid Attendance 7:00-8:00\',\'{L_VALUE_AFTER}\' => \'1.00\',\'{L_UPDATED_BY}\' => \'gsc\');','70.176.158.236','6b944e55d0c13a1f7c2873cae1ecad49','{L_SUCCESS}',1),(94,1158207486,'{L_ACTION_RAID_UPDATED}','$log_action = array(\'header\' => \'{L_ACTION_RAID_UPDATED}\',\'id\' => \'14\',\'{L_EVENT_BEFORE}\' => \'Blackwing Lair\',\'{L_ATTENDEES_BEFORE}\' => \'Alucarrd, Ambel, Aurix, Bendeadlong, Berthelemy, Blangerdon, Croog, Dalehawkins, Desdemonda, Forain, Halaster, Hilltop, Hockee, Imprezzed, Innouthule, Kadelthin, Karunaji, Kazgra, Krenshar, Mackstab, Malanari, Malcontent, Malignance, Mallicia, Mief, Moofus, Moosby, Morphcow, Narik, Naydien, Nyuks, Overdose, Raldin, Ronashi, Schittle, Simodine, Sreza, Subflict, Tanz, Tzoo, Unarmed, Utgardloki, Vaevictis, Vassili, Vig, Witchking, Xarnum\',\'{L_NOTE_BEFORE}\' => \'Raid Attendance 8:00-9:00\',\'{L_VALUE_BEFORE}\' => \'1.00\',\'{L_EVENT_AFTER}\' => \'Blackwing Lair\',\'{L_ATTENDEES_AFTER}\' => \'Alucarrd, Ambel, Aurix, Bendeadlong, Berthelemy, Blangerdon, Croog, Dalehawkins, Desdemonda, Forain, Halaster, Hilltop, Hockee, Imprezzed, Innouthule, Kadelthin, Karunaji, Kazgra, Krenshar, Mackstab, Malanari, Malcontent, Malignance, Mallicia, Mief, Moofus, Moosby, Morphcow, Narik, Naydien, Nyuks, Overdose, Raldin, Ronashi, Schittle, Simodine, Sreza, Subflict, Tanz, Tzoo, Unarmed, Utgardloki, Vaevictis, Vassili, Vig, Witchking, Xarnum, <span class=\\\"negative\\\">Zhenkira</span>\',\'{L_NOTE_AFTER}\' => \'Raid Attendance 8:00-9:00\',\'{L_VALUE_AFTER}\' => \'1.00\',\'{L_UPDATED_BY}\' => \'gsc\');','70.176.158.236','6b944e55d0c13a1f7c2873cae1ecad49','{L_SUCCESS}',1),(95,1158207493,'{L_ACTION_RAID_UPDATED}','$log_action = array(\'header\' => \'{L_ACTION_RAID_UPDATED}\',\'id\' => \'15\',\'{L_EVENT_BEFORE}\' => \'Blackwing Lair\',\'{L_ATTENDEES_BEFORE}\' => \'Alucarrd, Ambel, Aurix, Bendeadlong, Berthelemy, Blangerdon, Croog, Dalehawkins, Desdemonda, Forain, Halaster, Hilltop, Hockee, Imprezzed, Innouthule, Kadelthin, Karunaji, Kazgra, Krenshar, Mackstab, Malanari, Malcontent, Malignance, Mallicia, Mief, Moofus, Moosby, Morphcow, Narik, Naydien, Nyuks, Overdose, Raldin, Ronashi, Schittle, Simodine, Sreza, Subflict, Tanz, Tzoo, Unarmed, Utgardloki, Vaevictis, Vassili, Vig, Witchking, Xarnum\',\'{L_NOTE_BEFORE}\' => \'Raid Attendance 9:00-10:00\',\'{L_VALUE_BEFORE}\' => \'1.00\',\'{L_EVENT_AFTER}\' => \'Blackwing Lair\',\'{L_ATTENDEES_AFTER}\' => \'Alucarrd, Ambel, Aurix, Bendeadlong, Berthelemy, Blangerdon, Croog, Dalehawkins, Desdemonda, Forain, Halaster, Hilltop, Hockee, Imprezzed, Innouthule, Kadelthin, Karunaji, Kazgra, Krenshar, Mackstab, Malanari, Malcontent, Malignance, Mallicia, Mief, Moofus, Moosby, Morphcow, Narik, Naydien, Nyuks, Overdose, Raldin, Ronashi, Schittle, Simodine, Sreza, Subflict, Tanz, Tzoo, Unarmed, Utgardloki, Vaevictis, Vassili, Vig, Witchking, Xarnum, <span class=\\\"negative\\\">Zhenkira</span>\',\'{L_NOTE_AFTER}\' => \'Raid Attendance 9:00-10:00\',\'{L_VALUE_AFTER}\' => \'1.00\',\'{L_UPDATED_BY}\' => \'gsc\');','70.176.158.236','6b944e55d0c13a1f7c2873cae1ecad49','{L_SUCCESS}',1),(96,1158209829,'{L_ACTION_RAID_ADDED}','$log_action = array(\'header\' => \'{L_ACTION_RAID_ADDED}\',\'id\' => \'16\',\'{L_EVENT}\' => \'Blackwing Lair\',\'{L_ATTENDEES}\' => \'Aurix, Bendeadlong, Berthelemy, Blangerdon, Croog, Dalehawkins, Desdemonda, Forain, Hilltop, Hockee, Imprezzed, Innouthule, Karunaji, Kazgra, Krenshar, Mackstab, Malanari, Malcontent, Malignance, Mallicia, Mief, Moofus, Moosby, Morphcow, Narik, Naydien, Nyuks, Overdose, Raldin, Ronashi, Simodine, Sreza, Subflict, Tanz, Tzoo, Unarmed, Utgardloki, Vig, Witchking, Xarnum\',\'{L_NOTE}\' => \'Raid Attendance 10:00-11:00\',\'{L_VALUE}\' => \'0\',\'{L_ADDED_BY}\' => \'RaidTracker (by gsc)\');','70.176.158.236','6b944e55d0c13a1f7c2873cae1ecad49','{L_SUCCESS}',1),(97,1158209895,'{L_ACTION_RAID_UPDATED}','$log_action = array(\'header\' => \'{L_ACTION_RAID_UPDATED}\',\'id\' => \'16\',\'{L_EVENT_BEFORE}\' => \'Blackwing Lair\',\'{L_ATTENDEES_BEFORE}\' => \'Aurix, Bendeadlong, Berthelemy, Blangerdon, Croog, Dalehawkins, Desdemonda, Forain, Hilltop, Hockee, Imprezzed, Innouthule, Karunaji, Kazgra, Krenshar, Mackstab, Malanari, Malcontent, Malignance, Mallicia, Mief, Moofus, Moosby, Morphcow, Narik, Naydien, Nyuks, Overdose, Raldin, Ronashi, Simodine, Sreza, Subflict, Tanz, Tzoo, Unarmed, Utgardloki, Vig, Witchking, Xarnum\',\'{L_NOTE_BEFORE}\' => \'Raid Attendance 10:00-11:00\',\'{L_VALUE_BEFORE}\' => \'0.00\',\'{L_EVENT_AFTER}\' => \'Blackwing Lair\',\'{L_ATTENDEES_AFTER}\' => \'<span class=\\\"negative\\\">Alucarrd</span>, Aurix, Bendeadlong, Berthelemy, Blangerdon, Croog, Dalehawkins, Desdemonda, Forain, <span class=\\\"negative\\\">Halaster</span>, Hilltop, Hockee, Imprezzed, Innouthule, <span class=\\\"negative\\\">Kadelthin</span>, Karunaji, Kazgra, Krenshar, Mackstab, Malanari, Malcontent, Malignance, Mallicia, Mief, Moofus, Moosby, Morphcow, Narik, Naydien, Nyuks, Overdose, Raldin, Ronashi, <span class=\\\"negative\\\">Schittle</span>, Simodine, Sreza, Subflict, Tanz, Tzoo, Unarmed, Utgardloki, <span class=\\\"negative\\\">Vaevictis</span>, <span class=\\\"negative\\\">Vassili</span>, Vig, Witchking, Xarnum, <span class=\\\"negative\\\">Zhenkira</span>\',\'{L_NOTE_AFTER}\' => \'Raid Attendance 10:00-11:00\',\'{L_VALUE_AFTER}\' => \'<span class=\\\"negative\\\">1.00</span>\',\'{L_UPDATED_BY}\' => \'gsc\');','70.176.158.236','6b944e55d0c13a1f7c2873cae1ecad49','{L_SUCCESS}',1),(98,1158561283,'{L_ACTION_RAID_ADDED}','$log_action = array(\'header\' => \'{L_ACTION_RAID_ADDED}\',\'id\' => \'17\',\'{L_EVENT}\' => \'Ahn Qiraj\',\'{L_ATTENDEES}\' => \'Alucarrd, Ambel, Bendeadlong, Blangerdon, Croog, Dalehawkins, Desdemonda, Endevour, Halaster, Hockee, Innouthule, Jelandi, Kadelthin, Karunaji, Kazgra, Krenshar, Lifeblood, Mackstab, Malanari, Malignance, Mindblade, Moofus, Mook, Moosby, Morphcow, Motulak, Narik, Naydien, Nyuks, Overdose, Raldin, Simodine, Sreza, Subflict, Swifteagle, Sysskyll, Tanz, Tulgaat, Tzoo, Unarmed, Utgardloki, Vaevictis, Vig, Witchking, Xarnum, Zhenkira\',\'{L_NOTE}\' => \'Raid Attendance 6:00-7:00\',\'{L_VALUE}\' => \'1.00\',\'{L_ADDED_BY}\' => \'gsc\');','70.176.158.236','63862db46419826b9318d93fb84cdea3','{L_SUCCESS}',1),(99,1158561320,'{L_ACTION_RAID_ADDED}','$log_action = array(\'header\' => \'{L_ACTION_RAID_ADDED}\',\'id\' => \'18\',\'{L_EVENT}\' => \'Ahn Qiraj\',\'{L_ATTENDEES}\' => \'Alucarrd, Ambel, Bendeadlong, Blangerdon, Croog, Dalehawkins, Desdemonda, Endevour, Halaster, Hockee, Innouthule, Jelandi, Kadelthin, Karunaji, Kazgra, Krenshar, Lifeblood, Mackstab, Malanari, Malignance, Mindblade, Moofus, Mook, Moosby, Morphcow, Motulak, Narik, Naydien, Nyuks, Overdose, Raldin, Simodine, Sreza, Subflict, Swifteagle, Sysskyll, Tanz, Tulgaat, Tzoo, Unarmed, Utgardloki, Vaevictis, Vig, Witchking, Xarnum, Zhenkira\',\'{L_NOTE}\' => \'Raid Attendance 7:00-8:00\',\'{L_VALUE}\' => \'1.00\',\'{L_ADDED_BY}\' => \'gsc\');','70.176.158.236','63862db46419826b9318d93fb84cdea3','{L_SUCCESS}',1),(100,1158561355,'{L_ACTION_RAID_ADDED}','$log_action = array(\'header\' => \'{L_ACTION_RAID_ADDED}\',\'id\' => \'19\',\'{L_EVENT}\' => \'Ahn Qiraj\',\'{L_ATTENDEES}\' => \'Alucarrd, Ambel, Bendeadlong, Blangerdon, Croog, Dalehawkins, Desdemonda, Endevour, Halaster, Hockee, Innouthule, Jelandi, Kadelthin, Karunaji, Kazgra, Krenshar, Lifeblood, Mackstab, Malanari, Malignance, Mindblade, Moofus, Mook, Moosby, Morphcow, Motulak, Narik, Naydien, Nyuks, Overdose, Raldin, Simodine, Sreza, Subflict, Swifteagle, Sysskyll, Tanz, Tulgaat, Tzoo, Unarmed, Utgardloki, Vaevictis, Vig, Witchking, Xarnum, Zhenkira\',\'{L_NOTE}\' => \'Raid Attendance 8:00-9:00\',\'{L_VALUE}\' => \'1.00\',\'{L_ADDED_BY}\' => \'gsc\');','70.176.158.236','63862db46419826b9318d93fb84cdea3','{L_SUCCESS}',1),(101,1158561374,'{L_ACTION_RAID_ADDED}','$log_action = array(\'header\' => \'{L_ACTION_RAID_ADDED}\',\'id\' => \'20\',\'{L_EVENT}\' => \'Ahn Qiraj\',\'{L_ATTENDEES}\' => \'Alucarrd, Ambel, Bendeadlong, Blangerdon, Croog, Dalehawkins, Desdemonda, Endevour, Halaster, Hockee, Innouthule, Jelandi, Kadelthin, Karunaji, Kazgra, Krenshar, Lifeblood, Mackstab, Malanari, Malignance, Mindblade, Moofus, Mook, Moosby, Morphcow, Motulak, Narik, Naydien, Nyuks, Overdose, Raldin, Simodine, Sreza, Subflict, Swifteagle, Sysskyll, Tanz, Tulgaat, Tzoo, Unarmed, Utgardloki, Vaevictis, Vig, Witchking, Xarnum, Zhenkira\',\'{L_NOTE}\' => \'Raid Attendance 9:00-10:00\',\'{L_VALUE}\' => \'1.00\',\'{L_ADDED_BY}\' => \'gsc\');','70.176.158.236','63862db46419826b9318d93fb84cdea3','{L_SUCCESS}',1),(102,1158561393,'{L_ACTION_RAID_ADDED}','$log_action = array(\'header\' => \'{L_ACTION_RAID_ADDED}\',\'id\' => \'21\',\'{L_EVENT}\' => \'Ahn Qiraj\',\'{L_ATTENDEES}\' => \'Alucarrd, Ambel, Bendeadlong, Blangerdon, Croog, Dalehawkins, Desdemonda, Endevour, Halaster, Hockee, Innouthule, Jelandi, Kadelthin, Karunaji, Kazgra, Krenshar, Lifeblood, Mackstab, Malanari, Malignance, Mindblade, Moofus, Mook, Moosby, Morphcow, Motulak, Narik, Naydien, Nyuks, Overdose, Raldin, Simodine, Sreza, Subflict, Swifteagle, Sysskyll, Tanz, Tulgaat, Tzoo, Unarmed, Utgardloki, Vaevictis, Vig, Witchking, Xarnum, Zhenkira\',\'{L_NOTE}\' => \'Raid Attendance 10:00-11:00\',\'{L_VALUE}\' => \'1.00\',\'{L_ADDED_BY}\' => \'gsc\');','70.176.158.236','63862db46419826b9318d93fb84cdea3','{L_SUCCESS}',1),(103,1158570746,'{L_ACTION_RAID_UPDATED}','$log_action = array(\'header\' => \'{L_ACTION_RAID_UPDATED}\',\'id\' => \'17\',\'{L_EVENT_BEFORE}\' => \'Ahn Qiraj\',\'{L_ATTENDEES_BEFORE}\' => \'Alucarrd, Ambel, Bendeadlong, Blangerdon, Croog, Dalehawkins, Desdemonda, Endevour, Halaster, Hockee, Innouthule, Jelandi, Kadelthin, Karunaji, Kazgra, Krenshar, Lifeblood, Mackstab, Malanari, Malignance, Mindblade, Moofus, Mook, Moosby, Morphcow, Motulak, Narik, Naydien, Nyuks, Overdose, Raldin, Simodine, Sreza, Subflict, Swifteagle, Sysskyll, Tanz, Tulgaat, Tzoo, Unarmed, Utgardloki, Vaevictis, Vig, Witchking, Xarnum, Zhenkira\',\'{L_NOTE_BEFORE}\' => \'Raid Attendance 6:00-7:00\',\'{L_VALUE_BEFORE}\' => \'1.00\',\'{L_EVENT_AFTER}\' => \'Ahn Qiraj\',\'{L_ATTENDEES_AFTER}\' => \'Alucarrd, Ambel, Bendeadlong, Blangerdon, Croog, Dalehawkins, Desdemonda, Endevour, Halaster, Hockee, <span class=\\\"negative\\\">Imprezzed</span>, Innouthule, Jelandi, Kadelthin, Karunaji, Kazgra, Krenshar, Lifeblood, Mackstab, Malanari, Malignance, Mindblade, Moofus, Mook, Moosby, Morphcow, Motulak, Narik, Naydien, Nyuks, Overdose, Raldin, Simodine, Sreza, Subflict, Swifteagle, Sysskyll, Tanz, Tulgaat, Tzoo, Unarmed, Utgardloki, Vaevictis, Vig, Witchking, Xarnum, Zhenkira\',\'{L_NOTE_AFTER}\' => \'Raid Attendance 6:00-7:00\',\'{L_VALUE_AFTER}\' => \'1.00\',\'{L_UPDATED_BY}\' => \'gsc\');','70.176.158.236','5654911e9dd429d37d7498043427fbb2','{L_SUCCESS}',1),(104,1158570758,'{L_ACTION_RAID_UPDATED}','$log_action = array(\'header\' => \'{L_ACTION_RAID_UPDATED}\',\'id\' => \'18\',\'{L_EVENT_BEFORE}\' => \'Ahn Qiraj\',\'{L_ATTENDEES_BEFORE}\' => \'Alucarrd, Ambel, Bendeadlong, Blangerdon, Croog, Dalehawkins, Desdemonda, Endevour, Halaster, Hockee, Innouthule, Jelandi, Kadelthin, Karunaji, Kazgra, Krenshar, Lifeblood, Mackstab, Malanari, Malignance, Mindblade, Moofus, Mook, Moosby, Morphcow, Motulak, Narik, Naydien, Nyuks, Overdose, Raldin, Simodine, Sreza, Subflict, Swifteagle, Sysskyll, Tanz, Tulgaat, Tzoo, Unarmed, Utgardloki, Vaevictis, Vig, Witchking, Xarnum, Zhenkira\',\'{L_NOTE_BEFORE}\' => \'Raid Attendance 7:00-8:00\',\'{L_VALUE_BEFORE}\' => \'1.00\',\'{L_EVENT_AFTER}\' => \'Ahn Qiraj\',\'{L_ATTENDEES_AFTER}\' => \'Alucarrd, Ambel, Bendeadlong, Blangerdon, Croog, Dalehawkins, Desdemonda, Endevour, Halaster, Hockee, <span class=\\\"negative\\\">Imprezzed</span>, Innouthule, Jelandi, Kadelthin, Karunaji, Kazgra, Krenshar, Lifeblood, Mackstab, Malanari, Malignance, Mindblade, Moofus, Mook, Moosby, Morphcow, Motulak, Narik, Naydien, Nyuks, Overdose, Raldin, Simodine, Sreza, Subflict, Swifteagle, Sysskyll, Tanz, Tulgaat, Tzoo, Unarmed, Utgardloki, Vaevictis, Vig, Witchking, Xarnum, Zhenkira\',\'{L_NOTE_AFTER}\' => \'Raid Attendance 7:00-8:00\',\'{L_VALUE_AFTER}\' => \'1.00\',\'{L_UPDATED_BY}\' => \'gsc\');','70.176.158.236','5654911e9dd429d37d7498043427fbb2','{L_SUCCESS}',1),(105,1158570764,'{L_ACTION_RAID_UPDATED}','$log_action = array(\'header\' => \'{L_ACTION_RAID_UPDATED}\',\'id\' => \'19\',\'{L_EVENT_BEFORE}\' => \'Ahn Qiraj\',\'{L_ATTENDEES_BEFORE}\' => \'Alucarrd, Ambel, Bendeadlong, Blangerdon, Croog, Dalehawkins, Desdemonda, Endevour, Halaster, Hockee, Innouthule, Jelandi, Kadelthin, Karunaji, Kazgra, Krenshar, Lifeblood, Mackstab, Malanari, Malignance, Mindblade, Moofus, Mook, Moosby, Morphcow, Motulak, Narik, Naydien, Nyuks, Overdose, Raldin, Simodine, Sreza, Subflict, Swifteagle, Sysskyll, Tanz, Tulgaat, Tzoo, Unarmed, Utgardloki, Vaevictis, Vig, Witchking, Xarnum, Zhenkira\',\'{L_NOTE_BEFORE}\' => \'Raid Attendance 8:00-9:00\',\'{L_VALUE_BEFORE}\' => \'1.00\',\'{L_EVENT_AFTER}\' => \'Ahn Qiraj\',\'{L_ATTENDEES_AFTER}\' => \'Alucarrd, Ambel, Bendeadlong, Blangerdon, Croog, Dalehawkins, Desdemonda, Endevour, Halaster, Hockee, <span class=\\\"negative\\\">Imprezzed</span>, Innouthule, Jelandi, Kadelthin, Karunaji, Kazgra, Krenshar, Lifeblood, Mackstab, Malanari, Malignance, Mindblade, Moofus, Mook, Moosby, Morphcow, Motulak, Narik, Naydien, Nyuks, Overdose, Raldin, Simodine, Sreza, Subflict, Swifteagle, Sysskyll, Tanz, Tulgaat, Tzoo, Unarmed, Utgardloki, Vaevictis, Vig, Witchking, Xarnum, Zhenkira\',\'{L_NOTE_AFTER}\' => \'Raid Attendance 8:00-9:00\',\'{L_VALUE_AFTER}\' => \'1.00\',\'{L_UPDATED_BY}\' => \'gsc\');','70.176.158.236','5654911e9dd429d37d7498043427fbb2','{L_SUCCESS}',1),(106,1158570770,'{L_ACTION_RAID_UPDATED}','$log_action = array(\'header\' => \'{L_ACTION_RAID_UPDATED}\',\'id\' => \'19\',\'{L_EVENT_BEFORE}\' => \'Ahn Qiraj\',\'{L_ATTENDEES_BEFORE}\' => \'Alucarrd, Ambel, Bendeadlong, Blangerdon, Croog, Dalehawkins, Desdemonda, Endevour, Halaster, Hockee, Imprezzed, Innouthule, Jelandi, Kadelthin, Karunaji, Kazgra, Krenshar, Lifeblood, Mackstab, Malanari, Malignance, Mindblade, Moofus, Mook, Moosby, Morphcow, Motulak, Narik, Naydien, Nyuks, Overdose, Raldin, Simodine, Sreza, Subflict, Swifteagle, Sysskyll, Tanz, Tulgaat, Tzoo, Unarmed, Utgardloki, Vaevictis, Vig, Witchking, Xarnum, Zhenkira\',\'{L_NOTE_BEFORE}\' => \'Raid Attendance 8:00-9:00\',\'{L_VALUE_BEFORE}\' => \'1.00\',\'{L_EVENT_AFTER}\' => \'Ahn Qiraj\',\'{L_ATTENDEES_AFTER}\' => \'Alucarrd, Ambel, Bendeadlong, Blangerdon, Croog, Dalehawkins, Desdemonda, Endevour, Halaster, Hockee, Imprezzed, Innouthule, Jelandi, Kadelthin, Karunaji, Kazgra, Krenshar, Lifeblood, Mackstab, Malanari, Malignance, Mindblade, Moofus, Mook, Moosby, Morphcow, Motulak, Narik, Naydien, Nyuks, Overdose, Raldin, Simodine, Sreza, Subflict, Swifteagle, Sysskyll, Tanz, Tulgaat, Tzoo, Unarmed, Utgardloki, Vaevictis, Vig, Witchking, Xarnum, Zhenkira\',\'{L_NOTE_AFTER}\' => \'Raid Attendance 8:00-9:00\',\'{L_VALUE_AFTER}\' => \'1.00\',\'{L_UPDATED_BY}\' => \'gsc\');','70.176.158.236','5654911e9dd429d37d7498043427fbb2','{L_SUCCESS}',1),(107,1158570777,'{L_ACTION_RAID_UPDATED}','$log_action = array(\'header\' => \'{L_ACTION_RAID_UPDATED}\',\'id\' => \'20\',\'{L_EVENT_BEFORE}\' => \'Ahn Qiraj\',\'{L_ATTENDEES_BEFORE}\' => \'Alucarrd, Ambel, Bendeadlong, Blangerdon, Croog, Dalehawkins, Desdemonda, Endevour, Halaster, Hockee, Innouthule, Jelandi, Kadelthin, Karunaji, Kazgra, Krenshar, Lifeblood, Mackstab, Malanari, Malignance, Mindblade, Moofus, Mook, Moosby, Morphcow, Motulak, Narik, Naydien, Nyuks, Overdose, Raldin, Simodine, Sreza, Subflict, Swifteagle, Sysskyll, Tanz, Tulgaat, Tzoo, Unarmed, Utgardloki, Vaevictis, Vig, Witchking, Xarnum, Zhenkira\',\'{L_NOTE_BEFORE}\' => \'Raid Attendance 9:00-10:00\',\'{L_VALUE_BEFORE}\' => \'1.00\',\'{L_EVENT_AFTER}\' => \'Ahn Qiraj\',\'{L_ATTENDEES_AFTER}\' => \'Alucarrd, Ambel, Bendeadlong, Blangerdon, Croog, Dalehawkins, Desdemonda, Endevour, Halaster, Hockee, <span class=\\\"negative\\\">Imprezzed</span>, Innouthule, Jelandi, Kadelthin, Karunaji, Kazgra, Krenshar, Lifeblood, Mackstab, Malanari, Malignance, Mindblade, Moofus, Mook, Moosby, Morphcow, Motulak, Narik, Naydien, Nyuks, Overdose, Raldin, Simodine, Sreza, Subflict, Swifteagle, Sysskyll, Tanz, Tulgaat, Tzoo, Unarmed, Utgardloki, Vaevictis, Vig, Witchking, Xarnum, Zhenkira\',\'{L_NOTE_AFTER}\' => \'Raid Attendance 9:00-10:00\',\'{L_VALUE_AFTER}\' => \'1.00\',\'{L_UPDATED_BY}\' => \'gsc\');','70.176.158.236','5654911e9dd429d37d7498043427fbb2','{L_SUCCESS}',1),(108,1158570781,'{L_ACTION_RAID_UPDATED}','$log_action = array(\'header\' => \'{L_ACTION_RAID_UPDATED}\',\'id\' => \'21\',\'{L_EVENT_BEFORE}\' => \'Ahn Qiraj\',\'{L_ATTENDEES_BEFORE}\' => \'Alucarrd, Ambel, Bendeadlong, Blangerdon, Croog, Dalehawkins, Desdemonda, Endevour, Halaster, Hockee, Innouthule, Jelandi, Kadelthin, Karunaji, Kazgra, Krenshar, Lifeblood, Mackstab, Malanari, Malignance, Mindblade, Moofus, Mook, Moosby, Morphcow, Motulak, Narik, Naydien, Nyuks, Overdose, Raldin, Simodine, Sreza, Subflict, Swifteagle, Sysskyll, Tanz, Tulgaat, Tzoo, Unarmed, Utgardloki, Vaevictis, Vig, Witchking, Xarnum, Zhenkira\',\'{L_NOTE_BEFORE}\' => \'Raid Attendance 10:00-11:00\',\'{L_VALUE_BEFORE}\' => \'1.00\',\'{L_EVENT_AFTER}\' => \'Ahn Qiraj\',\'{L_ATTENDEES_AFTER}\' => \'Alucarrd, Ambel, Bendeadlong, Blangerdon, Croog, Dalehawkins, Desdemonda, Endevour, Halaster, Hockee, Innouthule, Jelandi, Kadelthin, Karunaji, Kazgra, Krenshar, Lifeblood, Mackstab, Malanari, Malignance, Mindblade, Moofus, Mook, Moosby, Morphcow, Motulak, Narik, Naydien, Nyuks, Overdose, Raldin, Simodine, Sreza, Subflict, Swifteagle, Sysskyll, Tanz, Tulgaat, Tzoo, Unarmed, Utgardloki, Vaevictis, Vig, Witchking, Xarnum, Zhenkira\',\'{L_NOTE_AFTER}\' => \'Raid Attendance 10:00-11:00\',\'{L_VALUE_AFTER}\' => \'1.00\',\'{L_UPDATED_BY}\' => \'gsc\');','70.176.158.236','5654911e9dd429d37d7498043427fbb2','{L_SUCCESS}',1),(109,1158692263,'{L_ACTION_EVENT_ADDED}','$log_action = array(\'header\' => \'{L_ACTION_EVENT_ADDED}\',\'id\' => \'3\',\'{L_NAME}\' => \'Onyxia\',\'{L_VALUE}\' => \'0.00\',\'{L_ADDED_BY}\' => \'gsc\');','70.176.158.236','62ba528d3fb7e53db8297f1b502302d0','{L_SUCCESS}',1),(110,1158692320,'{L_ACTION_RAID_ADDED}','$log_action = array(\'header\' => \'{L_ACTION_RAID_ADDED}\',\'id\' => \'22\',\'{L_EVENT}\' => \'Onyxia\',\'{L_ATTENDEES}\' => \'Alucarrd, Ambel, Bendeadlong, Berthelemy, Blangerdon, Croog, Dalehawkins, Desdemonda, Forain, Hockee, Jelandi, Kadelthin, Karunaji, Lifeblood, Malanari, Malcontent, Malignance, Mallicia, Mindblade, Moofus, Mook, Moosby, Morphcow, Narik, Naydien, Nyuks, Overdose, Raldin, Raynour, Simodine, Sreza, Subflict, Swifteagle, Sysskyll, Tulgaat, Tzoo, Unarmed, Witchking, Xarnum, Zeruhl, Zhenkira\',\'{L_NOTE}\' => \'Raid Attendance 7:00-8:00\',\'{L_VALUE}\' => \'0.00\',\'{L_ADDED_BY}\' => \'gsc\');','70.176.158.236','62ba528d3fb7e53db8297f1b502302d0','{L_SUCCESS}',1),(111,1158692343,'{L_ACTION_EVENT_UPDATED}','$log_action = array(\'header\' => \'{L_ACTION_EVENT_UPDATED}\',\'id\' => \'3\',\'{L_NAME_BEFORE}\' => \'Onyxia\',\'{L_VALUE_BEFORE}\' => \'0.00\',\'{L_NAME_AFTER}\' => \'Onyxia\',\'{L_VALUE_AFTER}\' => \'<span class=\\\"negative\\\">1.00</span>\',\'{L_UPDATED_BY}\' => \'gsc\');','70.176.158.236','62ba528d3fb7e53db8297f1b502302d0','{L_SUCCESS}',1),(112,1158692393,'{L_ACTION_RAID_ADDED}','$log_action = array(\'header\' => \'{L_ACTION_RAID_ADDED}\',\'id\' => \'23\',\'{L_EVENT}\' => \'Onyxia\',\'{L_ATTENDEES}\' => \'Alucarrd, Ambel, Bendeadlong, Berthelemy, Blangerdon, Croog, Dalehawkins, Desdemonda, Forain, Hockee, Jelandi, Kadelthin, Karunaji, Lifeblood, Malanari, Malcontent, Malignance, Mallicia, Mindblade, Moofus, Mook, Moosby, Morphcow, Narik, Naydien, Nyuks, Overdose, Raldin, Raynour, Simodine, Sreza, Subflict, Swifteagle, Sysskyll, Tulgaat, Tzoo, Unarmed, Witchking, Xarnum, Zeruhl, Zhenkira\',\'{L_NOTE}\' => \'Raid Attendance 8:00-9:00\',\'{L_VALUE}\' => \'1.00\',\'{L_ADDED_BY}\' => \'gsc\');','70.176.158.236','62ba528d3fb7e53db8297f1b502302d0','{L_SUCCESS}',1),(113,1158692897,'{L_ACTION_RAID_UPDATED}','$log_action = array(\'header\' => \'{L_ACTION_RAID_UPDATED}\',\'id\' => \'17\',\'{L_EVENT_BEFORE}\' => \'Ahn Qiraj\',\'{L_ATTENDEES_BEFORE}\' => \'Alucarrd, Ambel, Bendeadlong, Blangerdon, Croog, Dalehawkins, Desdemonda, Endevour, Halaster, Hockee, Imprezzed, Innouthule, Jelandi, Kadelthin, Karunaji, Kazgra, Krenshar, Lifeblood, Mackstab, Malanari, Malignance, Mindblade, Moofus, Mook, Moosby, Morphcow, Motulak, Narik, Naydien, Nyuks, Overdose, Raldin, Simodine, Sreza, Subflict, Swifteagle, Sysskyll, Tanz, Tulgaat, Tzoo, Unarmed, Utgardloki, Vaevictis, Vig, Witchking, Xarnum, Zhenkira\',\'{L_NOTE_BEFORE}\' => \'Raid Attendance 6:00-7:00\',\'{L_VALUE_BEFORE}\' => \'1.00\',\'{L_EVENT_AFTER}\' => \'Ahn Qiraj\',\'{L_ATTENDEES_AFTER}\' => \'Alucarrd, Ambel, Bendeadlong, Blangerdon, Croog, Dalehawkins, Desdemonda, Endevour, Halaster, Hockee, Imprezzed, Innouthule, Jelandi, Kadelthin, Karunaji, Kazgra, Krenshar, Lifeblood, Mackstab, Malanari, Malignance, Mindblade, Moofus, Mook, Moosby, Morphcow, Motulak, Narik, Naydien, Nyuks, Overdose, Raldin, Simodine, Sreza, Subflict, Swifteagle, Sysskyll, Tanz, Tulgaat, Tzoo, Unarmed, Utgardloki, Vaevictis, Vig, Witchking, Xarnum, Zhenkira\',\'{L_NOTE_AFTER}\' => \'Raid Attendance 6:00-7:00\',\'{L_VALUE_AFTER}\' => \'1.00\',\'{L_UPDATED_BY}\' => \'gsc\');','70.176.158.236','62ba528d3fb7e53db8297f1b502302d0','{L_SUCCESS}',1),(114,1158692897,'{L_ACTION_RAID_UPDATED}','$log_action = array(\'header\' => \'{L_ACTION_RAID_UPDATED}\',\'id\' => \'17\',\'{L_EVENT_BEFORE}\' => \'Ahn Qiraj\',\'{L_ATTENDEES_BEFORE}\' => \'Alucarrd, Ambel, Bendeadlong, Blangerdon, Croog, Dalehawkins, Desdemonda, Endevour, Halaster, Hockee, Imprezzed, Innouthule, Jelandi, Kadelthin, Karunaji, Kazgra, Krenshar, Lifeblood, Mackstab, Malanari, Malignance, Mindblade, Moofus, Mook, Moosby, Morphcow, Motulak, Narik, Naydien, Nyuks, Overdose, Raldin, Simodine, Sreza, Subflict, Swifteagle, Sysskyll, Tanz, Tulgaat, Tzoo, Unarmed, Utgardloki, Vaevictis, Vig, Witchking, Xarnum, Zhenkira\',\'{L_NOTE_BEFORE}\' => \'Raid Attendance 6:00-7:00\',\'{L_VALUE_BEFORE}\' => \'1.00\',\'{L_EVENT_AFTER}\' => \'Ahn Qiraj\',\'{L_ATTENDEES_AFTER}\' => \'Alucarrd, Ambel, Bendeadlong, Blangerdon, Croog, Dalehawkins, Desdemonda, Endevour, Halaster, Hockee, Imprezzed, Innouthule, Jelandi, Kadelthin, Karunaji, Kazgra, Krenshar, Lifeblood, Mackstab, Malanari, Malignance, Mindblade, Moofus, Mook, Moosby, Morphcow, Motulak, Narik, Naydien, Nyuks, Overdose, Raldin, Simodine, Sreza, Subflict, Swifteagle, Sysskyll, Tanz, Tulgaat, Tzoo, Unarmed, Utgardloki, Vaevictis, Vig, Witchking, Xarnum, Zhenkira\',\'{L_NOTE_AFTER}\' => \'Raid Attendance 6:00-7:00\',\'{L_VALUE_AFTER}\' => \'1.00\',\'{L_UPDATED_BY}\' => \'gsc\');','70.176.158.236','62ba528d3fb7e53db8297f1b502302d0','{L_SUCCESS}',1),(115,1158692914,'{L_ACTION_RAID_UPDATED}','$log_action = array(\'header\' => \'{L_ACTION_RAID_UPDATED}\',\'id\' => \'18\',\'{L_EVENT_BEFORE}\' => \'Ahn Qiraj\',\'{L_ATTENDEES_BEFORE}\' => \'Alucarrd, Ambel, Bendeadlong, Blangerdon, Croog, Dalehawkins, Desdemonda, Endevour, Halaster, Hockee, Imprezzed, Innouthule, Jelandi, Kadelthin, Karunaji, Kazgra, Krenshar, Lifeblood, Mackstab, Malanari, Malignance, Mindblade, Moofus, Mook, Moosby, Morphcow, Motulak, Narik, Naydien, Nyuks, Overdose, Raldin, Simodine, Sreza, Subflict, Swifteagle, Sysskyll, Tanz, Tulgaat, Tzoo, Unarmed, Utgardloki, Vaevictis, Vig, Witchking, Xarnum, Zhenkira\',\'{L_NOTE_BEFORE}\' => \'Raid Attendance 7:00-8:00\',\'{L_VALUE_BEFORE}\' => \'1.00\',\'{L_EVENT_AFTER}\' => \'Ahn Qiraj\',\'{L_ATTENDEES_AFTER}\' => \'Alucarrd, Ambel, Bendeadlong, Blangerdon, Croog, Dalehawkins, Desdemonda, Endevour, Halaster, Hockee, Imprezzed, Innouthule, Jelandi, Kadelthin, Karunaji, Kazgra, Krenshar, Lifeblood, Mackstab, Malanari, Malignance, Mindblade, Moofus, Mook, Moosby, Morphcow, Motulak, Narik, Naydien, Nyuks, Overdose, Raldin, Simodine, Sreza, Subflict, Swifteagle, Sysskyll, Tanz, Tulgaat, Tzoo, Unarmed, Utgardloki, Vaevictis, Vig, Witchking, Xarnum, Zhenkira\',\'{L_NOTE_AFTER}\' => \'Raid Attendance 7:00-8:00\',\'{L_VALUE_AFTER}\' => \'1.00\',\'{L_UPDATED_BY}\' => \'gsc\');','70.176.158.236','62ba528d3fb7e53db8297f1b502302d0','{L_SUCCESS}',1),(116,1158692931,'{L_ACTION_RAID_UPDATED}','$log_action = array(\'header\' => \'{L_ACTION_RAID_UPDATED}\',\'id\' => \'19\',\'{L_EVENT_BEFORE}\' => \'Ahn Qiraj\',\'{L_ATTENDEES_BEFORE}\' => \'Alucarrd, Ambel, Bendeadlong, Blangerdon, Croog, Dalehawkins, Desdemonda, Endevour, Halaster, Hockee, Imprezzed, Innouthule, Jelandi, Kadelthin, Karunaji, Kazgra, Krenshar, Lifeblood, Mackstab, Malanari, Malignance, Mindblade, Moofus, Mook, Moosby, Morphcow, Motulak, Narik, Naydien, Nyuks, Overdose, Raldin, Simodine, Sreza, Subflict, Swifteagle, Sysskyll, Tanz, Tulgaat, Tzoo, Unarmed, Utgardloki, Vaevictis, Vig, Witchking, Xarnum, Zhenkira\',\'{L_NOTE_BEFORE}\' => \'Raid Attendance 8:00-9:00\',\'{L_VALUE_BEFORE}\' => \'1.00\',\'{L_EVENT_AFTER}\' => \'Ahn Qiraj\',\'{L_ATTENDEES_AFTER}\' => \'Alucarrd, Ambel, Bendeadlong, Blangerdon, Croog, Dalehawkins, Desdemonda, Endevour, Halaster, Hockee, Imprezzed, Innouthule, Jelandi, Kadelthin, Karunaji, Kazgra, Krenshar, Lifeblood, Mackstab, Malanari, Malignance, Mindblade, Moofus, Mook, Moosby, Morphcow, Motulak, Narik, Naydien, Nyuks, Overdose, Raldin, Simodine, Sreza, Subflict, Swifteagle, Sysskyll, Tanz, Tulgaat, Tzoo, Unarmed, Utgardloki, Vaevictis, Vig, Witchking, Xarnum, Zhenkira\',\'{L_NOTE_AFTER}\' => \'Raid Attendance 8:00-9:00\',\'{L_VALUE_AFTER}\' => \'1.00\',\'{L_UPDATED_BY}\' => \'gsc\');','70.176.158.236','62ba528d3fb7e53db8297f1b502302d0','{L_SUCCESS}',1),(117,1158692945,'{L_ACTION_RAID_UPDATED}','$log_action = array(\'header\' => \'{L_ACTION_RAID_UPDATED}\',\'id\' => \'20\',\'{L_EVENT_BEFORE}\' => \'Ahn Qiraj\',\'{L_ATTENDEES_BEFORE}\' => \'Alucarrd, Ambel, Bendeadlong, Blangerdon, Croog, Dalehawkins, Desdemonda, Endevour, Halaster, Hockee, Imprezzed, Innouthule, Jelandi, Kadelthin, Karunaji, Kazgra, Krenshar, Lifeblood, Mackstab, Malanari, Malignance, Mindblade, Moofus, Mook, Moosby, Morphcow, Motulak, Narik, Naydien, Nyuks, Overdose, Raldin, Simodine, Sreza, Subflict, Swifteagle, Sysskyll, Tanz, Tulgaat, Tzoo, Unarmed, Utgardloki, Vaevictis, Vig, Witchking, Xarnum, Zhenkira\',\'{L_NOTE_BEFORE}\' => \'Raid Attendance 9:00-10:00\',\'{L_VALUE_BEFORE}\' => \'1.00\',\'{L_EVENT_AFTER}\' => \'Ahn Qiraj\',\'{L_ATTENDEES_AFTER}\' => \'Alucarrd, Ambel, Bendeadlong, Blangerdon, Croog, Dalehawkins, Desdemonda, Endevour, Halaster, Hockee, Imprezzed, Innouthule, Jelandi, Kadelthin, Karunaji, Kazgra, Krenshar, Lifeblood, Mackstab, Malanari, Malignance, Mindblade, Moofus, Mook, Moosby, Morphcow, Motulak, Narik, Naydien, Nyuks, Overdose, Raldin, Simodine, Sreza, Subflict, Swifteagle, Sysskyll, Tanz, Tulgaat, Tzoo, Unarmed, Utgardloki, Vaevictis, Vig, Witchking, Xarnum, Zhenkira\',\'{L_NOTE_AFTER}\' => \'Raid Attendance 9:00-10:00\',\'{L_VALUE_AFTER}\' => \'1.00\',\'{L_UPDATED_BY}\' => \'gsc\');','70.176.158.236','62ba528d3fb7e53db8297f1b502302d0','{L_SUCCESS}',1),(118,1158692957,'{L_ACTION_RAID_UPDATED}','$log_action = array(\'header\' => \'{L_ACTION_RAID_UPDATED}\',\'id\' => \'21\',\'{L_EVENT_BEFORE}\' => \'Ahn Qiraj\',\'{L_ATTENDEES_BEFORE}\' => \'Alucarrd, Ambel, Bendeadlong, Blangerdon, Croog, Dalehawkins, Desdemonda, Endevour, Halaster, Hockee, Innouthule, Jelandi, Kadelthin, Karunaji, Kazgra, Krenshar, Lifeblood, Mackstab, Malanari, Malignance, Mindblade, Moofus, Mook, Moosby, Morphcow, Motulak, Narik, Naydien, Nyuks, Overdose, Raldin, Simodine, Sreza, Subflict, Swifteagle, Sysskyll, Tanz, Tulgaat, Tzoo, Unarmed, Utgardloki, Vaevictis, Vig, Witchking, Xarnum, Zhenkira\',\'{L_NOTE_BEFORE}\' => \'Raid Attendance 10:00-11:00\',\'{L_VALUE_BEFORE}\' => \'1.00\',\'{L_EVENT_AFTER}\' => \'Ahn Qiraj\',\'{L_ATTENDEES_AFTER}\' => \'Alucarrd, Ambel, Bendeadlong, Blangerdon, Croog, Dalehawkins, Desdemonda, Endevour, Halaster, Hockee, Innouthule, Jelandi, Kadelthin, Karunaji, Kazgra, Krenshar, Lifeblood, Mackstab, Malanari, Malignance, Mindblade, Moofus, Mook, Moosby, Morphcow, Motulak, Narik, Naydien, Nyuks, Overdose, Raldin, Simodine, Sreza, Subflict, Swifteagle, Sysskyll, Tanz, Tulgaat, Tzoo, Unarmed, Utgardloki, Vaevictis, Vig, Witchking, Xarnum, Zhenkira\',\'{L_NOTE_AFTER}\' => \'Raid Attendance 10:00-11:00\',\'{L_VALUE_AFTER}\' => \'1.00\',\'{L_UPDATED_BY}\' => \'gsc\');','70.176.158.236','62ba528d3fb7e53db8297f1b502302d0','{L_SUCCESS}',1),(119,1158692966,'{L_ACTION_RAID_UPDATED}','$log_action = array(\'header\' => \'{L_ACTION_RAID_UPDATED}\',\'id\' => \'23\',\'{L_EVENT_BEFORE}\' => \'Onyxia\',\'{L_ATTENDEES_BEFORE}\' => \'Alucarrd, Ambel, Bendeadlong, Berthelemy, Blangerdon, Croog, Dalehawkins, Desdemonda, Forain, Hockee, Jelandi, Kadelthin, Karunaji, Lifeblood, Malanari, Malcontent, Malignance, Mallicia, Mindblade, Moofus, Mook, Moosby, Morphcow, Narik, Naydien, Nyuks, Overdose, Raldin, Raynour, Simodine, Sreza, Subflict, Swifteagle, Sysskyll, Tulgaat, Tzoo, Unarmed, Witchking, Xarnum, Zeruhl, Zhenkira\',\'{L_NOTE_BEFORE}\' => \'Raid Attendance 8:00-9:00\',\'{L_VALUE_BEFORE}\' => \'1.00\',\'{L_EVENT_AFTER}\' => \'<span class=\\\"negative\\\">Ahn Qiraj</span>\',\'{L_ATTENDEES_AFTER}\' => \'Alucarrd, Ambel, Bendeadlong, Berthelemy, Blangerdon, Croog, Dalehawkins, Desdemonda, Forain, Hockee, Jelandi, Kadelthin, Karunaji, Lifeblood, Malanari, Malcontent, Malignance, Mallicia, Mindblade, Moofus, Mook, Moosby, Morphcow, Narik, Naydien, Nyuks, Overdose, Raldin, Raynour, Simodine, Sreza, Subflict, Swifteagle, Sysskyll, Tulgaat, Tzoo, Unarmed, Witchking, Xarnum, Zeruhl, Zhenkira\',\'{L_NOTE_AFTER}\' => \'Raid Attendance 8:00-9:00\',\'{L_VALUE_AFTER}\' => \'1.00\',\'{L_UPDATED_BY}\' => \'gsc\');','70.176.158.236','62ba528d3fb7e53db8297f1b502302d0','{L_SUCCESS}',1),(120,1158693100,'{L_ACTION_RAID_ADDED}','$log_action = array(\'header\' => \'{L_ACTION_RAID_ADDED}\',\'id\' => \'24\',\'{L_EVENT}\' => \'Ahn Qiraj\',\'{L_ATTENDEES}\' => \'Alucarrd, Ambel, Bendeadlong, Berthelemy, Blangerdon, Croog, Dalehawkins, Desdemonda, Forain, Hockee, Jelandi, Kadelthin, Karunaji, Lifeblood, Malanari, Malcontent, Malignance, Mallicia, Mindblade, Moofus, Mook, Moosby, Morphcow, Narik, Naydien, Nyuks, Overdose, Raldin, Raynour, Simodine, Sreza, Subflict, Swifteagle, Sysskyll, Tulgaat, Tzoo, Unarmed, Witchking, Xarnum, Zeruhl, Zhenkira\',\'{L_NOTE}\' => \'Raid Attendance 9:00-10:00\',\'{L_VALUE}\' => \'1.00\',\'{L_ADDED_BY}\' => \'gsc\');','70.176.158.236','62ba528d3fb7e53db8297f1b502302d0','{L_SUCCESS}',1),(121,1158693247,'{L_ACTION_RAID_ADDED}','$log_action = array(\'header\' => \'{L_ACTION_RAID_ADDED}\',\'id\' => \'25\',\'{L_EVENT}\' => \'Ahn Qiraj\',\'{L_ATTENDEES}\' => \'Alucarrd, Bendeadlong, Berthelemy, Blangerdon, Croog, Dalehawkins, Desdemonda, Forain, Hockee, Jelandi, Kadelthin, Karunaji, Lifeblood, Malanari, Malcontent, Malignance, Mallicia, Mindblade, Moofus, Mook, Moosby, Morphcow, Narik, Naydien, Nyuks, Overdose, Raldin, Raynour, Simodine, Sreza, Subflict, Swifteagle, Sysskyll, Tulgaat, Tzoo, Unarmed, Witchking, Xarnum, Zeruhl, Zhenkira\',\'{L_NOTE}\' => \'Raid Attendance 10:00-11:00\',\'{L_VALUE}\' => \'1.00\',\'{L_ADDED_BY}\' => \'gsc\');','70.176.158.236','62ba528d3fb7e53db8297f1b502302d0','{L_SUCCESS}',1),(122,1158693455,'{L_ACTION_RAID_UPDATED}','$log_action = array(\'header\' => \'{L_ACTION_RAID_UPDATED}\',\'id\' => \'22\',\'{L_EVENT_BEFORE}\' => \'Onyxia\',\'{L_ATTENDEES_BEFORE}\' => \'Alucarrd, Ambel, Bendeadlong, Berthelemy, Blangerdon, Croog, Dalehawkins, Desdemonda, Forain, Hockee, Jelandi, Kadelthin, Karunaji, Lifeblood, Malanari, Malcontent, Malignance, Mallicia, Mindblade, Moofus, Mook, Moosby, Morphcow, Narik, Naydien, Nyuks, Overdose, Raldin, Raynour, Simodine, Sreza, Subflict, Swifteagle, Sysskyll, Tulgaat, Tzoo, Unarmed, Witchking, Xarnum, Zeruhl, Zhenkira\',\'{L_NOTE_BEFORE}\' => \'Raid Attendance 7:00-8:00\',\'{L_VALUE_BEFORE}\' => \'0.00\',\'{L_EVENT_AFTER}\' => \'Onyxia\',\'{L_ATTENDEES_AFTER}\' => \'Alucarrd, Ambel, Bendeadlong, Berthelemy, Blangerdon, Croog, Dalehawkins, Desdemonda, Forain, Hockee, Jelandi, Kadelthin, Karunaji, Lifeblood, Malanari, Malcontent, Malignance, Mallicia, Mindblade, Moofus, Mook, Moosby, Morphcow, Narik, Naydien, Nyuks, Overdose, Raldin, Raynour, Simodine, Sreza, Subflict, Swifteagle, Sysskyll, Tulgaat, Tzoo, Unarmed, Witchking, Xarnum, Zeruhl, Zhenkira\',\'{L_NOTE_AFTER}\' => \'Raid Attendance 7:00-8:00\',\'{L_VALUE_AFTER}\' => \'<span class=\\\"negative\\\">1.00</span>\',\'{L_UPDATED_BY}\' => \'gsc\');','70.176.158.236','62ba528d3fb7e53db8297f1b502302d0','{L_SUCCESS}',1),(123,1158795579,'{L_ACTION_RAID_ADDED}','$log_action = array(\'header\' => \'{L_ACTION_RAID_ADDED}\',\'id\' => \'26\',\'{L_EVENT}\' => \'Blackwing Lair\',\'{L_ATTENDEES}\' => \'Alucarrd, Ambel, Bendeadlong, Blangerdon, Dalehawkins, Desdemonda, Endevour, Halaster, Hilltop, Hockee, Imprezzed, Jelandi, Kadelthin, Karunaji, Kazgra, Lifeblood, Mackstab, Malanari, Malignance, Mallicia, Melisela, Mief, Mindblade, Moofus, Mook, Moosby, Morphcow, Narik, Naydien, Nyuks, Overdose, Principe, Raldin, Ronashi, Schittle, Simodine, Sreza, Swifteagle, Sysskyll, Tanz, Tulgaat, Tzoo, Unarmed, Utgardloki, Vaevictis, Vig, Witchking, Xarnum, Zeruhl, Zhenkira\',\'{L_NOTE}\' => \'Raid Attendance 7:00-8:00\',\'{L_VALUE}\' => \'1.00\',\'{L_ADDED_BY}\' => \'gsc\');','70.176.158.236','f81065fa511c53f4a5988d608dbbc4b2','{L_SUCCESS}',1),(124,1158795605,'{L_ACTION_RAID_ADDED}','$log_action = array(\'header\' => \'{L_ACTION_RAID_ADDED}\',\'id\' => \'27\',\'{L_EVENT}\' => \'Blackwing Lair\',\'{L_ATTENDEES}\' => \'Alucarrd, Ambel, Bendeadlong, Blangerdon, Dalehawkins, Desdemonda, Endevour, Halaster, Hilltop, Hockee, Imprezzed, Jelandi, Kadelthin, Karunaji, Kazgra, Lifeblood, Mackstab, Malanari, Malignance, Mallicia, Melisela, Mief, Mindblade, Moofus, Mook, Moosby, Morphcow, Narik, Naydien, Nyuks, Overdose, Principe, Raldin, Ronashi, Schittle, Simodine, Sreza, Swifteagle, Sysskyll, Tanz, Tulgaat, Tzoo, Unarmed, Utgardloki, Vaevictis, Vig, Witchking, Xarnum, Zeruhl, Zhenkira\',\'{L_NOTE}\' => \'Raid Attendance 8:00-9:00\',\'{L_VALUE}\' => \'1.00\',\'{L_ADDED_BY}\' => \'gsc\');','70.176.158.236','f81065fa511c53f4a5988d608dbbc4b2','{L_SUCCESS}',1),(125,1158795628,'{L_ACTION_RAID_ADDED}','$log_action = array(\'header\' => \'{L_ACTION_RAID_ADDED}\',\'id\' => \'28\',\'{L_EVENT}\' => \'Blackwing Lair\',\'{L_ATTENDEES}\' => \'Alucarrd, Ambel, Bendeadlong, Blangerdon, Dalehawkins, Desdemonda, Endevour, Halaster, Hilltop, Hockee, Imprezzed, Jelandi, Kadelthin, Karunaji, Kazgra, Lifeblood, Mackstab, Malanari, Malignance, Mallicia, Melisela, Mief, Mindblade, Moofus, Mook, Moosby, Morphcow, Narik, Naydien, Nyuks, Overdose, Principe, Raldin, Ronashi, Schittle, Simodine, Sreza, Swifteagle, Sysskyll, Tanz, Tulgaat, Tzoo, Unarmed, Utgardloki, Vaevictis, Vig, Witchking, Xarnum, Zeruhl, Zhenkira\',\'{L_NOTE}\' => \'Raid Attendance 9:00-10:00\',\'{L_VALUE}\' => \'1.00\',\'{L_ADDED_BY}\' => \'gsc\');','70.176.158.236','f81065fa511c53f4a5988d608dbbc4b2','{L_SUCCESS}',1),(126,1158795654,'{L_ACTION_RAID_ADDED}','$log_action = array(\'header\' => \'{L_ACTION_RAID_ADDED}\',\'id\' => \'29\',\'{L_EVENT}\' => \'Blackwing Lair\',\'{L_ATTENDEES}\' => \'Alucarrd, Ambel, Bendeadlong, Blangerdon, Dalehawkins, Desdemonda, Endevour, Halaster, Hilltop, Hockee, Imprezzed, Jelandi, Kadelthin, Karunaji, Kazgra, Lifeblood, Mackstab, Malanari, Malignance, Mallicia, Melisela, Mief, Mindblade, Moofus, Mook, Moosby, Morphcow, Narik, Naydien, Nyuks, Overdose, Principe, Raldin, Ronashi, Schittle, Simodine, Sreza, Swifteagle, Sysskyll, Tanz, Tulgaat, Tzoo, Unarmed, Utgardloki, Vaevictis, Vig, Witchking, Xarnum, Zeruhl, Zhenkira\',\'{L_NOTE}\' => \'Raid Attendance 10:00-11:00\',\'{L_VALUE}\' => \'1.00\',\'{L_ADDED_BY}\' => \'gsc\');','70.176.158.236','f81065fa511c53f4a5988d608dbbc4b2','{L_SUCCESS}',1),(127,1158795741,'{L_ACTION_HISTORY_TRANSFER}','$log_action = array(\'header\' => \'{L_ACTION_HISTORY_TRANSFER}\',\'{L_FROM}\' => \'Raynour\',\'{L_TO}\' => \'Halaster\');','70.176.158.236','f81065fa511c53f4a5988d608dbbc4b2','{L_SUCCESS}',1),(128,1159227772,'{L_ACTION_RAID_ADDED}','$log_action = array(\'header\' => \'{L_ACTION_RAID_ADDED}\',\'id\' => \'30\',\'{L_EVENT}\' => \'Blackwing Lair\',\'{L_ATTENDEES}\' => \'Alucarrd, Aurix, Bendeadlong, Berthelemy, Blangerdon, Dalehawkins, Desdemonda, Endevour, Forain, Hilltop, Hockee, Imprezzed, Jelandi, Karunaji, Kazgra, Lifeblood, Malanari, Malcontent, Malignance, Mallicia, Mindblade, Moofus, Mook, Moosby, Morphcow, Narik, Naydien, Nyuks, Overdose, Principe, Raldin, Simodine, Sreza, Subflict, Sysskyll, Tanz, Tulgaat, Tzoo, Unarmed, Utgardloki, Vig, Witchking, Xarnum, Zhenkira, Zonkers\',\'{L_NOTE}\' => \'Raid Attendance 6:00-7:00\',\'{L_VALUE}\' => \'1.00\',\'{L_ADDED_BY}\' => \'gsc\');','70.176.158.236','12293c73020dc53678aa3c7942b0b198','{L_SUCCESS}',1),(129,1159227797,'{L_ACTION_RAID_UPDATED}','$log_action = array(\'header\' => \'{L_ACTION_RAID_UPDATED}\',\'id\' => \'30\',\'{L_EVENT_BEFORE}\' => \'Blackwing Lair\',\'{L_ATTENDEES_BEFORE}\' => \'Alucarrd, Aurix, Bendeadlong, Berthelemy, Blangerdon, Dalehawkins, Desdemonda, Endevour, Forain, Hilltop, Hockee, Imprezzed, Jelandi, Karunaji, Kazgra, Lifeblood, Malanari, Malcontent, Malignance, Mallicia, Mindblade, Moofus, Mook, Moosby, Morphcow, Narik, Naydien, Nyuks, Overdose, Principe, Raldin, Simodine, Sreza, Subflict, Sysskyll, Tanz, Tulgaat, Tzoo, Unarmed, Utgardloki, Vig, Witchking, Xarnum, Zhenkira, Zonkers\',\'{L_NOTE_BEFORE}\' => \'Raid Attendance 6:00-7:00\',\'{L_VALUE_BEFORE}\' => \'1.00\',\'{L_EVENT_AFTER}\' => \'<span class=\\\"negative\\\">Ahn Qiraj</span>\',\'{L_ATTENDEES_AFTER}\' => \'Alucarrd, Aurix, Bendeadlong, Berthelemy, Blangerdon, Dalehawkins, Desdemonda, Endevour, Forain, Hilltop, Hockee, Imprezzed, Jelandi, Karunaji, Kazgra, Lifeblood, Malanari, Malcontent, Malignance, Mallicia, Mindblade, Moofus, Mook, Moosby, Morphcow, Narik, Naydien, Nyuks, Overdose, Principe, Raldin, Simodine, Sreza, Subflict, Sysskyll, Tanz, Tulgaat, Tzoo, Unarmed, Utgardloki, Vig, Witchking, Xarnum, Zhenkira, Zonkers\',\'{L_NOTE_AFTER}\' => \'Raid Attendance 6:00-7:00\',\'{L_VALUE_AFTER}\' => \'1.00\',\'{L_UPDATED_BY}\' => \'gsc\');','70.176.158.236','12293c73020dc53678aa3c7942b0b198','{L_SUCCESS}',1),(130,1159227820,'{L_ACTION_RAID_UPDATED}','$log_action = array(\'header\' => \'{L_ACTION_RAID_UPDATED}\',\'id\' => \'30\',\'{L_EVENT_BEFORE}\' => \'Ahn Qiraj\',\'{L_ATTENDEES_BEFORE}\' => \'Alucarrd, Aurix, Bendeadlong, Berthelemy, Blangerdon, Dalehawkins, Desdemonda, Endevour, Forain, Hilltop, Hockee, Imprezzed, Jelandi, Karunaji, Kazgra, Lifeblood, Malanari, Malcontent, Malignance, Mallicia, Mindblade, Moofus, Mook, Moosby, Morphcow, Narik, Naydien, Nyuks, Overdose, Principe, Raldin, Simodine, Sreza, Subflict, Sysskyll, Tanz, Tulgaat, Tzoo, Unarmed, Utgardloki, Vig, Witchking, Xarnum, Zhenkira, Zonkers\',\'{L_NOTE_BEFORE}\' => \'Raid Attendance 6:00-7:00\',\'{L_VALUE_BEFORE}\' => \'1.00\',\'{L_EVENT_AFTER}\' => \'<span class=\\\"negative\\\">Blackwing Lair</span>\',\'{L_ATTENDEES_AFTER}\' => \'Alucarrd, Aurix, Bendeadlong, Berthelemy, Blangerdon, Dalehawkins, Desdemonda, Endevour, Forain, Hilltop, Hockee, Imprezzed, Jelandi, Karunaji, Kazgra, Lifeblood, Malanari, Malcontent, Malignance, Mallicia, Mindblade, Moofus, Mook, Moosby, Morphcow, Narik, Naydien, Nyuks, Overdose, Principe, Raldin, Simodine, Sreza, Subflict, Sysskyll, Tanz, Tulgaat, Tzoo, Unarmed, Utgardloki, Vig, Witchking, Xarnum, Zhenkira, Zonkers\',\'{L_NOTE_AFTER}\' => \'Raid Attendance 6:00-7:00\',\'{L_VALUE_AFTER}\' => \'1.00\',\'{L_UPDATED_BY}\' => \'gsc\');','70.176.158.236','12293c73020dc53678aa3c7942b0b198','{L_SUCCESS}',1),(131,1159228173,'{L_ACTION_RAID_ADDED}','$log_action = array(\'header\' => \'{L_ACTION_RAID_ADDED}\',\'id\' => \'31\',\'{L_EVENT}\' => \'Blackwing Lair\',\'{L_ATTENDEES}\' => \'Alucarrd, Aurix, Bendeadlong, Berthelemy, Blangerdon, Dalehawkins, Desdemonda, Endevour, Forain, Hilltop, Hockee, Imprezzed, Jelandi, Karunaji, Kazgra, Lifeblood, Malanari, Malcontent, Malignance, Mallicia, Mindblade, Moofus, Mook, Moosby, Morphcow, Narik, Naydien, Nyuks, Overdose, Principe, Raldin, Simodine, Sreza, Subflict, Sysskyll, Tanz, Tulgaat, Tzoo, Unarmed, Utgardloki, Vig, Witchking, Xarnum, Zhenkira, Zonkers\',\'{L_NOTE}\' => \'Raid Attendance 8:00-9:00\',\'{L_VALUE}\' => \'1.00\',\'{L_ADDED_BY}\' => \'gsc\');','70.176.158.236','12293c73020dc53678aa3c7942b0b198','{L_SUCCESS}',1),(132,1159228187,'{L_ACTION_RAID_UPDATED}','$log_action = array(\'header\' => \'{L_ACTION_RAID_UPDATED}\',\'id\' => \'30\',\'{L_EVENT_BEFORE}\' => \'Blackwing Lair\',\'{L_ATTENDEES_BEFORE}\' => \'Alucarrd, Aurix, Bendeadlong, Berthelemy, Blangerdon, Dalehawkins, Desdemonda, Endevour, Forain, Hilltop, Hockee, Imprezzed, Jelandi, Karunaji, Kazgra, Lifeblood, Malanari, Malcontent, Malignance, Mallicia, Mindblade, Moofus, Mook, Moosby, Morphcow, Narik, Naydien, Nyuks, Overdose, Principe, Raldin, Simodine, Sreza, Subflict, Sysskyll, Tanz, Tulgaat, Tzoo, Unarmed, Utgardloki, Vig, Witchking, Xarnum, Zhenkira, Zonkers\',\'{L_NOTE_BEFORE}\' => \'Raid Attendance 6:00-7:00\',\'{L_VALUE_BEFORE}\' => \'1.00\',\'{L_EVENT_AFTER}\' => \'Blackwing Lair\',\'{L_ATTENDEES_AFTER}\' => \'Alucarrd, Aurix, Bendeadlong, Berthelemy, Blangerdon, Dalehawkins, Desdemonda, Endevour, Forain, Hilltop, Hockee, Imprezzed, Jelandi, Karunaji, Kazgra, Lifeblood, Malanari, Malcontent, Malignance, Mallicia, Mindblade, Moofus, Mook, Moosby, Morphcow, Narik, Naydien, Nyuks, Overdose, Principe, Raldin, Simodine, Sreza, Subflict, Sysskyll, Tanz, Tulgaat, Tzoo, Unarmed, Utgardloki, Vig, Witchking, Xarnum, Zhenkira, Zonkers\',\'{L_NOTE_AFTER}\' => \'<span class=\\\"negative\\\">Raid Attendance 7:00-8:00</span>\',\'{L_VALUE_AFTER}\' => \'1.00\',\'{L_UPDATED_BY}\' => \'gsc\');','70.176.158.236','12293c73020dc53678aa3c7942b0b198','{L_SUCCESS}',1),(133,1159228460,'{L_ACTION_RAID_ADDED}','$log_action = array(\'header\' => \'{L_ACTION_RAID_ADDED}\',\'id\' => \'32\',\'{L_EVENT}\' => \'Ahn Qiraj\',\'{L_ATTENDEES}\' => \'Alucarrd, Aurix, Bendeadlong, Berthelemy, Blangerdon, Dalehawkins, Desdemonda, Endevour, Forain, Hilltop, Hockee, Imprezzed, Jelandi, Karunaji, Kazgra, Lifeblood, Malanari, Malcontent, Malignance, Mallicia, Mindblade, Moofus, Mook, Moosby, Morphcow, Narik, Naydien, Nyuks, Overdose, Principe, Raldin, Simodine, Sreza, Subflict, Sysskyll, Tanz, Tulgaat, Tzoo, Unarmed, Utgardloki, Vig, Witchking, Xarnum, Zhenkira, Zonkers\',\'{L_NOTE}\' => \'Raid Attendance 9:00-10:00\',\'{L_VALUE}\' => \'1.00\',\'{L_ADDED_BY}\' => \'gsc\');','70.176.158.236','12293c73020dc53678aa3c7942b0b198','{L_SUCCESS}',1),(134,1159228504,'{L_ACTION_RAID_ADDED}','$log_action = array(\'header\' => \'{L_ACTION_RAID_ADDED}\',\'id\' => \'33\',\'{L_EVENT}\' => \'Ahn Qiraj\',\'{L_ATTENDEES}\' => \'Alucarrd, Aurix, Bendeadlong, Berthelemy, Blangerdon, Dalehawkins, Desdemonda, Endevour, Forain, Hilltop, Hockee, Imprezzed, Jelandi, Karunaji, Kazgra, Lifeblood, Malanari, Malcontent, Malignance, Mallicia, Mindblade, Moofus, Mook, Moosby, Morphcow, Narik, Naydien, Nyuks, Overdose, Principe, Raldin, Simodine, Sreza, Subflict, Sysskyll, Tanz, Tulgaat, Tzoo, Unarmed, Utgardloki, Vig, Witchking, Xarnum, Zhenkira, Zonkers\',\'{L_NOTE}\' => \'Raid Attendance 10:00-11:00\',\'{L_VALUE}\' => \'1.00\',\'{L_ADDED_BY}\' => \'gsc\');','70.176.158.236','12293c73020dc53678aa3c7942b0b198','{L_SUCCESS}',1);

--
-- Table structure for table `eqdkp_member_ranks`
--

CREATE TABLE `eqdkp_member_ranks` (
  `rank_id` smallint(5) unsigned NOT NULL,
  `rank_name` varchar(50) NOT NULL,
  `rank_hide` enum('0','1') NOT NULL default '0',
  `rank_prefix` varchar(75) NOT NULL default '',
  `rank_suffix` varchar(75) NOT NULL default '',
  UNIQUE KEY `rank_id` (`rank_id`)
) ENGINE=InnoDB DEFAULT CHARSET=latin1;

--
-- Dumping data for table `eqdkp_member_ranks`
--


INSERT INTO `eqdkp_member_ranks` VALUES (0,'','0','',''),(1,'Member','0','','');

--
-- Table structure for table `eqdkp_member_user`
--

CREATE TABLE `eqdkp_member_user` (
  `member_id` smallint(5) unsigned NOT NULL,
  `user_id` smallint(5) unsigned NOT NULL,
  KEY `member_id` (`member_id`),
  KEY `user_id` (`user_id`)
) ENGINE=InnoDB DEFAULT CHARSET=latin1;

--
-- Dumping data for table `eqdkp_member_user`
--



--
-- Table structure for table `eqdkp_members`
--

CREATE TABLE `eqdkp_members` (
  `member_id` smallint(5) unsigned NOT NULL auto_increment,
  `member_name` varchar(30) NOT NULL,
  `member_earned` float(11,2) NOT NULL default '0.00',
  `member_spent` float(11,2) NOT NULL default '0.00',
  `member_adjustment` float(11,2) NOT NULL default '0.00',
  `member_status` enum('0','1') NOT NULL default '1',
  `member_firstraid` int(11) NOT NULL default '0',
  `member_lastraid` int(11) NOT NULL default '0',
  `member_raidcount` int(11) NOT NULL default '0',
  `member_level` tinyint(2) NOT NULL default '60',
  `member_race_id` smallint(3) unsigned NOT NULL default '0',
  `member_class_id` smallint(3) unsigned NOT NULL default '0',
  `member_rank_id` smallint(3) NOT NULL default '0',
  PRIMARY KEY  (`member_id`),
  UNIQUE KEY `member_name` (`member_name`)
) ENGINE=InnoDB DEFAULT CHARSET=latin1;

--
-- Dumping data for table `eqdkp_members`
--


INSERT INTO `eqdkp_members` VALUES (1,'Afflicted',9.00,0.00,0.00,'1',1157937248,1158033988,7,0,0,0,0),(2,'Aurix',19.00,0.00,0.00,'1',1157937248,1158814800,18,0,0,0,0),(3,'Bendeadlong',34.00,0.00,0.00,'1',1157937248,1158814800,32,0,0,0,0),(4,'Croog',24.00,0.00,0.00,'1',1157937248,1158634800,23,0,0,0,0),(5,'Desdemonda',34.00,0.00,0.00,'1',1157937248,1158814800,32,0,0,0,0),(6,'Halaster',29.00,0.00,0.00,'1',1157937248,1158728400,28,0,0,0,0),(7,'Hockee',30.00,0.00,0.00,'1',1157937248,1158814800,29,0,0,0,0),(8,'Imprezzed',29.00,0.00,0.00,'1',1157937248,1158814800,27,0,0,0,0),(9,'Innouthule',16.00,0.00,0.00,'1',1157937248,1158555600,14,0,0,0,0),(10,'Kadelthin',30.00,0.00,0.00,'1',1157937248,1158728400,29,0,0,0,0),(11,'Karunaji',34.00,0.00,0.00,'1',1157937248,1158814800,32,0,0,0,0),(12,'Kazgra',30.00,0.00,0.00,'1',1157937248,1158814800,28,0,0,0,0),(13,'Krenshar',21.00,0.00,0.00,'1',1157937248,1158555600,19,0,0,0,0),(14,'Lexanice',6.00,0.00,0.00,'1',1157937248,1158022296,5,0,0,0,0),(15,'Lifeblood',30.00,0.00,0.00,'1',1157937248,1158814800,29,0,0,0,0),(16,'Malanari',34.00,0.00,0.00,'1',1157937248,1158814800,32,0,0,0,0),(17,'Malcontent',25.00,0.00,0.00,'1',1157937248,1158814800,24,0,0,0,0),(18,'Malignance',34.00,0.00,0.00,'1',1157937248,1158814800,32,0,0,0,0),(19,'Mindblade',23.00,0.00,0.00,'1',1157937248,1158814800,22,0,0,0,0),(20,'Moofus',34.00,0.00,0.00,'1',1157937248,1158814800,32,0,0,0,0),(21,'Mook',22.00,0.00,0.00,'1',1157937248,1158814800,21,0,0,0,0),(22,'Moosby',34.00,0.00,0.00,'1',1157937248,1158814800,32,0,0,0,0),(23,'Naydien',34.00,0.00,0.00,'1',1157937248,1158814800,32,0,0,0,0),(24,'Nyuks',34.00,0.00,0.00,'1',1157937248,1158814800,32,0,0,0,0),(25,'Overdose',34.00,0.00,0.00,'1',1157937248,1158814800,32,0,0,0,0),(26,'Raldin',32.00,0.00,0.00,'1',1157937248,1158814800,31,0,0,0,0),(27,'Simodine',33.00,0.00,0.00,'1',1157937248,1158814800,31,0,0,0,0),(28,'Sreza',34.00,0.00,0.00,'1',1157937248,1158814800,32,0,0,0,0),(29,'Subflict',26.00,0.00,0.00,'1',1157937248,1158814800,24,0,0,0,0),(30,'Sufu',8.00,0.00,0.00,'1',1157937248,1158119520,7,0,0,0,0),(31,'Swifteagle',21.00,0.00,0.00,'1',1157937248,1158728400,19,0,0,0,0),(32,'Tanz',26.00,0.00,0.00,'1',1157937248,1158814800,24,0,0,0,0),(33,'Tulgaat',31.00,0.00,0.00,'1',1157937248,1158814800,29,0,0,0,0),(34,'Tzoo',34.00,0.00,0.00,'1',1157937248,1158814800,32,0,0,0,0),(35,'Unarmed',34.00,0.00,0.00,'1',1157937248,1158814800,32,0,0,0,0),(36,'Utgardloki',30.00,0.00,0.00,'1',1157937248,1158814800,28,0,0,0,0),(37,'Vig',22.00,0.00,0.00,'1',1157937248,1158814800,21,0,0,0,0),(38,'Witchking',34.00,0.00,0.00,'1',1157937248,1158814800,32,0,0,0,0),(39,'Xarnum',34.00,0.00,0.00,'1',1157937248,1158814800,32,0,0,0,0),(40,'Zhenkira',26.00,0.00,0.00,'1',1157937248,1158814800,26,0,0,0,0),(41,'Hilltop',19.00,0.00,0.00,'1',1157941178,1158814800,17,0,0,0,0),(42,'Blangerdon',34.00,0.00,0.00,'1',1157937248,1158814800,32,0,0,0,0),(43,'Jelandi',30.00,0.00,0.00,'1',1157937248,1158814800,29,1,0,0,0),(44,'Schittle',12.00,0.00,0.00,'1',1157937248,1158728400,12,1,0,0,0),(45,'Ambel',21.00,0.00,0.00,'1',1158026822,1158728400,20,0,0,0,0),(46,'Dalehawkins',29.00,0.00,0.00,'1',1158026822,1158814800,28,0,0,0,0),(47,'Mackstab',21.00,0.00,0.00,'1',1158026822,1158728400,20,0,0,0,0),(48,'Mallicia',23.00,0.00,0.00,'1',1158026822,1158814800,22,0,0,0,0),(49,'Melisela',12.00,0.00,0.00,'1',1158026822,1158728400,11,0,0,0,0),(50,'Morphcow',29.00,0.00,0.00,'1',1158026822,1158814800,28,0,0,0,0),(51,'Narik',29.00,0.00,0.00,'1',1158026822,1158814800,28,0,0,0,0),(52,'Ronashi',12.00,0.00,0.00,'1',1158026822,1158728400,11,0,0,0,0),(53,'Vaevictis',16.00,0.00,0.00,'1',1158026822,1158728400,15,0,0,0,0),(54,'Endevour',21.00,0.00,0.00,'1',1158022296,1158814800,21,1,0,0,0),(55,'Forain',16.00,0.00,0.00,'1',1158022296,1158814800,16,1,0,0,0),(56,'Mief',12.00,0.00,0.00,'1',1158112421,1158728400,12,0,0,0,0),(57,'Vassili',8.00,0.00,0.00,'1',1158112421,1158203308,8,0,0,0,0),(58,'Zonkers',8.00,0.00,0.00,'1',1158112421,1158814800,8,0,0,0,0),(59,'Alucarrd',25.00,0.00,0.00,'1',1158112421,1158814800,25,1,0,0,0),(60,'Berthelemy',12.00,0.00,0.00,'1',1158195661,1158814800,12,0,0,0,0),(61,'Motulak',5.00,0.00,0.00,'1',1158541200,1158555600,5,1,0,0,0),(62,'Sysskyll',17.00,0.00,0.00,'1',1158541200,1158814800,17,1,0,0,0),(64,'Zeruhl',8.00,0.00,0.00,'1',1158627600,1158728400,8,1,0,0,0),(65,'Principe',8.00,0.00,0.00,'1',1158717600,1158814800,8,1,0,0,0);

--
-- Table structure for table `eqdkp_news`
--

CREATE TABLE `eqdkp_news` (
  `news_id` smallint(5) unsigned NOT NULL auto_increment,
  `news_headline` varchar(255) NOT NULL,
  `news_message` text NOT NULL,
  `news_date` int(11) NOT NULL,
  `user_id` smallint(5) unsigned NOT NULL,
  PRIMARY KEY  (`news_id`),
  KEY `user_id` (`user_id`)
) ENGINE=InnoDB DEFAULT CHARSET=latin1;

--
-- Dumping data for table `eqdkp_news`
--



--
-- Table structure for table `eqdkp_plugins`
--

CREATE TABLE `eqdkp_plugins` (
  `plugin_id` smallint(2) unsigned NOT NULL auto_increment,
  `plugin_name` varchar(50) NOT NULL,
  `plugin_code` varchar(20) NOT NULL,
  `plugin_installed` enum('0','1') NOT NULL default '0',
  `plugin_path` varchar(255) NOT NULL,
  `plugin_contact` varchar(100) default NULL,
  `plugin_version` varchar(7) NOT NULL,
  PRIMARY KEY  (`plugin_id`),
  KEY `plugin_code` (`plugin_code`)
) ENGINE=InnoDB DEFAULT CHARSET=latin1;

--
-- Dumping data for table `eqdkp_plugins`
--


INSERT INTO `eqdkp_plugins` VALUES (1,'CT_RaidTrackerImport','ctrt','1','ctrt','CTRaidTrackerImport@freddy.eu.org','1.11'),(2,'DKP Log Parser','dkplp','1','dkplp','dkplp@lokorin.com','1.3.0'),(3,'Raid Planner','raidplan','1','raidplan','a.stranger@gmx.net','0.1RC2'),(4,'Raid Banker','raidbanker','1','raidbanker','webmaster@wallenium.de','0.2.7'),(5,'Balancer','balancer','0','balancer','balancer@lokorin.com','1.1.1a'),(6,'EQdkp Bossprogress','bossprogress','0','bossprogress','doom.am@gmx.de','1.0'),(7,'Item Specials','itemspecials','0','itemspecials','webmaster@wallenium.de','1.0.0RC'),(8,'DKPHost Links v1','links','0','links','support@dkphost.net','0'),(9,'EQdkp Raid Progression','rp','0','rp','plugins@unholyaura.com','2.0'),(10,'Set Progress','setprogress','0','setprogress','loganfive@blacktower.com','1.0.5'),(11,'Sow Stats v1.0.3','sowstats','0','sowstats','fuzzbal@scienceofwar.net','0'),(12,'CNSDEV Tradeskills','ts','0','ts','cns@cnsdev.dk','0.96Bet');

--
-- Table structure for table `eqdkp_races`
--

CREATE TABLE `eqdkp_races` (
  `race_id` smallint(3) unsigned NOT NULL,
  `race_name` varchar(50) NOT NULL,
  `race_faction_id` smallint(3) NOT NULL default '0',
  `race_hide` enum('0','1') NOT NULL default '0',
  PRIMARY KEY  (`race_id`),
  UNIQUE KEY `race_id` (`race_id`)
) ENGINE=InnoDB DEFAULT CHARSET=latin1;

--
-- Dumping data for table `eqdkp_races`
--


INSERT INTO `eqdkp_races` VALUES (0,'Unknown',0,'0'),(1,'Gnome',0,'0'),(2,'Human',0,'0'),(3,'Dwarf',0,'0'),(4,'Night Elf',0,'0'),(5,'Troll',0,'0'),(6,'Undead',0,'0'),(7,'Orc',0,'0'),(8,'Tauren',0,'0');

--
-- Table structure for table `eqdkp_raid_attendees`
--

CREATE TABLE `eqdkp_raid_attendees` (
  `raid_id` mediumint(8) unsigned NOT NULL,
  `member_name` varchar(30) NOT NULL,
  KEY `raid_id` (`raid_id`),
  KEY `member_name` (`member_name`)
) ENGINE=InnoDB DEFAULT CHARSET=latin1;

--
-- Dumping data for table `eqdkp_raid_attendees`
--


INSERT INTO `eqdkp_raid_attendees` VALUES (1,'Afflicted'),(1,'Aurix'),(1,'Bendeadlong'),(1,'Blangerdon'),(1,'Croog'),(1,'Desdemonda'),(1,'Halaster'),(1,'Hockee'),(1,'Imprezzed'),(1,'Innouthule'),(1,'Jelandi'),(1,'Kadelthin'),(1,'Karunaji'),(1,'Kazgra'),(1,'Krenshar'),(1,'Lexanice'),(1,'Lifeblood'),(1,'Malanari'),(1,'Malcontent'),(1,'Malignance'),(1,'Mindblade'),(1,'Moofus'),(1,'Mook'),(1,'Moosby'),(1,'Naydien'),(1,'Nyuks'),(1,'Overdose'),(1,'Raldin'),(1,'Schittle'),(1,'Simodine'),(1,'Sreza'),(1,'Subflict'),(1,'Sufu'),(1,'Swifteagle'),(1,'Tanz'),(1,'Tulgaat'),(1,'Tzoo'),(1,'Unarmed'),(1,'Utgardloki'),(1,'Vig'),(1,'Witchking'),(1,'Xarnum'),(1,'Zhenkira'),(2,'Afflicted'),(2,'Aurix'),(2,'Bendeadlong'),(2,'Blangerdon'),(2,'Croog'),(2,'Desdemonda'),(2,'Halaster'),(2,'Hilltop'),(2,'Hockee'),(2,'Imprezzed'),(2,'Innouthule'),(2,'Jelandi'),(2,'Kadelthin'),(2,'Karunaji'),(2,'Kazgra'),(2,'Krenshar'),(2,'Lexanice'),(2,'Lifeblood'),(2,'Malanari'),(2,'Malcontent'),(2,'Malignance'),(2,'Mindblade'),(2,'Moofus'),(2,'Mook'),(2,'Moosby'),(2,'Naydien'),(2,'Nyuks'),(2,'Overdose'),(2,'Raldin'),(2,'Schittle'),(2,'Simodine'),(2,'Sreza'),(2,'Subflict'),(2,'Swifteagle'),(2,'Tanz'),(2,'Tulgaat'),(2,'Tzoo'),(2,'Unarmed'),(2,'Utgardloki'),(2,'Vig'),(2,'Witchking'),(2,'Xarnum'),(3,'Afflicted'),(3,'Aurix'),(3,'Bendeadlong'),(3,'Blangerdon'),(3,'Croog'),(3,'Desdemonda'),(3,'Halaster'),(3,'Hilltop'),(3,'Hockee'),(3,'Imprezzed'),(3,'Innouthule'),(3,'Jelandi'),(3,'Kadelthin'),(3,'Karunaji'),(3,'Kazgra'),(3,'Krenshar'),(3,'Lexanice'),(3,'Lifeblood'),(3,'Malanari'),(3,'Malcontent'),(3,'Malignance'),(3,'Mindblade'),(3,'Moofus'),(3,'Mook'),(3,'Moosby'),(3,'Naydien'),(3,'Nyuks'),(3,'Overdose'),(3,'Raldin'),(3,'Schittle'),(3,'Simodine'),(3,'Sreza'),(3,'Subflict'),(3,'Swifteagle'),(3,'Tanz'),(3,'Tulgaat'),(3,'Tzoo'),(3,'Unarmed'),(3,'Utgardloki'),(3,'Vig'),(3,'Witchking'),(3,'Xarnum'),(4,'Afflicted'),(4,'Aurix'),(4,'Bendeadlong'),(4,'Blangerdon'),(4,'Croog'),(4,'Desdemonda'),(4,'Halaster'),(4,'Hilltop'),(4,'Hockee'),(4,'Imprezzed'),(4,'Innouthule'),(4,'Jelandi'),(4,'Kadelthin'),(4,'Karunaji'),(4,'Kazgra'),(4,'Krenshar'),(4,'Lexanice'),(4,'Lifeblood'),(4,'Malanari'),(4,'Malcontent'),(4,'Malignance'),(4,'Mindblade'),(4,'Moofus'),(4,'Mook'),(4,'Moosby'),(4,'Naydien'),(4,'Nyuks'),(4,'Overdose'),(4,'Raldin'),(4,'Schittle'),(4,'Simodine'),(4,'Sreza'),(4,'Subflict'),(4,'Swifteagle'),(4,'Tanz'),(4,'Tulgaat'),(4,'Tzoo'),(4,'Unarmed'),(4,'Utgardloki'),(4,'Vig'),(4,'Witchking'),(4,'Xarnum'),(5,'Afflicted'),(5,'Ambel'),(5,'Aurix'),(5,'Bendeadlong'),(5,'Blangerdon'),(5,'Dalehawkins'),(5,'Desdemonda'),(5,'Endevour'),(5,'Forain'),(5,'Halaster'),(5,'Hilltop'),(5,'Imprezzed'),(5,'Jelandi'),(5,'Kadelthin'),(5,'Karunaji'),(5,'Kazgra'),(5,'Krenshar'),(5,'Lexanice'),(5,'Lifeblood'),(5,'Mackstab'),(5,'Malanari'),(5,'Malcontent'),(5,'Malignance'),(5,'Mallicia'),(5,'Melisela'),(5,'Mindblade'),(5,'Moofus'),(5,'Moosby'),(5,'Morphcow'),(5,'Narik'),(5,'Naydien'),(5,'Nyuks'),(5,'Overdose'),(5,'Raldin'),(5,'Ronashi'),(5,'Simodine'),(5,'Sreza'),(5,'Subflict'),(5,'Sufu'),(5,'Tanz'),(5,'Tulgaat'),(5,'Tzoo'),(5,'Unarmed'),(5,'Utgardloki'),(5,'Vaevictis'),(5,'Witchking'),(5,'Xarnum'),(6,'Afflicted'),(6,'Ambel'),(6,'Bendeadlong'),(6,'Blangerdon'),(6,'Dalehawkins'),(6,'Desdemonda'),(6,'Endevour'),(6,'Forain'),(6,'Halaster'),(6,'Hilltop'),(6,'Imprezzed'),(6,'Innouthule'),(6,'Jelandi'),(6,'Kadelthin'),(6,'Karunaji'),(6,'Kazgra'),(6,'Krenshar'),(6,'Lifeblood'),(6,'Mackstab'),(6,'Malanari'),(6,'Malcontent'),(6,'Malignance'),(6,'Mallicia'),(6,'Melisela'),(6,'Moofus'),(6,'Moosby'),(6,'Morphcow'),(6,'Narik'),(6,'Naydien'),(6,'Nyuks'),(6,'Overdose'),(6,'Ronashi'),(6,'Simodine'),(6,'Sreza'),(6,'Subflict'),(6,'Sufu'),(6,'Swifteagle'),(6,'Tanz'),(6,'Tulgaat'),(6,'Tzoo'),(6,'Unarmed'),(6,'Utgardloki'),(6,'Vaevictis'),(6,'Witchking'),(6,'Xarnum'),(7,'Afflicted'),(7,'Bendeadlong'),(7,'Blangerdon'),(7,'Croog'),(7,'Dalehawkins'),(7,'Desdemonda'),(7,'Endevour'),(7,'Forain'),(7,'Halaster'),(7,'Hilltop'),(7,'Imprezzed'),(7,'Innouthule'),(7,'Jelandi'),(7,'Kadelthin'),(7,'Karunaji'),(7,'Kazgra'),(7,'Krenshar'),(7,'Lifeblood'),(7,'Mackstab'),(7,'Malanari'),(7,'Malcontent'),(7,'Malignance'),(7,'Mallicia'),(7,'Melisela'),(7,'Moofus'),(7,'Moosby'),(7,'Morphcow'),(7,'Narik'),(7,'Naydien'),(7,'Nyuks'),(7,'Overdose'),(7,'Ronashi'),(7,'Simodine'),(7,'Sreza'),(7,'Subflict'),(7,'Sufu'),(7,'Swifteagle'),(7,'Tanz'),(7,'Tulgaat'),(7,'Tzoo'),(7,'Unarmed'),(7,'Utgardloki'),(7,'Vaevictis'),(7,'Witchking'),(7,'Xarnum'),(8,'Afflicted'),(8,'Aurix'),(8,'Bendeadlong'),(8,'Blangerdon'),(8,'Croog'),(8,'Dalehawkins'),(8,'Desdemonda'),(8,'Endevour'),(8,'Forain'),(8,'Halaster'),(8,'Hilltop'),(8,'Imprezzed'),(8,'Innouthule'),(8,'Kadelthin'),(8,'Karunaji'),(8,'Kazgra'),(8,'Lifeblood'),(8,'Mackstab'),(8,'Malanari'),(8,'Malcontent'),(8,'Malignance'),(8,'Mallicia'),(8,'Melisela'),(8,'Moofus'),(8,'Moosby'),(8,'Morphcow'),(8,'Narik'),(8,'Naydien'),(8,'Nyuks'),(8,'Overdose'),(8,'Raldin'),(8,'Ronashi'),(8,'Simodine'),(8,'Sreza'),(8,'Subflict'),(8,'Swifteagle'),(8,'Tanz'),(8,'Tulgaat'),(8,'Tzoo'),(8,'Unarmed'),(8,'Utgardloki'),(8,'Vaevictis'),(8,'Witchking'),(8,'Xarnum'),(9,'Alucarrd'),(9,'Ambel'),(9,'Aurix'),(9,'Bendeadlong'),(9,'Blangerdon'),(9,'Croog'),(9,'Dalehawkins'),(9,'Desdemonda'),(9,'Endevour'),(9,'Halaster'),(9,'Hockee'),(9,'Imprezzed'),(9,'Jelandi'),(9,'Kadelthin'),(9,'Karunaji'),(9,'Kazgra'),(9,'Krenshar'),(9,'Lifeblood'),(9,'Mackstab'),(9,'Malanari'),(9,'Malcontent'),(9,'Malignance'),(9,'Mallicia'),(9,'Melisela'),(9,'Mief'),(9,'Moofus'),(9,'Moosby'),(9,'Morphcow'),(9,'Narik'),(9,'Naydien'),(9,'Nyuks'),(9,'Overdose'),(9,'Raldin'),(9,'Simodine'),(9,'Sreza'),(9,'Sufu'),(9,'Tulgaat'),(9,'Tzoo'),(9,'Unarmed'),(9,'Utgardloki'),(9,'Vassili'),(9,'Witchking'),(9,'Xarnum'),(9,'Zhenkira'),(9,'Zonkers'),(10,'Alucarrd'),(10,'Ambel'),(10,'Aurix'),(10,'Bendeadlong'),(10,'Blangerdon'),(10,'Croog'),(10,'Dalehawkins'),(10,'Desdemonda'),(10,'Endevour'),(10,'Halaster'),(10,'Hockee'),(10,'Imprezzed'),(10,'Jelandi'),(10,'Kadelthin'),(10,'Karunaji'),(10,'Kazgra'),(10,'Krenshar'),(10,'Lifeblood'),(10,'Mackstab'),(10,'Malanari'),(10,'Malcontent'),(10,'Malignance'),(10,'Mallicia'),(10,'Melisela'),(10,'Mief'),(10,'Moofus'),(10,'Moosby'),(10,'Morphcow'),(10,'Narik'),(10,'Naydien'),(10,'Nyuks'),(10,'Overdose'),(10,'Raldin'),(10,'Simodine'),(10,'Sreza'),(10,'Sufu'),(10,'Tulgaat'),(10,'Tzoo'),(10,'Unarmed'),(10,'Utgardloki'),(10,'Vassili'),(10,'Witchking'),(10,'Xarnum'),(10,'Zhenkira'),(10,'Zonkers'),(11,'Alucarrd'),(11,'Ambel'),(11,'Aurix'),(11,'Bendeadlong'),(11,'Blangerdon'),(11,'Croog'),(11,'Dalehawkins'),(11,'Desdemonda'),(11,'Endevour'),(11,'Halaster'),(11,'Hockee'),(11,'Imprezzed'),(11,'Jelandi'),(11,'Kadelthin'),(11,'Karunaji'),(11,'Kazgra'),(11,'Krenshar'),(11,'Lifeblood'),(11,'Mackstab'),(11,'Malanari'),(11,'Malcontent'),(11,'Malignance'),(11,'Mallicia'),(11,'Melisela'),(11,'Mief'),(11,'Moofus'),(11,'Moosby'),(11,'Morphcow'),(11,'Narik'),(11,'Naydien'),(11,'Nyuks'),(11,'Overdose'),(11,'Raldin'),(11,'Simodine'),(11,'Sreza'),(11,'Sufu'),(11,'Tulgaat'),(11,'Tzoo'),(11,'Unarmed'),(11,'Utgardloki'),(11,'Vassili'),(11,'Witchking'),(11,'Xarnum'),(11,'Zhenkira'),(11,'Zonkers'),(12,'Alucarrd'),(12,'Ambel'),(12,'Aurix'),(12,'Bendeadlong'),(12,'Blangerdon'),(12,'Croog'),(12,'Dalehawkins'),(12,'Desdemonda'),(12,'Endevour'),(12,'Halaster'),(12,'Hockee'),(12,'Imprezzed'),(12,'Jelandi'),(12,'Kadelthin'),(12,'Karunaji'),(12,'Kazgra'),(12,'Krenshar'),(12,'Lifeblood'),(12,'Mackstab'),(12,'Malanari'),(12,'Malcontent'),(12,'Malignance'),(12,'Mallicia'),(12,'Melisela'),(12,'Mief'),(12,'Moofus'),(12,'Moosby'),(12,'Morphcow'),(12,'Narik'),(12,'Naydien'),(12,'Nyuks'),(12,'Overdose'),(12,'Raldin'),(12,'Simodine'),(12,'Sreza'),(12,'Sufu'),(12,'Tulgaat'),(12,'Tzoo'),(12,'Unarmed'),(12,'Utgardloki'),(12,'Vassili'),(12,'Witchking'),(12,'Xarnum'),(12,'Zhenkira'),(12,'Zonkers'),(13,'Alucarrd'),(13,'Ambel'),(13,'Aurix'),(13,'Bendeadlong'),(13,'Berthelemy'),(13,'Blangerdon'),(13,'Croog'),(13,'Dalehawkins'),(13,'Desdemonda'),(13,'Forain'),(13,'Halaster'),(13,'Hockee'),(13,'Imprezzed'),(13,'Jelandi'),(13,'Kadelthin'),(13,'Karunaji'),(13,'Kazgra'),(13,'Krenshar'),(13,'Mackstab'),(13,'Malanari'),(13,'Malcontent'),(13,'Malignance'),(13,'Mief'),(13,'Moofus'),(13,'Moosby'),(13,'Morphcow'),(13,'Narik'),(13,'Naydien'),(13,'Nyuks'),(13,'Overdose'),(13,'Raldin'),(13,'Ronashi'),(13,'Sreza'),(13,'Subflict'),(13,'Tanz'),(13,'Tulgaat'),(13,'Tzoo'),(13,'Unarmed'),(13,'Utgardloki'),(13,'Vassili'),(13,'Vig'),(13,'Witchking'),(13,'Xarnum'),(13,'Zhenkira'),(14,'Alucarrd'),(14,'Ambel'),(14,'Aurix'),(14,'Bendeadlong'),(14,'Berthelemy'),(14,'Blangerdon'),(14,'Croog'),(14,'Dalehawkins'),(14,'Desdemonda'),(14,'Forain'),(14,'Halaster'),(14,'Hilltop'),(14,'Hockee'),(14,'Imprezzed'),(14,'Innouthule'),(14,'Kadelthin'),(14,'Karunaji'),(14,'Kazgra'),(14,'Krenshar'),(14,'Mackstab'),(14,'Malanari'),(14,'Malcontent'),(14,'Malignance'),(14,'Mallicia'),(14,'Mief'),(14,'Moofus'),(14,'Moosby'),(14,'Morphcow'),(14,'Narik'),(14,'Naydien'),(14,'Nyuks'),(14,'Overdose'),(14,'Raldin'),(14,'Ronashi'),(14,'Schittle'),(14,'Simodine'),(14,'Sreza'),(14,'Subflict'),(14,'Tanz'),(14,'Tzoo'),(14,'Unarmed'),(14,'Utgardloki'),(14,'Vaevictis'),(14,'Vassili'),(14,'Vig'),(14,'Witchking'),(14,'Xarnum'),(14,'Zhenkira'),(15,'Alucarrd'),(15,'Ambel'),(15,'Aurix'),(15,'Bendeadlong'),(15,'Berthelemy'),(15,'Blangerdon'),(15,'Croog'),(15,'Dalehawkins'),(15,'Desdemonda'),(15,'Forain'),(15,'Halaster'),(15,'Hilltop'),(15,'Hockee'),(15,'Imprezzed'),(15,'Innouthule'),(15,'Kadelthin'),(15,'Karunaji'),(15,'Kazgra'),(15,'Krenshar'),(15,'Mackstab'),(15,'Malanari'),(15,'Malcontent'),(15,'Malignance'),(15,'Mallicia'),(15,'Mief'),(15,'Moofus'),(15,'Moosby'),(15,'Morphcow'),(15,'Narik'),(15,'Naydien'),(15,'Nyuks'),(15,'Overdose'),(15,'Raldin'),(15,'Ronashi'),(15,'Schittle'),(15,'Simodine'),(15,'Sreza'),(15,'Subflict'),(15,'Tanz'),(15,'Tzoo'),(15,'Unarmed'),(15,'Utgardloki'),(15,'Vaevictis'),(15,'Vassili'),(15,'Vig'),(15,'Witchking'),(15,'Xarnum'),(15,'Zhenkira'),(16,'Alucarrd'),(16,'Aurix'),(16,'Bendeadlong'),(16,'Berthelemy'),(16,'Blangerdon'),(16,'Croog'),(16,'Dalehawkins'),(16,'Desdemonda'),(16,'Forain'),(16,'Halaster'),(16,'Hilltop'),(16,'Hockee'),(16,'Imprezzed'),(16,'Innouthule'),(16,'Kadelthin'),(16,'Karunaji'),(16,'Kazgra'),(16,'Krenshar'),(16,'Mackstab'),(16,'Malanari'),(16,'Malcontent'),(16,'Malignance'),(16,'Mallicia'),(16,'Mief'),(16,'Moofus'),(16,'Moosby'),(16,'Morphcow'),(16,'Narik'),(16,'Naydien'),(16,'Nyuks'),(16,'Overdose'),(16,'Raldin'),(16,'Ronashi'),(16,'Schittle'),(16,'Simodine'),(16,'Sreza'),(16,'Subflict'),(16,'Tanz'),(16,'Tzoo'),(16,'Unarmed'),(16,'Utgardloki'),(16,'Vaevictis'),(16,'Vassili'),(16,'Vig'),(16,'Witchking'),(16,'Xarnum'),(16,'Zhenkira'),(17,'Alucarrd'),(17,'Ambel'),(17,'Bendeadlong'),(17,'Blangerdon'),(17,'Croog'),(17,'Dalehawkins'),(17,'Desdemonda'),(17,'Endevour'),(17,'Halaster'),(17,'Hockee'),(17,'Imprezzed'),(17,'Innouthule'),(17,'Jelandi'),(17,'Kadelthin'),(17,'Karunaji'),(17,'Kazgra'),(17,'Krenshar'),(17,'Lifeblood'),(17,'Mackstab'),(17,'Malanari'),(17,'Malignance'),(17,'Mindblade'),(17,'Moofus'),(17,'Mook'),(17,'Moosby'),(17,'Morphcow'),(17,'Motulak'),(17,'Narik'),(17,'Naydien'),(17,'Nyuks'),(17,'Overdose'),(17,'Raldin'),(17,'Simodine'),(17,'Sreza'),(17,'Subflict'),(17,'Swifteagle'),(17,'Sysskyll'),(17,'Tanz'),(17,'Tulgaat'),(17,'Tzoo'),(17,'Unarmed'),(17,'Utgardloki'),(17,'Vaevictis'),(17,'Vig'),(17,'Witchking'),(17,'Xarnum'),(17,'Zhenkira'),(18,'Alucarrd'),(18,'Ambel'),(18,'Bendeadlong'),(18,'Blangerdon'),(18,'Croog'),(18,'Dalehawkins'),(18,'Desdemonda'),(18,'Endevour'),(18,'Halaster'),(18,'Hockee'),(18,'Imprezzed'),(18,'Innouthule'),(18,'Jelandi'),(18,'Kadelthin'),(18,'Karunaji'),(18,'Kazgra'),(18,'Krenshar'),(18,'Lifeblood'),(18,'Mackstab'),(18,'Malanari'),(18,'Malignance'),(18,'Mindblade'),(18,'Moofus'),(18,'Mook'),(18,'Moosby'),(18,'Morphcow'),(18,'Motulak'),(18,'Narik'),(18,'Naydien'),(18,'Nyuks'),(18,'Overdose'),(18,'Raldin'),(18,'Simodine'),(18,'Sreza'),(18,'Subflict'),(18,'Swifteagle'),(18,'Sysskyll'),(18,'Tanz'),(18,'Tulgaat'),(18,'Tzoo'),(18,'Unarmed'),(18,'Utgardloki'),(18,'Vaevictis'),(18,'Vig'),(18,'Witchking'),(18,'Xarnum'),(18,'Zhenkira'),(19,'Alucarrd'),(19,'Ambel'),(19,'Bendeadlong'),(19,'Blangerdon'),(19,'Croog'),(19,'Dalehawkins'),(19,'Desdemonda'),(19,'Endevour'),(19,'Halaster'),(19,'Hockee'),(19,'Imprezzed'),(19,'Innouthule'),(19,'Jelandi'),(19,'Kadelthin'),(19,'Karunaji'),(19,'Kazgra'),(19,'Krenshar'),(19,'Lifeblood'),(19,'Mackstab'),(19,'Malanari'),(19,'Malignance'),(19,'Mindblade'),(19,'Moofus'),(19,'Mook'),(19,'Moosby'),(19,'Morphcow'),(19,'Motulak'),(19,'Narik'),(19,'Naydien'),(19,'Nyuks'),(19,'Overdose'),(19,'Raldin'),(19,'Simodine'),(19,'Sreza'),(19,'Subflict'),(19,'Swifteagle'),(19,'Sysskyll'),(19,'Tanz'),(19,'Tulgaat'),(19,'Tzoo'),(19,'Unarmed'),(19,'Utgardloki'),(19,'Vaevictis'),(19,'Vig'),(19,'Witchking'),(19,'Xarnum'),(19,'Zhenkira'),(20,'Alucarrd'),(20,'Ambel'),(20,'Bendeadlong'),(20,'Blangerdon'),(20,'Croog'),(20,'Dalehawkins'),(20,'Desdemonda'),(20,'Endevour'),(20,'Halaster'),(20,'Hockee'),(20,'Imprezzed'),(20,'Innouthule'),(20,'Jelandi'),(20,'Kadelthin'),(20,'Karunaji'),(20,'Kazgra'),(20,'Krenshar'),(20,'Lifeblood'),(20,'Mackstab'),(20,'Malanari'),(20,'Malignance'),(20,'Mindblade'),(20,'Moofus'),(20,'Mook'),(20,'Moosby'),(20,'Morphcow'),(20,'Motulak'),(20,'Narik'),(20,'Naydien'),(20,'Nyuks'),(20,'Overdose'),(20,'Raldin'),(20,'Simodine'),(20,'Sreza'),(20,'Subflict'),(20,'Swifteagle'),(20,'Sysskyll'),(20,'Tanz'),(20,'Tulgaat'),(20,'Tzoo'),(20,'Unarmed'),(20,'Utgardloki'),(20,'Vaevictis'),(20,'Vig'),(20,'Witchking'),(20,'Xarnum'),(20,'Zhenkira'),(21,'Alucarrd'),(21,'Ambel'),(21,'Bendeadlong'),(21,'Blangerdon'),(21,'Croog'),(21,'Dalehawkins'),(21,'Desdemonda'),(21,'Endevour'),(21,'Halaster'),(21,'Hockee'),(21,'Innouthule'),(21,'Jelandi'),(21,'Kadelthin'),(21,'Karunaji'),(21,'Kazgra'),(21,'Krenshar'),(21,'Lifeblood'),(21,'Mackstab'),(21,'Malanari'),(21,'Malignance'),(21,'Mindblade'),(21,'Moofus'),(21,'Mook'),(21,'Moosby'),(21,'Morphcow'),(21,'Motulak'),(21,'Narik'),(21,'Naydien'),(21,'Nyuks'),(21,'Overdose'),(21,'Raldin'),(21,'Simodine'),(21,'Sreza'),(21,'Subflict'),(21,'Swifteagle'),(21,'Sysskyll'),(21,'Tanz'),(21,'Tulgaat'),(21,'Tzoo'),(21,'Unarmed'),(21,'Utgardloki'),(21,'Vaevictis'),(21,'Vig'),(21,'Witchking'),(21,'Xarnum'),(21,'Zhenkira'),(23,'Alucarrd'),(23,'Ambel'),(23,'Bendeadlong'),(23,'Berthelemy'),(23,'Blangerdon'),(23,'Croog'),(23,'Dalehawkins'),(23,'Desdemonda'),(23,'Forain'),(23,'Hockee'),(23,'Jelandi'),(23,'Kadelthin'),(23,'Karunaji'),(23,'Lifeblood'),(23,'Malanari'),(23,'Malcontent'),(23,'Malignance'),(23,'Mallicia'),(23,'Mindblade'),(23,'Moofus'),(23,'Mook'),(23,'Moosby'),(23,'Morphcow'),(23,'Narik'),(23,'Naydien'),(23,'Nyuks'),(23,'Overdose'),(23,'Raldin'),(23,'Halaster'),(23,'Simodine'),(23,'Sreza'),(23,'Subflict'),(23,'Swifteagle'),(23,'Sysskyll'),(23,'Tulgaat'),(23,'Tzoo'),(23,'Unarmed'),(23,'Witchking'),(23,'Xarnum'),(23,'Zeruhl'),(23,'Zhenkira'),(24,'Alucarrd'),(24,'Ambel'),(24,'Bendeadlong'),(24,'Berthelemy'),(24,'Blangerdon'),(24,'Croog'),(24,'Dalehawkins'),(24,'Desdemonda'),(24,'Forain'),(24,'Hockee'),(24,'Jelandi'),(24,'Kadelthin'),(24,'Karunaji'),(24,'Lifeblood'),(24,'Malanari'),(24,'Malcontent'),(24,'Malignance'),(24,'Mallicia'),(24,'Mindblade'),(24,'Moofus'),(24,'Mook'),(24,'Moosby'),(24,'Morphcow'),(24,'Narik'),(24,'Naydien'),(24,'Nyuks'),(24,'Overdose'),(24,'Raldin'),(24,'Halaster'),(24,'Simodine'),(24,'Sreza'),(24,'Subflict'),(24,'Swifteagle'),(24,'Sysskyll'),(24,'Tulgaat'),(24,'Tzoo'),(24,'Unarmed'),(24,'Witchking'),(24,'Xarnum'),(24,'Zeruhl'),(24,'Zhenkira'),(25,'Alucarrd'),(25,'Bendeadlong'),(25,'Berthelemy'),(25,'Blangerdon'),(25,'Croog'),(25,'Dalehawkins'),(25,'Desdemonda'),(25,'Forain'),(25,'Hockee'),(25,'Jelandi'),(25,'Kadelthin'),(25,'Karunaji'),(25,'Lifeblood'),(25,'Malanari'),(25,'Malcontent'),(25,'Malignance'),(25,'Mallicia'),(25,'Mindblade'),(25,'Moofus'),(25,'Mook'),(25,'Moosby'),(25,'Morphcow'),(25,'Narik'),(25,'Naydien'),(25,'Nyuks'),(25,'Overdose'),(25,'Raldin'),(25,'Halaster'),(25,'Simodine'),(25,'Sreza'),(25,'Subflict'),(25,'Swifteagle'),(25,'Sysskyll'),(25,'Tulgaat'),(25,'Tzoo'),(25,'Unarmed'),(25,'Witchking'),(25,'Xarnum'),(25,'Zeruhl'),(25,'Zhenkira'),(22,'Alucarrd'),(22,'Ambel'),(22,'Bendeadlong'),(22,'Berthelemy'),(22,'Blangerdon'),(22,'Croog'),(22,'Dalehawkins'),(22,'Desdemonda'),(22,'Forain'),(22,'Hockee'),(22,'Jelandi'),(22,'Kadelthin'),(22,'Karunaji'),(22,'Lifeblood'),(22,'Malanari'),(22,'Malcontent'),(22,'Malignance'),(22,'Mallicia'),(22,'Mindblade'),(22,'Moofus'),(22,'Mook'),(22,'Moosby'),(22,'Morphcow'),(22,'Narik'),(22,'Naydien'),(22,'Nyuks'),(22,'Overdose'),(22,'Raldin'),(22,'Halaster'),(22,'Simodine'),(22,'Sreza'),(22,'Subflict'),(22,'Swifteagle'),(22,'Sysskyll'),(22,'Tulgaat'),(22,'Tzoo'),(22,'Unarmed'),(22,'Witchking'),(22,'Xarnum'),(22,'Zeruhl'),(22,'Zhenkira'),(26,'Alucarrd'),(26,'Ambel'),(26,'Bendeadlong'),(26,'Blangerdon'),(26,'Dalehawkins'),(26,'Desdemonda'),(26,'Endevour'),(26,'Halaster'),(26,'Hilltop'),(26,'Hockee'),(26,'Imprezzed'),(26,'Jelandi'),(26,'Kadelthin'),(26,'Karunaji'),(26,'Kazgra'),(26,'Lifeblood'),(26,'Mackstab'),(26,'Malanari'),(26,'Malignance'),(26,'Mallicia'),(26,'Melisela'),(26,'Mief'),(26,'Mindblade'),(26,'Moofus'),(26,'Mook'),(26,'Moosby'),(26,'Morphcow'),(26,'Narik'),(26,'Naydien'),(26,'Nyuks'),(26,'Overdose'),(26,'Principe'),(26,'Raldin'),(26,'Ronashi'),(26,'Schittle'),(26,'Simodine'),(26,'Sreza'),(26,'Swifteagle'),(26,'Sysskyll'),(26,'Tanz'),(26,'Tulgaat'),(26,'Tzoo'),(26,'Unarmed'),(26,'Utgardloki'),(26,'Vaevictis'),(26,'Vig'),(26,'Witchking'),(26,'Xarnum'),(26,'Zeruhl'),(26,'Zhenkira'),(27,'Alucarrd'),(27,'Ambel'),(27,'Bendeadlong'),(27,'Blangerdon'),(27,'Dalehawkins'),(27,'Desdemonda'),(27,'Endevour'),(27,'Halaster'),(27,'Hilltop'),(27,'Hockee'),(27,'Imprezzed'),(27,'Jelandi'),(27,'Kadelthin'),(27,'Karunaji'),(27,'Kazgra'),(27,'Lifeblood'),(27,'Mackstab'),(27,'Malanari'),(27,'Malignance'),(27,'Mallicia'),(27,'Melisela'),(27,'Mief'),(27,'Mindblade'),(27,'Moofus'),(27,'Mook'),(27,'Moosby'),(27,'Morphcow'),(27,'Narik'),(27,'Naydien'),(27,'Nyuks'),(27,'Overdose'),(27,'Principe'),(27,'Raldin'),(27,'Ronashi'),(27,'Schittle'),(27,'Simodine'),(27,'Sreza'),(27,'Swifteagle'),(27,'Sysskyll'),(27,'Tanz'),(27,'Tulgaat'),(27,'Tzoo'),(27,'Unarmed'),(27,'Utgardloki'),(27,'Vaevictis'),(27,'Vig'),(27,'Witchking'),(27,'Xarnum'),(27,'Zeruhl'),(27,'Zhenkira'),(28,'Alucarrd'),(28,'Ambel'),(28,'Bendeadlong'),(28,'Blangerdon'),(28,'Dalehawkins'),(28,'Desdemonda'),(28,'Endevour'),(28,'Halaster'),(28,'Hilltop'),(28,'Hockee'),(28,'Imprezzed'),(28,'Jelandi'),(28,'Kadelthin'),(28,'Karunaji'),(28,'Kazgra'),(28,'Lifeblood'),(28,'Mackstab'),(28,'Malanari'),(28,'Malignance'),(28,'Mallicia'),(28,'Melisela'),(28,'Mief'),(28,'Mindblade'),(28,'Moofus'),(28,'Mook'),(28,'Moosby'),(28,'Morphcow'),(28,'Narik'),(28,'Naydien'),(28,'Nyuks'),(28,'Overdose'),(28,'Principe'),(28,'Raldin'),(28,'Ronashi'),(28,'Schittle'),(28,'Simodine'),(28,'Sreza'),(28,'Swifteagle'),(28,'Sysskyll'),(28,'Tanz'),(28,'Tulgaat'),(28,'Tzoo'),(28,'Unarmed'),(28,'Utgardloki'),(28,'Vaevictis'),(28,'Vig'),(28,'Witchking'),(28,'Xarnum'),(28,'Zeruhl'),(28,'Zhenkira'),(29,'Alucarrd'),(29,'Ambel'),(29,'Bendeadlong'),(29,'Blangerdon'),(29,'Dalehawkins'),(29,'Desdemonda'),(29,'Endevour'),(29,'Halaster'),(29,'Hilltop'),(29,'Hockee'),(29,'Imprezzed'),(29,'Jelandi'),(29,'Kadelthin'),(29,'Karunaji'),(29,'Kazgra'),(29,'Lifeblood'),(29,'Mackstab'),(29,'Malanari'),(29,'Malignance'),(29,'Mallicia'),(29,'Melisela'),(29,'Mief'),(29,'Mindblade'),(29,'Moofus'),(29,'Mook'),(29,'Moosby'),(29,'Morphcow'),(29,'Narik'),(29,'Naydien'),(29,'Nyuks'),(29,'Overdose'),(29,'Principe'),(29,'Raldin'),(29,'Ronashi'),(29,'Schittle'),(29,'Simodine'),(29,'Sreza'),(29,'Swifteagle'),(29,'Sysskyll'),(29,'Tanz'),(29,'Tulgaat'),(29,'Tzoo'),(29,'Unarmed'),(29,'Utgardloki'),(29,'Vaevictis'),(29,'Vig'),(29,'Witchking'),(29,'Xarnum'),(29,'Zeruhl'),(29,'Zhenkira'),(31,'Alucarrd'),(31,'Aurix'),(31,'Bendeadlong'),(31,'Berthelemy'),(31,'Blangerdon'),(31,'Dalehawkins'),(31,'Desdemonda'),(31,'Endevour'),(31,'Forain'),(31,'Hilltop'),(31,'Hockee'),(31,'Imprezzed'),(31,'Jelandi'),(31,'Karunaji'),(31,'Kazgra'),(31,'Lifeblood'),(31,'Malanari'),(31,'Malcontent'),(31,'Malignance'),(31,'Mallicia'),(31,'Mindblade'),(31,'Moofus'),(31,'Mook'),(31,'Moosby'),(31,'Morphcow'),(31,'Narik'),(31,'Naydien'),(31,'Nyuks'),(31,'Overdose'),(31,'Principe'),(31,'Raldin'),(31,'Simodine'),(31,'Sreza'),(31,'Subflict'),(31,'Sysskyll'),(31,'Tanz'),(31,'Tulgaat'),(31,'Tzoo'),(31,'Unarmed'),(31,'Utgardloki'),(31,'Vig'),(31,'Witchking'),(31,'Xarnum'),(31,'Zhenkira'),(31,'Zonkers'),(30,'Alucarrd'),(30,'Aurix'),(30,'Bendeadlong'),(30,'Berthelemy'),(30,'Blangerdon'),(30,'Dalehawkins'),(30,'Desdemonda'),(30,'Endevour'),(30,'Forain'),(30,'Hilltop'),(30,'Hockee'),(30,'Imprezzed'),(30,'Jelandi'),(30,'Karunaji'),(30,'Kazgra'),(30,'Lifeblood'),(30,'Malanari'),(30,'Malcontent'),(30,'Malignance'),(30,'Mallicia'),(30,'Mindblade'),(30,'Moofus'),(30,'Mook'),(30,'Moosby'),(30,'Morphcow'),(30,'Narik'),(30,'Naydien'),(30,'Nyuks'),(30,'Overdose'),(30,'Principe'),(30,'Raldin'),(30,'Simodine'),(30,'Sreza'),(30,'Subflict'),(30,'Sysskyll'),(30,'Tanz'),(30,'Tulgaat'),(30,'Tzoo'),(30,'Unarmed'),(30,'Utgardloki'),(30,'Vig'),(30,'Witchking'),(30,'Xarnum'),(30,'Zhenkira'),(30,'Zonkers'),(32,'Alucarrd'),(32,'Aurix'),(32,'Bendeadlong'),(32,'Berthelemy'),(32,'Blangerdon'),(32,'Dalehawkins'),(32,'Desdemonda'),(32,'Endevour'),(32,'Forain'),(32,'Hilltop'),(32,'Hockee'),(32,'Imprezzed'),(32,'Jelandi'),(32,'Karunaji'),(32,'Kazgra'),(32,'Lifeblood'),(32,'Malanari'),(32,'Malcontent'),(32,'Malignance'),(32,'Mallicia'),(32,'Mindblade'),(32,'Moofus'),(32,'Mook'),(32,'Moosby'),(32,'Morphcow'),(32,'Narik'),(32,'Naydien'),(32,'Nyuks'),(32,'Overdose'),(32,'Principe'),(32,'Raldin'),(32,'Simodine'),(32,'Sreza'),(32,'Subflict'),(32,'Sysskyll'),(32,'Tanz'),(32,'Tulgaat'),(32,'Tzoo'),(32,'Unarmed'),(32,'Utgardloki'),(32,'Vig'),(32,'Witchking'),(32,'Xarnum'),(32,'Zhenkira'),(32,'Zonkers'),(33,'Alucarrd'),(33,'Aurix'),(33,'Bendeadlong'),(33,'Berthelemy'),(33,'Blangerdon'),(33,'Dalehawkins'),(33,'Desdemonda'),(33,'Endevour'),(33,'Forain'),(33,'Hilltop'),(33,'Hockee'),(33,'Imprezzed'),(33,'Jelandi'),(33,'Karunaji'),(33,'Kazgra'),(33,'Lifeblood'),(33,'Malanari'),(33,'Malcontent'),(33,'Malignance'),(33,'Mallicia'),(33,'Mindblade'),(33,'Moofus'),(33,'Mook'),(33,'Moosby'),(33,'Morphcow'),(33,'Narik'),(33,'Naydien'),(33,'Nyuks'),(33,'Overdose'),(33,'Principe'),(33,'Raldin'),(33,'Simodine'),(33,'Sreza'),(33,'Subflict'),(33,'Sysskyll'),(33,'Tanz'),(33,'Tulgaat'),(33,'Tzoo'),(33,'Unarmed'),(33,'Utgardloki'),(33,'Vig'),(33,'Witchking'),(33,'Xarnum'),(33,'Zhenkira'),(33,'Zonkers');

--
-- Table structure for table `eqdkp_raidbanker_bank`
--

CREATE TABLE `eqdkp_raidbanker_bank` (
  `rb_bank_id` mediumint(8) unsigned NOT NULL auto_increment,
  `rb_char_name` varchar(255) default NULL,
  `rb_item_name` varchar(255) default NULL,
  `rb_item_rarity` mediumint(8) default '0',
  `rb_item_type` varchar(255) default NULL,
  `rb_item_amount` mediumint(8) default '0',
  PRIMARY KEY  (`rb_bank_id`)
) ENGINE=InnoDB DEFAULT CHARSET=latin1;

--
-- Dumping data for table `eqdkp_raidbanker_bank`
--



--
-- Table structure for table `eqdkp_raidbanker_chars`
--

CREATE TABLE `eqdkp_raidbanker_chars` (
  `rb_char_name` varchar(255) default NULL,
  `rb_char_gold` mediumint(8) default '0',
  `rb_char_silver` mediumint(8) default '0',
  `rb_char_copper` mediumint(8) default '0',
  `rb_date` int(11) NOT NULL default '0',
  UNIQUE KEY `rb_char_name` (`rb_char_name`)
) ENGINE=InnoDB DEFAULT CHARSET=latin1;

--
-- Dumping data for table `eqdkp_raidbanker_chars`
--



--
-- Table structure for table `eqdkp_raidplan_classes`
--

CREATE TABLE `eqdkp_raidplan_classes` (
  `event_name` varchar(50) NOT NULL default '',
  `class_name` varchar(50) NOT NULL default '',
  `class_count` smallint(3) NOT NULL default '0'
) ENGINE=InnoDB DEFAULT CHARSET=latin1;

--
-- Dumping data for table `eqdkp_raidplan_classes`
--



--
-- Table structure for table `eqdkp_raidplan_config`
--

CREATE TABLE `eqdkp_raidplan_config` (
  `config_name` varchar(255) NOT NULL default '',
  `config_value` varchar(255) default NULL,
  PRIMARY KEY  (`config_name`)
) ENGINE=InnoDB DEFAULT CHARSET=latin1;

--
-- Dumping data for table `eqdkp_raidplan_config`
--


INSERT INTO `eqdkp_raidplan_config` VALUES ('rp_auto_hash','dgt_is_kewl'),('rp_auto_path','./lua_dl/'),('rp_last_days','7'),('rp_roll_systm','1'),('rp_send_email','0'),('rp_short_rank','1'),('rp_show_ranks','1'),('rp_use_css','1'),('rp_wildcard','1');

--
-- Table structure for table `eqdkp_raidplan_raid_attendees`
--

CREATE TABLE `eqdkp_raidplan_raid_attendees` (
  `raid_id` mediumint(8) unsigned NOT NULL default '0',
  `member_id` mediumint(5) NOT NULL default '0',
  `attendees_subscribed` tinyint(1) NOT NULL default '0',
  `attendees_note` text,
  `attendees_signup_time` int(11) NOT NULL default '0',
  `confirmed` tinyint(1) NOT NULL default '0',
  `attendees_random` mediumint(4) NOT NULL default '0',
  KEY `raid_id` (`raid_id`),
  KEY `member_name` (`member_id`)
) ENGINE=InnoDB DEFAULT CHARSET=latin1;

--
-- Dumping data for table `eqdkp_raidplan_raid_attendees`
--



--
-- Table structure for table `eqdkp_raidplan_raid_classes`
--

CREATE TABLE `eqdkp_raidplan_raid_classes` (
  `raid_id` mediumint(8) unsigned NOT NULL default '0',
  `class_name` varchar(50) default NULL,
  `class_count` smallint(3) unsigned NOT NULL default '0',
  KEY `raid_id` (`raid_id`)
) ENGINE=InnoDB DEFAULT CHARSET=latin1;

--
-- Dumping data for table `eqdkp_raidplan_raid_classes`
--



--
-- Table structure for table `eqdkp_raidplan_raids`
--

CREATE TABLE `eqdkp_raidplan_raids` (
  `raid_id` mediumint(8) unsigned NOT NULL auto_increment,
  `raid_name` varchar(255) default NULL,
  `raid_date` int(11) NOT NULL default '0',
  `raid_date_invite` int(11) NOT NULL default '0',
  `raid_date_subscription` int(11) NOT NULL default '0',
  `raid_note` text,
  `raid_value` float(6,2) default NULL,
  `raid_attendees` mediumint(8) NOT NULL default '0',
  `raid_added_by` varchar(30) NOT NULL default '',
  `raid_updated_by` varchar(30) default NULL,
  PRIMARY KEY  (`raid_id`)
) ENGINE=InnoDB DEFAULT CHARSET=latin1;

--
-- Dumping data for table `eqdkp_raidplan_raids`
--



--
-- Table structure for table `eqdkp_raidplan_wildcards`
--

CREATE TABLE `eqdkp_raidplan_wildcards` (
  `user_name` varchar(25) default NULL,
  `wildcard` tinyint(1) NOT NULL default '0',
  KEY `user_name` (`user_name`)
) ENGINE=InnoDB DEFAULT CHARSET=latin1;

--
-- Dumping data for table `eqdkp_raidplan_wildcards`
--



--
-- Table structure for table `eqdkp_raids`
--

CREATE TABLE `eqdkp_raids` (
  `raid_id` mediumint(8) unsigned NOT NULL auto_increment,
  `raid_name` varchar(255) default NULL,
  `raid_date` int(11) NOT NULL default '0',
  `raid_note` varchar(255) default NULL,
  `raid_value` float(6,2) NOT NULL default '0.00',
  `raid_added_by` varchar(30) NOT NULL,
  `raid_updated_by` varchar(30) default NULL,
  PRIMARY KEY  (`raid_id`)
) ENGINE=InnoDB DEFAULT CHARSET=latin1;

--
-- Dumping data for table `eqdkp_raids`
--


INSERT INTO `eqdkp_raids` VALUES (1,'Ahn Qiraj',1157937248,'Raid Attendance 7:00-8:00',1.00,'RaidTracker (by gsc)','gsc'),(2,'Ahn Qiraj',1157941178,'Raid Attendance 8:00-9:00',1.00,'RaidTracker (by gsc)','gsc'),(3,'Ahn Qiraj',1157946572,'Raid Attendance 9:00-10:00',1.00,'RaidTracker (by gsc)','gsc'),(4,'Ahn Qiraj',1157949670,'Raid Attendance 10:00-11:00',1.00,'gsc','gsc'),(5,'Ahn Qiraj',1158022296,'Raid Attendance 7:00-8:00',1.00,'RaidTracker (by gsc)','gsc'),(6,'Ahn Qiraj',1158026822,'Raid Attendance 8:00-9:00',1.00,'RaidTracker (by gsc)','gsc'),(7,'Ahn Qiraj',1158030722,'Raid Attendance 9:00-10:00',1.00,'RaidTracker (by gsc)','gsc'),(8,'Ahn Qiraj',1158033988,'Raid Attendance 10:00-11:00',1.00,'RaidTracker (by gsc)','gsc'),(9,'Blackwing Lair',1158112421,'Raid Attendance 7:00-8:00',1.00,'RaidTracker (by gsc)','gsc'),(10,'Blackwing Lair',1158112421,'Raid Attendance 8:00-9:00',1.00,'RaidTracker (by gsc)','gsc'),(11,'Blackwing Lair',1158117219,'Raid Attendance 9:00-10:00',1.00,'RaidTracker (by gsc)','gsc'),(12,'Blackwing Lair',1158119520,'Raid Attendance 10:00-11:00',1.00,'RaidTracker (by gsc)','gsc'),(13,'Blackwing Lair',1158195661,'Raid Attendance 7:00-8:00',1.00,'RaidTracker (by gsc)','gsc'),(14,'Blackwing Lair',1158203308,'Raid Attendance 8:00-9:00',1.00,'RaidTracker (by gsc)','gsc'),(15,'Blackwing Lair',1158203308,'Raid Attendance 9:00-10:00',1.00,'RaidTracker (by gsc)','gsc'),(16,'Blackwing Lair',1158203308,'Raid Attendance 10:00-11:00',1.00,'RaidTracker (by gsc)','gsc'),(17,'Ahn Qiraj',1158541200,'Raid Attendance 6:00-7:00',1.00,'gsc','gsc'),(18,'Ahn Qiraj',1158544800,'Raid Attendance 7:00-8:00',1.00,'gsc','gsc'),(19,'Ahn Qiraj',1158548400,'Raid Attendance 8:00-9:00',1.00,'gsc','gsc'),(20,'Ahn Qiraj',1158552000,'Raid Attendance 9:00-10:00',1.00,'gsc','gsc'),(21,'Ahn Qiraj',1158555600,'Raid Attendance 10:00-11:00',1.00,'gsc','gsc'),(22,'Onyxia',1158627600,'Raid Attendance 7:00-8:00',1.00,'gsc','gsc'),(23,'Ahn Qiraj',1158631200,'Raid Attendance 8:00-9:00',1.00,'gsc','gsc'),(24,'Ahn Qiraj',1158631200,'Raid Attendance 9:00-10:00',1.00,'gsc',NULL),(25,'Ahn Qiraj',1158634800,'Raid Attendance 10:00-11:00',1.00,'gsc',NULL),(26,'Blackwing Lair',1158717600,'Raid Attendance 7:00-8:00',1.00,'gsc',NULL),(27,'Blackwing Lair',1158721200,'Raid Attendance 8:00-9:00',1.00,'gsc',NULL),(28,'Blackwing Lair',1158724800,'Raid Attendance 9:00-10:00',1.00,'gsc',NULL),(29,'Blackwing Lair',1158728400,'Raid Attendance 10:00-11:00',1.00,'gsc',NULL),(30,'Blackwing Lair',1158800400,'Raid Attendance 7:00-8:00',1.00,'gsc','gsc'),(31,'Blackwing Lair',1158807600,'Raid Attendance 8:00-9:00',1.00,'gsc',NULL),(32,'Ahn Qiraj',1158811200,'Raid Attendance 9:00-10:00',1.00,'gsc',NULL),(33,'Ahn Qiraj',1158814800,'Raid Attendance 10:00-11:00',1.00,'gsc',NULL);

--
-- Table structure for table `eqdkp_sessions`
--

CREATE TABLE `eqdkp_sessions` (
  `session_id` varchar(32) NOT NULL,
  `session_user_id` smallint(5) NOT NULL default '-1',
  `session_last_visit` int(11) NOT NULL default '0',
  `session_start` int(11) NOT NULL,
  `session_current` int(11) NOT NULL,
  `session_page` varchar(100) NOT NULL default '0',
  `session_ip` varchar(15) NOT NULL,
  PRIMARY KEY  (`session_id`),
  KEY `session_current` (`session_current`)
) ENGINE=InnoDB DEFAULT CHARSET=latin1;

--
-- Dumping data for table `eqdkp_sessions`
--


INSERT INTO `eqdkp_sessions` VALUES ('2d9010aa04634b28cd1adfe4582a5270',-1,1163236119,1163236119,1163236119,'listmembers&o=4.0&filter=none','71.218.27.18');

--
-- Table structure for table `eqdkp_style_config`
--

CREATE TABLE `eqdkp_style_config` (
  `style_id` smallint(5) unsigned NOT NULL,
  `attendees_columns` enum('1','2','3','4','5','6','7','8','9','10') NOT NULL default '6',
  `date_notime_long` varchar(10) NOT NULL default 'F j, Y',
  `date_notime_short` varchar(10) NOT NULL default 'm/d/y',
  `date_time` varchar(20) NOT NULL default 'm/d/y h:ia T',
  `logo_path` varchar(255) NOT NULL default 'logo.gif',
  PRIMARY KEY  (`style_id`)
) ENGINE=InnoDB DEFAULT CHARSET=latin1;

--
-- Dumping data for table `eqdkp_style_config`
--


INSERT INTO `eqdkp_style_config` VALUES (1,'6','F j, Y','m/d/y','m/d/y h:ia T','logo.gif'),(2,'4','F j, Y','m/d/y','m/d/y h:ia T','old_school_logo.gif'),(3,'6','F j, Y','m/d/y','m/d/y h:ia T','vb_logo.gif'),(4,'6','F j, Y','m/d/y','m/d/y h:ia T','blueish_logo.gif'),(5,'6','F j, Y','m/d/y','m/d/y h:ia T','items_logo.gif'),(6,'6','F j, Y','m/d/y','m/d/y h:ia T','aallix_logo.gif'),(7,'6','F j, Y','m/d/y','m/d/y h:ia T','penguin_logo.gif'),(8,'6','F j, Y','m/d/y','m/d/y h:ia T','collab_logo.gif'),(9,'6','F j, Y','m/d/y','m/d/y h:ia T','invision_logo.gif'),(10,'8','F j, Y','m/d/y','m/d/y h:ia T','dkpua_logo.gif'),(11,'8','F j, Y','m/d/y','m/d/y h:ia T','subsilver_logo.gif'),(12,'8','F j, Y','m/d/y','m/d/y h:ia T','logo.gif'),(13,'8','F j, Y','m/d/y','m/d/y h:ia T','logo.gif'),(14,'4','F j, Y','m/d/y','m/d/y h:ia T','logo.gif'),(15,'6','F j, Y','m/d/y','m/d/y h:ia T','/logo/wow_logo.gif'),(16,'4','F j, Y','m/d/y','m/d/y h:ia T','logo.gif');

--
-- Table structure for table `eqdkp_styles`
--

CREATE TABLE `eqdkp_styles` (
  `style_id` smallint(5) unsigned NOT NULL auto_increment,
  `style_name` varchar(100) NOT NULL default '',
  `template_path` varchar(30) NOT NULL default 'default',
  `body_background` varchar(6) default NULL,
  `body_link` varchar(6) default NULL,
  `body_link_style` varchar(30) default NULL,
  `body_hlink` varchar(6) default NULL,
  `body_hlink_style` varchar(30) default NULL,
  `header_link` varchar(6) default NULL,
  `header_link_style` varchar(30) default NULL,
  `header_hlink` varchar(6) default NULL,
  `header_hlink_style` varchar(30) default NULL,
  `tr_color1` varchar(6) default NULL,
  `tr_color2` varchar(6) default NULL,
  `th_color1` varchar(6) default NULL,
  `fontface1` varchar(60) default NULL,
  `fontface2` varchar(60) default NULL,
  `fontface3` varchar(60) default NULL,
  `fontsize1` tinyint(4) default NULL,
  `fontsize2` tinyint(4) default NULL,
  `fontsize3` tinyint(4) default NULL,
  `fontcolor1` varchar(6) default NULL,
  `fontcolor2` varchar(6) default NULL,
  `fontcolor3` varchar(6) default NULL,
  `fontcolor_neg` varchar(6) default NULL,
  `fontcolor_pos` varchar(6) default NULL,
  `table_border_width` tinyint(3) default NULL,
  `table_border_color` varchar(6) default NULL,
  `table_border_style` varchar(30) default NULL,
  `input_color` varchar(6) default NULL,
  `input_border_width` tinyint(3) default NULL,
  `input_border_color` varchar(6) default NULL,
  `input_border_style` varchar(30) default NULL,
  PRIMARY KEY  (`style_id`)
) ENGINE=InnoDB DEFAULT CHARSET=latin1;

--
-- Dumping data for table `eqdkp_styles`
--


INSERT INTO `eqdkp_styles` VALUES (1,'Default','default','212042','31308C','underline','000084','underline','CECFEF','underline','E6E6F5','underline','EFEFEF','FFFFFF','424563','Verdana, Tahoma, Arial','Verdana, Tahoma, Arial','Verdana, Tahoma, Arial',10,11,12,'000000','CECFEF','000000','F80000','008800',1,'7B819A','solid','FFFFFF',1,'000000','solid'),(2,'Old School','default','FFFFFF','000000','underline','000000','underline','000000','underline','000000','underline','BCBFCB','D3D7DE','7B819A','Verdana, Tahoma, Arial','Verdana, Tahoma, Arial','Verdana, Tahoma, Arial',10,11,12,'000000','000000','000000','F80000','008800',0,'000000','solid','FFFFFF',1,'000000','solid'),(3,'EQdkp VB','default','8080A6','000000','underline','FB4400','underline','FFF788','none','FFF788','underline','F1F1F1','DFDFDF','606096','Verdana, Tahoma, Arial','Verdana, Tahoma, Arial','Verdana, Tahoma, Arial',10,11,12,'000000','000000','000000','F80000','008800',0,'000000','none','FFFFFF',1,'000000','solid'),(4,'Blueish','default','939EAF','586273','underline','FFF9F3','underline','FFFFFF','none','FFFFFF','none','D6DAE6','BFC5D3','828FA2','Verdana, Tahoma, Arial','Verdana, Tahoma, Arial','Verdana, Tahoma, Arial',10,11,12,'000000','FFFFFF','FFFFFF','F80000','008800',1,'455164','solid','727E93',1,'FFFFFF','solid'),(5,'EQdkp Items','default','FFFFFF','2F415D','underline','E98219','underline','FFFFFF','underline','E98219','underline','F1F1F3','E3E4E8','263B58','Verdana, Tahoma, Arial','Verdana, Tahoma, Arial','Verdana, Tahoma, Arial',10,11,12,'000000','000000','000000','F80000','008800',1,'1D2846','solid','FFFFFF',1,'000000','solid'),(6,'aallix Silver','default','FFFFFF','555555','none','EC8500','underline','555555','none','EC8500','underline','F2F2F2','FAFAFA','E0E0E0','Verdana, Tahoma, Arial','Verdana, Tahoma, Arial','Verdana, Tahoma, Arial',10,11,12,'000000','000000','000000','F80000','008800',1,'999999','solid','D1D1D1',1,'000000','solid'),(7,'Penguin','default','FFFFFF','000000','underline','000000','underline','000000','underline','000000','underline','EEEEEE','FFFFFF','FFCC00','Verdana, Tahoma, Arial','Verdana, Tahoma, Arial','Verdana, Tahoma, Arial',10,11,12,'000000','000000','000000','F80000','008800',1,'FFCC00','solid','FFFFFF',1,'000000','solid'),(8,'Collab','default','FFFFFF','354A55','underline','5B7F93','underline','5B7F93','underline','354A55','underline','F5F5F5','DEE7EB','C4D3DB','Verdana, Tahoma, Arial','Verdana, Tahoma, Arial','Verdana, Tahoma, Arial',10,11,12,'000000','000000','000000','F80000','008800',1,'999999','solid','FFFFFF',1,'000000','solid'),(9,'EQdkp Invision','default','FFFFFF','000000','underline','465584','underline','3A4F6C','none','3A4F6C','underline','E4EAF2','DFE6EF','BCD0ED','Verdana, Tahoma, Arial','Verdana, Tahoma, Arial','Verdana, Tahoma, Arial',10,11,12,'000000','000000','000000','F80000','008800',1,'345487','solid','FFFFFF',1,'000000','solid'),(10,'dkpUA','default','253546','C6C6C6','underline','576695','underline','C6C6C6','none','C6C6C6','underline','39495A','283846','1F2F3D','Verdana','Verdana','Verdana',10,11,12,'C6C6C6','C6C6C6','000000','FF0000','00C000',1,'60707E','solid','FFFFFF',1,'60707E','solid'),(11,'subSilver','default','FFFFFF','006699','underline','DD6900','underline','FFA34F','none','FFA34F','underline','DEE3E7','EFEFEF','1073A5','Verdana, Arial','Verdana, Arial','Verdana, Arial',10,11,12,'000000','000000','000000','F80000','008800',1,'006699','solid','FFFFFF',1,'000000','solid'),(12,'EQdkp VB2','default','FFFFFF','000000','underline','FF4400','underline','FFF788','none','FFF788','underline','F1F1F1','DFDFDF','8080A6','Verdana, Arial','Verdana, Arial','Verdana, Arial',10,11,12,'000000','000000','000000','F80000','008800',1,'555576','solid','FFFFFF',1,'000000','solid'),(13,'EQCPS','default','7B7984','151F41','underline','800000','underline','FFFFFF','none','FFFFFF','none','CECBCE','BDBABD','424952','Verdana, Arial','Verdana, Arial','Verdana, Arial',10,11,12,'000000','000000','000000','800000','008000',1,'000000','solid','C0C0C0',1,'000000','solid'),(14,'SubBlack_classIcons','subblack','000000','CC9900','none','FFFFCC','none','CC9900','none','FFFFCC','none','000000','212121','252425','Verdana, Arial','Verdana, Arial','Verdana, Arial',10,11,12,'FFFFCC','CC9900','FFFFCC','FF0000','00FF00',2,'212121','solid','000000',2,'212121','solid'),(15,'wow_style','wow_style','000000','003366','underline','C60000','underline','003366','underline','C60000','underline','F2F2F2','FAFAFA','','Verdana, Tahoma, Arial','Verdana, Tahoma, Arial','Verdana, Tahoma, Arial',10,11,12,'003366','CBA300','003366','F80000','008800',1,'000000','solid','D1D1D1',1,'000000','solid'),(16,'SubBlack','default','000000','CC9900','none','FFFFCC','none','CC9900','none','FFFFCC','none','000000','212121','252425','Verdana, Arial','Verdana, Arial','Verdana, Arial',10,11,12,'FFFFCC','CC9900','FFFFCC','FF0000','00FF00',2,'212121','solid','000000',2,'212121','solid');

--
-- Table structure for table `eqdkp_users`
--

CREATE TABLE `eqdkp_users` (
  `user_id` smallint(5) unsigned NOT NULL auto_increment,
  `username` varchar(30) NOT NULL,
  `user_password` varchar(32) NOT NULL,
  `user_email` varchar(100) default NULL,
  `user_alimit` smallint(4) NOT NULL default '100',
  `user_elimit` smallint(4) NOT NULL default '100',
  `user_ilimit` smallint(4) NOT NULL default '100',
  `user_nlimit` smallint(2) NOT NULL default '10',
  `user_rlimit` smallint(4) NOT NULL default '100',
  `user_style` tinyint(4) default NULL,
  `user_lang` varchar(255) default NULL,
  `user_key` varchar(32) default NULL,
  `user_lastvisit` int(11) NOT NULL default '0',
  `user_lastpage` varchar(100) default '',
  `user_active` enum('0','1') NOT NULL default '1',
  `user_newpassword` varchar(32) default NULL,
  PRIMARY KEY  (`user_id`),
  UNIQUE KEY `username` (`username`)
) ENGINE=InnoDB DEFAULT CHARSET=latin1;

--
-- Dumping data for table `eqdkp_users`
--


INSERT INTO `eqdkp_users` VALUES (1,'gsc','0bff5ddf57d254251830f934844b9cfb','jpwalch@charter.net',100,100,100,10,100,6,'english',NULL,1159228476,'addraid','1',NULL),(2,'Jelandi','93a04b066fd81a1017825f2dcda313b2','cheesehead183@yahoo.com',100,100,100,10,100,6,'english','',1159033180,'listmembers','1',NULL),(3,'Fallyn','3079dac2bda618663a3d9249a4042f48','Goldbuying@hotmail.com',100,100,100,10,100,16,'english','1deb85d',1160089722,'','',NULL),(4,'Yuzuu','294149e9cee8b8f4a124d5e6bd7b544b','tunitt0633@gmail.com',100,100,100,10,100,6,'english','',1162855611,'viewnews','1',NULL),(5,'Emorgangus','380f07f817788b782d703888c70b16fa','taglass@gmail.com',100,100,100,10,100,6,'english','',1163039908,'/f/listmembers.php','1',NULL);


