INSERT INTO `eqdkp_logs` (`log_id`, `log_date`, `log_type`, `log_action`, `log_ipaddress`, `log_sid`, `log_result`, `admin_id`) VALUES
(701, 1201319265, '{L_ACTION_RAID_UPDATED}', '$log_action = array(''header'' => ''{L_ACTION_RAID_UPDATED}'',''id'' => ''75'',''{L_EVENT_BEFORE}'' => ''Serpentshrine Cavern'',''{L_ATTENDEES_BEFORE}'' => ''Apoco, Ciara, Ffolg, Geland, Guln, Karasola, Lyaera, Maron, Meinaria, Namdaed, Norak, Onokoko, Piter, Raisis, Rajaat, Rallie, Rhanjah, Rijda, Serfie, Sethon, Shinzarr, Snowthine, Waka, Wyrmtongue, Zetolious'',''{L_NOTE_BEFORE}'' => ''Hydross'',''{L_VALUE_BEFORE}'' => ''0.00'',''{L_EVENT_AFTER}'' => ''Serpentshrine Cavern'',''{L_ATTENDEES_AFTER}'' => ''Apoco, Ciara, Ffolg, Geland, Guln, Karasola, Lyaera, Maron, Meinaria, Namdaed, Norak, Onokoko, Piter, Raisis, Rajaat, Rallie, Rhanjah, Rijda, Serfie, Sethon, Shinzarr, Snowthine, Waka, Wyrmtongue, Zetolious'',''{L_NOTE_AFTER}'' => ''Hydross'',''{L_VALUE_AFTER}'' => ''<span class=\\"negative\\">8.00</span>'',''{L_UPDATED_BY}'' => ''Ciara'');', '72.187.56.114', 'a258b8485436fb86bd836c10a7cb0e32', '{L_SUCCESS}', 1),
(702, 1201319283, '{L_ACTION_RAID_UPDATED}', '$log_action = array(''header'' => ''{L_ACTION_RAID_UPDATED}'',''id'' => ''76'',''{L_EVENT_BEFORE}'' => ''Serpentshrine Cavern'',''{L_ATTENDEES_BEFORE}'' => ''Apoco, Ciara, Ffolg, Geland, Guln, Karasola, Lyaera, Maron, Meinaria, Namdaed, Norak, Onokoko, Piter, Raisis, Rajaat, Rallie, Rhanjah, Rijda, Serfie, Sethon, Shinzarr, Snowthine, Waka, Wyrmtongue, Zetolious'',''{L_NOTE_BEFORE}'' => ''The Lurker Below'',''{L_VALUE_BEFORE}'' => ''0.00'',''{L_EVENT_AFTER}'' => ''Serpentshrine Cavern'',''{L_ATTENDEES_AFTER}'' => ''Apoco, Ciara, Ffolg, Geland, Guln, Karasola, Lyaera, Maron, Meinaria, Namdaed, Norak, Onokoko, Piter, Raisis, Rajaat, Rallie, Rhanjah, Rijda, Serfie, Sethon, Shinzarr, Snowthine, Waka, Wyrmtongue, Zetolious'',''{L_NOTE_AFTER}'' => ''The Lurker Below'',''{L_VALUE_AFTER}'' => ''0.00'',''{L_UPDATED_BY}'' => ''Ciara'');', '72.187.56.114', 'a258b8485436fb86bd836c10a7cb0e32', '{L_SUCCESS}', 1),
(703, 1201319304, '{L_ACTION_ITEM_ADDED}', '$log_action = array(''header'' => ''{L_ACTION_ITEM_ADDED}'',''{L_NAME}'' => ''Grove-Bands of Remulos'',''{L_BUYERS}'' => ''Sethon'',''{L_RAID_ID}'' => ''76'',''{L_VALUE}'' => ''75.00'',''{L_ADDED_BY}'' => ''Ciara'');', '72.187.56.114', 'a258b8485436fb86bd836c10a7cb0e32', '{L_SUCCESS}', 1),
(704, 1201319334, '{L_ACTION_ITEM_ADDED}', '$log_action = array(''header'' => ''{L_ACTION_ITEM_ADDED}'',''{L_NAME}'' => ''Earring of Soulful Meditation'',''{L_BUYERS}'' => ''Rallie'',''{L_RAID_ID}'' => ''76'',''{L_VALUE}'' => ''50.00'',''{L_ADDED_BY}'' => ''Ciara'');', '72.187.56.114', 'a258b8485436fb86bd836c10a7cb0e32', '{L_SUCCESS}', 1),
(705, 1201319352, '{L_ACTION_RAID_UPDATED}', '$log_action = array(''header'' => ''{L_ACTION_RAID_UPDATED}'',''id'' => ''76'',''{L_EVENT_BEFORE}'' => ''Serpentshrine Cavern'',''{L_ATTENDEES_BEFORE}'' => ''Apoco, Ciara, Ffolg, Geland, Guln, Karasola, Lyaera, Maron, Meinaria, Namdaed, Norak, Onokoko, Piter, Raisis, Rajaat, Rallie, Rhanjah, Rijda, Serfie, Sethon, Shinzarr, Snowthine, Waka, Wyrmtongue, Zetolious'',''{L_NOTE_BEFORE}'' => ''The Lurker Below'',''{L_VALUE_BEFORE}'' => ''0.00'',''{L_EVENT_AFTER}'' => ''Serpentshrine Cavern'',''{L_ATTENDEES_AFTER}'' => ''Apoco, Ciara, Ffolg, Geland, Guln, Karasola, Lyaera, Maron, Meinaria, Namdaed, Norak, Onokoko, Piter, Raisis, Rajaat, Rallie, Rhanjah, Rijda, Serfie, Sethon, Shinzarr, Snowthine, Waka, Wyrmtongue, Zetolious'',''{L_NOTE_AFTER}'' => ''The Lurker Below'',''{L_VALUE_AFTER}'' => ''<span class=\\"negative\\">5.00</span>'',''{L_UPDATED_BY}'' => ''Ciara'');', '72.187.56.114', 'a258b8485436fb86bd836c10a7cb0e32', '{L_SUCCESS}', 1),
(706, 1201322983, '{L_ACTION_RAID_ADDED}', '$log_action = array(''header'' => ''{L_ACTION_RAID_ADDED}'',''id'' => ''77'',''{L_EVENT}'' => ''Serpentshrine Cavern'',''{L_ATTENDEES}'' => ''Apoco, Ciara, Ffolg, Geland, Guln, Kandern, Karasola, Lyaera, Maron, Meinaria, Namdaed, Norak, Onokoko, Piter, Raisis, Rajaat, Rallie, Rhanjah, Rijda, Serfie, Sethon, Shinzarr, Snowthine, Waka, Wyrmtongue, Zetolious'',''{L_NOTE}'' => ''Morogrim Tidewalker'',''{L_VALUE}'' => ''2'',''{L_ADDED_BY}'' => ''Ciara'');', '72.187.56.114', 'a258b8485436fb86bd836c10a7cb0e32', '{L_SUCCESS}', 1),
(707, 1201323033, '{L_ACTION_ITEM_ADDED}', '$log_action = array(''header'' => ''{L_ACTION_ITEM_ADDED}'',''{L_NAME}'' => ''Band of the Vigilant'',''{L_BUYERS}'' => ''Sethon'',''{L_RAID_ID}'' => ''77'',''{L_VALUE}'' => ''50.00'',''{L_ADDED_BY}'' => ''Ciara'');', '72.187.56.114', 'a258b8485436fb86bd836c10a7cb0e32', '{L_SUCCESS}', 1),
(708, 1201323115, '{L_ACTION_RAID_UPDATED}', '$log_action = array(''header'' => ''{L_ACTION_RAID_UPDATED}'',''id'' => ''76'',''{L_EVENT_BEFORE}'' => ''Serpentshrine Cavern'',''{L_ATTENDEES_BEFORE}'' => ''Apoco, Ciara, Ffolg, Geland, Guln, Karasola, Lyaera, Maron, Meinaria, Namdaed, Norak, Onokoko, Piter, Raisis, Rajaat, Rallie, Rhanjah, Rijda, Serfie, Sethon, Shinzarr, Snowthine, Waka, Wyrmtongue, Zetolious'',''{L_NOTE_BEFORE}'' => ''The Lurker Below'',''{L_VALUE_BEFORE}'' => ''5.00'',''{L_EVENT_AFTER}'' => ''Serpentshrine Cavern'',''{L_ATTENDEES_AFTER}'' => ''Apoco, Ciara, Ffolg, Geland, Guln, <span class=\\"negative\\">Kandern</span>, Karasola, Lyaera, Maron, Meinaria, Namdaed, Norak, Onokoko, Piter, Raisis, Rajaat, Rallie, Rhanjah, Rijda, Serfie, Sethon, Shinzarr, Snowthine, Waka, Wyrmtongue, Zetolious'',''{L_NOTE_AFTER}'' => ''The Lurker Below'',''{L_VALUE_AFTER}'' => ''5.00'',''{L_UPDATED_BY}'' => ''Ciara'');', '72.187.56.114', 'a258b8485436fb86bd836c10a7cb0e32', '{L_SUCCESS}', 1),
(709, 1201323164, '{L_ACTION_RAID_UPDATED}', '$log_action = array(''header'' => ''{L_ACTION_RAID_UPDATED}'',''id'' => ''75'',''{L_EVENT_BEFORE}'' => ''Serpentshrine Cavern'',''{L_ATTENDEES_BEFORE}'' => ''Apoco, Ciara, Ffolg, Geland, Guln, Karasola, Lyaera, Maron, Meinaria, Namdaed, Norak, Onokoko, Piter, Raisis, Rajaat, Rallie, Rhanjah, Rijda, Serfie, Sethon, Shinzarr, Snowthine, Waka, Wyrmtongue, Zetolious'',''{L_NOTE_BEFORE}'' => ''Hydross'',''{L_VALUE_BEFORE}'' => ''8.00'',''{L_EVENT_AFTER}'' => ''Serpentshrine Cavern'',''{L_ATTENDEES_AFTER}'' => ''Apoco, Ciara, Ffolg, Geland, Guln, <span class=\\"negative\\">Kandern</span>, Karasola, Lyaera, Maron, Meinaria, Namdaed, Norak, Onokoko, Piter, Raisis, Rajaat, Rallie, Rhanjah, Rijda, Serfie, Sethon, Shinzarr, Snowthine, Waka, Wyrmtongue, Zetolious'',''{L_NOTE_AFTER}'' => ''Hydross'',''{L_VALUE_AFTER}'' => ''8.00'',''{L_UPDATED_BY}'' => ''Ciara'');', '72.187.56.114', 'a258b8485436fb86bd836c10a7cb0e32', '{L_SUCCESS}', 1),
(710, 1201325313, '{L_ACTION_RAID_ADDED}', '$log_action = array(''header'' => ''{L_ACTION_RAID_ADDED}'',''id'' => ''78'',''{L_EVENT}'' => ''Serpentshrine Cavern'',''{L_ATTENDEES}'' => ''Apoco, Ciara, Ffolg, Geland, Guln, Karasola, Lyaera, Maron, Meinaria, Namdaed, Norak, Onokoko, Piter, Raisis, Rajaat, Rallie, Rhanjah, Rijda, Serfie, Sethon, Shinzarr, Snowthine, Waka, Wyrmtongue, Zetolious'',''{L_NOTE}'' => ''Fathon Lord Karathress'',''{L_VALUE}'' => ''0.00'',''{L_ADDED_BY}'' => ''Ciara'');', '72.187.56.114', 'a258b8485436fb86bd836c10a7cb0e32', '{L_SUCCESS}', 1),
(711, 1201325334, '{L_ACTION_ITEM_ADDED}', '$log_action = array(''header'' => ''{L_ACTION_ITEM_ADDED}'',''{L_NAME}'' => ''Leggings of the Vanquished Champion'',''{L_BUYERS}'' => ''Ciara'',''{L_RAID_ID}'' => ''78'',''{L_VALUE}'' => ''100.00'',''{L_ADDED_BY}'' => ''Ciara'');', '72.187.56.114', 'a258b8485436fb86bd836c10a7cb0e32', '{L_SUCCESS}', 1),
(712, 1201325353, '{L_ACTION_ITEM_ADDED}', '$log_action = array(''header'' => ''{L_ACTION_ITEM_ADDED}'',''{L_NAME}'' => ''Leggings of the Vanquished Hero'',''{L_BUYERS}'' => ''Apoco'',''{L_RAID_ID}'' => ''78'',''{L_VALUE}'' => ''100.00'',''{L_ADDED_BY}'' => ''Ciara'');', '72.187.56.114', 'a258b8485436fb86bd836c10a7cb0e32', '{L_SUCCESS}', 1),
(713, 1201325428, '{L_ACTION_ITEM_ADDED}', '$log_action = array(''header'' => ''{L_ACTION_ITEM_ADDED}'',''{L_NAME}'' => ''Bloodsea Brigand\\''s Vest'',''{L_BUYERS}'' => ''Maron'',''{L_RAID_ID}'' => ''78'',''{L_VALUE}'' => ''100.00'',''{L_ADDED_BY}'' => ''Ciara'');', '72.187.56.114', 'a258b8485436fb86bd836c10a7cb0e32', '{L_SUCCESS}', 1),
(714, 1201325522, '{L_ACTION_RAID_UPDATED}', '$log_action = array(''header'' => ''{L_ACTION_RAID_UPDATED}'',''id'' => ''78'',''{L_EVENT_BEFORE}'' => ''Serpentshrine Cavern'',''{L_ATTENDEES_BEFORE}'' => ''Apoco, Ciara, Ffolg, Geland, Guln, Karasola, Lyaera, Maron, Meinaria, Namdaed, Norak, Onokoko, Piter, Raisis, Rajaat, Rallie, Rhanjah, Rijda, Serfie, Sethon, Shinzarr, Snowthine, Waka, Wyrmtongue, Zetolious'',''{L_NOTE_BEFORE}'' => ''Fathon Lord Karathress'',''{L_VALUE_BEFORE}'' => ''0.00'',''{L_EVENT_AFTER}'' => ''Serpentshrine Cavern'',''{L_ATTENDEES_AFTER}'' => ''Apoco, <span class=\\"negative\\">Bloke</span>, Ciara, Ffolg, Geland, Guln, <span class=\\"negative\\">Kandern</span>, Karasola, <span class=\\"negative\\">Kasr</span>, Lyaera, Maron, Meinaria, Namdaed, Norak, Onokoko, Piter, Raisis, Rajaat, Rallie, Rhanjah, Rijda, Serfie, Sethon, Shinzarr, <span class=\\"negative\\">Sluki</span>, Snowthine, Waka, Wyrmtongue, Zetolious'',''{L_NOTE_AFTER}'' => ''Fathon Lord Karathress'',''{L_VALUE_AFTER}'' => ''<span class=\\"negative\\">12.00</span>'',''{L_UPDATED_BY}'' => ''Ciara'');', '72.187.56.114', 'a258b8485436fb86bd836c10a7cb0e32', '{L_SUCCESS}', 1),
(715, 1201325583, '{L_ACTION_MEMBER_UPDATED}', '$log_action = array(''header'' => ''{L_ACTION_MEMBER_UPDATED}'',''{L_NAME_BEFORE}'' => ''Kasr'',''{L_EARNED_BEFORE}'' => ''36.00'',''{L_SPENT_BEFORE}'' => ''0.00'',''{L_ADJUSTMENT_BEFORE}'' => ''0.00'',''{L_LEVEL_BEFORE}'' => ''70'',''{L_RACE_BEFORE}'' => ''7'',''{L_CLASS_BEFORE}'' => ''12'',''{L_NAME_AFTER}'' => ''<span class=\\"negative\\">Kasir</span>'',''{L_EARNED_AFTER}'' => ''36.00'',''{L_SPENT_AFTER}'' => ''0.00'',''{L_ADJUSTMENT_AFTER}'' => ''0.00'',''{L_LEVEL_AFTER}'' => ''70'',''{L_RACE_AFTER}'' => ''7'',''{L_CLASS_AFTER}'' => ''12'',''{L_UPDATED_BY}'' => ''Ciara'');', '72.187.56.114', 'a258b8485436fb86bd836c10a7cb0e32', '{L_SUCCESS}', 1),
(716, 1201328075, '{L_ACTION_RAID_ADDED}', '$log_action = array(''header'' => ''{L_ACTION_RAID_ADDED}'',''id'' => ''79'',''{L_EVENT}'' => ''Serpentshrine Cavern'',''{L_ATTENDEES}'' => ''Apoco, Bloke, Ciara, Ffolg, Geland, Guln, Kandern, Karasola, Kasir, Lyaera, Maron, Meinaria, Namdaed, Norak, Onokoko, Piter, Raisis, Rajaat, Rallie, Rhanjah, Rijda, Serfie, Sethon, Shinzarr, Sluki, Snowthine, Waka, Wyrmtongue, Zetolious'',''{L_NOTE}'' => ''Leo'',''{L_VALUE}'' => ''0.00'',''{L_ADDED_BY}'' => ''Ciara'');', '72.187.56.114', 'a258b8485436fb86bd836c10a7cb0e32', '{L_SUCCESS}', 1),
(717, 1201328086, '{L_ACTION_ITEM_ADDED}', '$log_action = array(''header'' => ''{L_ACTION_ITEM_ADDED}'',''{L_NAME}'' => ''Leggings of the Vanquished Champion'',''{L_BUYERS}'' => ''Ciara'',''{L_RAID_ID}'' => ''79'',''{L_VALUE}'' => ''100.00'',''{L_ADDED_BY}'' => ''Ciara'');', '72.187.56.114', 'a258b8485436fb86bd836c10a7cb0e32', '{L_SUCCESS}', 1),
(718, 1201328107, '{L_ACTION_ITEM_ADDED}', '$log_action = array(''header'' => ''{L_ACTION_ITEM_ADDED}'',''{L_NAME}'' => ''Leggings of the Vanquished Hero'',''{L_BUYERS}'' => ''Namdaed'',''{L_RAID_ID}'' => ''79'',''{L_VALUE}'' => ''100.00'',''{L_ADDED_BY}'' => ''Ciara'');', '72.187.56.114', 'a258b8485436fb86bd836c10a7cb0e32', '{L_SUCCESS}', 1),
(719, 1201328147, '{L_ACTION_ITEM_ADDED}', '$log_action = array(''header'' => ''{L_ACTION_ITEM_ADDED}'',''{L_NAME}'' => ''Orca-Hide Boots'',''{L_BUYERS}'' => ''Sethon'',''{L_RAID_ID}'' => ''79'',''{L_VALUE}'' => ''75.00'',''{L_ADDED_BY}'' => ''Ciara'');', '72.187.56.114', 'a258b8485436fb86bd836c10a7cb0e32', '{L_SUCCESS}', 1),
(720, 1201328185, '{L_ACTION_RAID_UPDATED}', '$log_action = array(''header'' => ''{L_ACTION_RAID_UPDATED}'',''id'' => ''79'',''{L_EVENT_BEFORE}'' => ''Serpentshrine Cavern'',''{L_ATTENDEES_BEFORE}'' => ''Apoco, Bloke, Ciara, Ffolg, Geland, Guln, Kandern, Karasola, Kasir, Lyaera, Maron, Meinaria, Namdaed, Norak, Onokoko, Piter, Raisis, Rajaat, Rallie, Rhanjah, Rijda, Serfie, Sethon, Shinzarr, Sluki, Snowthine, Waka, Wyrmtongue, Zetolious'',''{L_NOTE_BEFORE}'' => ''Leo'',''{L_VALUE_BEFORE}'' => ''0.00'',''{L_EVENT_AFTER}'' => ''Serpentshrine Cavern'',''{L_ATTENDEES_AFTER}'' => ''Apoco, Bloke, Ciara, Ffolg, Geland, Guln, Kandern, Karasola, Kasir, Lyaera, Maron, Meinaria, Namdaed, Norak, Onokoko, Piter, Raisis, Rajaat, Rallie, Rhanjah, Rijda, Serfie, Sethon, Shinzarr, Sluki, Snowthine, Waka, Wyrmtongue, Zetolious'',''{L_NOTE_AFTER}'' => ''<span class=\\"negative\\">Leotheras the Blind</span>'',''{L_VALUE_AFTER}'' => ''<span class=\\"negative\\">11.00</span>'',''{L_UPDATED_BY}'' => ''Ciara'');', '72.187.56.114', 'a258b8485436fb86bd836c10a7cb0e32', '{L_SUCCESS}', 1),
(721, 1201328224, '{L_ACTION_RAID_UPDATED}', '$log_action = array(''header'' => ''{L_ACTION_RAID_UPDATED}'',''id'' => ''79'',''{L_EVENT_BEFORE}'' => ''Serpentshrine Cavern'',''{L_ATTENDEES_BEFORE}'' => ''Apoco, Bloke, Ciara, Ffolg, Geland, Guln, <span class=\\"negative\\">Kandern</span>, Karasola, Kasir, Lyaera, Maron, Meinaria, Namdaed, Norak, Onokoko, Piter, Raisis, Rajaat, Rallie, Rhanjah, Rijda, Serfie, Sethon, Shinzarr, Sluki, Snowthine, Waka, Wyrmtongue, Zetolious'',''{L_NOTE_BEFORE}'' => ''Leotheras the Blind'',''{L_VALUE_BEFORE}'' => ''11.00'',''{L_EVENT_AFTER}'' => ''Serpentshrine Cavern'',''{L_ATTENDEES_AFTER}'' => ''Apoco, Bloke, Ciara, Ffolg, Geland, Guln, Karasola, Kasir, Lyaera, Maron, Meinaria, Namdaed, Norak, Onokoko, Piter, Raisis, Rajaat, Rallie, Rhanjah, Rijda, Serfie, Sethon, Shinzarr, Sluki, Snowthine, Waka, Wyrmtongue, Zetolious'',''{L_NOTE_AFTER}'' => ''Leotheras the Blind'',''{L_VALUE_AFTER}'' => ''11.00'',''{L_UPDATED_BY}'' => ''Ciara'');', '72.187.56.114', 'a258b8485436fb86bd836c10a7cb0e32', '{L_SUCCESS}', 1),
(722, 1201328293, '{L_ACTION_ITEM_UPDATED}', '$log_action = array(''header'' => ''{L_ACTION_ITEM_UPDATED}'',''{L_NAME_BEFORE}'' => ''Leggings of the Vanquished Champion'',''{L_BUYERS_BEFORE}'' => ''Ciara'',''{L_RAID_ID_BEFORE}'' => ''79'',''{L_VALUE_BEFORE}'' => ''100.00'',''{L_NAME_AFTER}'' => ''<span class=\\"negative\\">Gloves of the Vanquished Champion</span>'',''{L_BUYERS_AFTER}'' => ''<span class=\\"negative\\">Rijda</span>'',''{L_RAID_ID_AFTER}'' => ''79'',''{L_VALUE_AFTER}'' => ''100.00'',''{L_UPDATED_BY}'' => ''Ciara'');', '72.187.56.114', 'a258b8485436fb86bd836c10a7cb0e32', '{L_SUCCESS}', 1),
(723, 1201328326, '{L_ACTION_ITEM_UPDATED}', '$log_action = array(''header'' => ''{L_ACTION_ITEM_UPDATED}'',''{L_NAME_BEFORE}'' => ''Leggings of the Vanquished Hero'',''{L_BUYERS_BEFORE}'' => ''Namdaed'',''{L_RAID_ID_BEFORE}'' => ''79'',''{L_VALUE_BEFORE}'' => ''100.00'',''{L_NAME_AFTER}'' => ''<span class=\\"negative\\">Gloves of the Vanquished Hero</span>'',''{L_BUYERS_AFTER}'' => ''Namdaed'',''{L_RAID_ID_AFTER}'' => ''79'',''{L_VALUE_AFTER}'' => ''100.00'',''{L_UPDATED_BY}'' => ''Ciara'');', '72.187.56.114', 'a258b8485436fb86bd836c10a7cb0e32', '{L_SUCCESS}', 1),
(724, 1201742560, '{L_ACTION_MEMBER_ADDED}', '$log_action = array(''header'' => ''{L_ACTION_MEMBER_ADDED}'',''{L_NAME}'' => ''Crobbie'',''{L_EARNED}'' => ''0.00'',''{L_SPENT}'' => ''0.00'',''{L_ADJUSTMENT}'' => ''0.00'',''{L_LEVEL}'' => ''70'',''{L_RACE}'' => ''8'',''{L_CLASS}'' => ''7'',''{L_ADDED_BY}'' => ''Gman'');', '72.207.240.142', '5565b2d294a92bc574d11e5d900ac90a', '{L_SUCCESS}', 2),
(725, 1201742577, '{L_ACTION_HISTORY_TRANSFER}', '$log_action = array(''header'' => ''{L_ACTION_HISTORY_TRANSFER}'',''{L_FROM}'' => ''Rajaat'',''{L_TO}'' => ''Crobbie'');', '72.207.240.142', '5565b2d294a92bc574d11e5d900ac90a', '{L_SUCCESS}', 2),
(726, 1201742644, '{L_ACTION_CTRT_ALIAS_ADDED}', '$log_action = array(''header'' => ''{L_ACTION_CTRT_ALIAS_ADDED}'',''{L_CTRT_LABEL_ALIAS_NAME}'' => ''Rajaat'',''{L_CTRT_LABEL_MEMBER_NAME}'' => ''Crobbie'',''{L_ADDED_BY}'' => ''Gman'');', '72.207.240.142', '5565b2d294a92bc574d11e5d900ac90a', '{L_SUCCESS}', 2),
(727, 1201742658, '{L_ACTION_CTRT_ALIAS_ADDED}', '$log_action = array(''header'' => ''{L_ACTION_CTRT_ALIAS_ADDED}'',''{L_CTRT_LABEL_ALIAS_NAME}'' => ''Crobner'',''{L_CTRT_LABEL_MEMBER_NAME}'' => ''Crobbie'',''{L_ADDED_BY}'' => ''Gman'');', '72.207.240.142', '5565b2d294a92bc574d11e5d900ac90a', '{L_SUCCESS}', 2),
(728, 1201753458, '{L_ACTION_RAID_ADDED}', '$log_action = array(''header'' => ''{L_ACTION_RAID_ADDED}'',''id'' => ''80'',''{L_EVENT}'' => ''Tempest Keep'',''{L_ATTENDEES}'' => ''Apoco, Ciara, Crobbie, Ffolg, Gauner, Geland, Guln, Karasola, Lockridge, Maron, Muertaa, Namdaed, Norak, Onokoko, Piter, Raisis, Rallie, Rijda, Serfie, Sethon, Snowthine, Sythias, Waka, Wyrmtongue, Zetolious'',''{L_NOTE}'' => ''Al\\''ar'',''{L_VALUE}'' => ''6'',''{L_ADDED_BY}'' => ''RaidTracker (by Gman)'');', '72.207.240.142', '9a8d9e69eefec8a4428e5eced38685e5', '{L_SUCCESS}', 2),
(729, 1201753458, '{L_ACTION_MEMBER_UPDATED}', '$log_action = array(''header'' => ''{L_ACTION_MEMBER_UPDATED}'',''{L_NAME_BEFORE}'' => ''Raisis'',''{L_EARNED_BEFORE}'' => ''285.00'',''{L_SPENT_BEFORE}'' => ''100.00'',''{L_ADJUSTMENT_BEFORE}'' => ''0.00'',''{L_LEVEL_BEFORE}'' => ''70'',''{L_RACE_BEFORE}'' => ''0'',''{L_CLASS_BEFORE}'' => ''13'',''{L_NAME_AFTER}'' => ''Raisis'',''{L_EARNED_AFTER}'' => ''285.00'',''{L_SPENT_AFTER}'' => ''100.00'',''{L_ADJUSTMENT_AFTER}'' => ''0.00'',''{L_LEVEL_AFTER}'' => ''70'',''{L_RACE_AFTER}'' => ''0'',''{L_CLASS_AFTER}'' => ''13'',''{L_UPDATED_BY}'' => ''RaidTracker (by Gman)'');', '72.207.240.142', '9a8d9e69eefec8a4428e5eced38685e5', '{L_SUCCESS}', 2),
(730, 1201753458, '{L_ACTION_MEMBER_UPDATED}', '$log_action = array(''header'' => ''{L_ACTION_MEMBER_UPDATED}'',''{L_NAME_BEFORE}'' => ''Rallie'',''{L_EARNED_BEFORE}'' => ''112.00'',''{L_SPENT_BEFORE}'' => ''50.00'',''{L_ADJUSTMENT_BEFORE}'' => ''0.00'',''{L_LEVEL_BEFORE}'' => ''70'',''{L_RACE_BEFORE}'' => ''0'',''{L_CLASS_BEFORE}'' => ''6'',''{L_NAME_AFTER}'' => ''Rallie'',''{L_EARNED_AFTER}'' => ''112.00'',''{L_SPENT_AFTER}'' => ''50.00'',''{L_ADJUSTMENT_AFTER}'' => ''0.00'',''{L_LEVEL_AFTER}'' => ''70'',''{L_RACE_AFTER}'' => ''0'',''{L_CLASS_AFTER}'' => ''6'',''{L_UPDATED_BY}'' => ''RaidTracker (by Gman)'');', '72.207.240.142', '9a8d9e69eefec8a4428e5eced38685e5', '{L_SUCCESS}', 2),
(731, 1201753458, '{L_ACTION_MEMBER_UPDATED}', '$log_action = array(''header'' => ''{L_ACTION_MEMBER_UPDATED}'',''{L_NAME_BEFORE}'' => ''Rijda'',''{L_EARNED_BEFORE}'' => ''371.00'',''{L_SPENT_BEFORE}'' => ''450.00'',''{L_ADJUSTMENT_BEFORE}'' => ''0.00'',''{L_LEVEL_BEFORE}'' => ''70'',''{L_RACE_BEFORE}'' => ''0'',''{L_CLASS_BEFORE}'' => ''13'',''{L_NAME_AFTER}'' => ''Rijda'',''{L_EARNED_AFTER}'' => ''371.00'',''{L_SPENT_AFTER}'' => ''450.00'',''{L_ADJUSTMENT_AFTER}'' => ''0.00'',''{L_LEVEL_AFTER}'' => ''70'',''{L_RACE_AFTER}'' => ''0'',''{L_CLASS_AFTER}'' => ''13'',''{L_UPDATED_BY}'' => ''RaidTracker (by Gman)'');', '72.207.240.142', '9a8d9e69eefec8a4428e5eced38685e5', '{L_SUCCESS}', 2),
(732, 1201753458, '{L_ACTION_MEMBER_UPDATED}', '$log_action = array(''header'' => ''{L_ACTION_MEMBER_UPDATED}'',''{L_NAME_BEFORE}'' => ''Zetolious'',''{L_EARNED_BEFORE}'' => ''374.50'',''{L_SPENT_BEFORE}'' => ''425.00'',''{L_ADJUSTMENT_BEFORE}'' => ''0.00'',''{L_LEVEL_BEFORE}'' => ''70'',''{L_RACE_BEFORE}'' => ''0'',''{L_CLASS_BEFORE}'' => ''10'',''{L_NAME_AFTER}'' => ''Zetolious'',''{L_EARNED_AFTER}'' => ''374.50'',''{L_SPENT_AFTER}'' => ''425.00'',''{L_ADJUSTMENT_AFTER}'' => ''0.00'',''{L_LEVEL_AFTER}'' => ''70'',''{L_RACE_AFTER}'' => ''0'',''{L_CLASS_AFTER}'' => ''10'',''{L_UPDATED_BY}'' => ''RaidTracker (by Gman)'');', '72.207.240.142', '9a8d9e69eefec8a4428e5eced38685e5', '{L_SUCCESS}', 2),
(733, 1201753458, '{L_ACTION_ITEM_ADDED}', '$log_action = array(''header'' => ''{L_ACTION_ITEM_ADDED}'',''{L_NAME}'' => ''Mindstorm Wristbands'',''{L_BUYERS}'' => ''Apoco'',''{L_RAID_ID}'' => ''80'',''{L_VALUE}'' => ''75.00'',''{L_ADDED_BY}'' => ''RaidTracker (by Gman)'');', '72.207.240.142', '9a8d9e69eefec8a4428e5eced38685e5', '{L_SUCCESS}', 2),
(734, 1201753458, '{L_ACTION_ITEM_ADDED}', '$log_action = array(''header'' => ''{L_ACTION_ITEM_ADDED}'',''{L_NAME}'' => ''Arcanite Steam-Pistol'',''{L_BUYERS}'' => ''Gauner'',''{L_RAID_ID}'' => ''80'',''{L_VALUE}'' => ''75.00'',''{L_ADDED_BY}'' => ''RaidTracker (by Gman)'');', '72.207.240.142', '9a8d9e69eefec8a4428e5eced38685e5', '{L_SUCCESS}', 2),
(735, 1201753565, '{L_ACTION_RAID_UPDATED}', '$log_action = array(''header'' => ''{L_ACTION_RAID_UPDATED}'',''id'' => ''80'',''{L_EVENT_BEFORE}'' => ''Tempest Keep'',''{L_ATTENDEES_BEFORE}'' => ''Apoco, Ciara, Crobbie, Ffolg, Gauner, Geland, Guln, Karasola, Lockridge, Maron, Muertaa, Namdaed, Norak, Onokoko, Piter, Raisis, Rallie, Rijda, Serfie, Sethon, Snowthine, Sythias, Waka, Wyrmtongue, Zetolious'',''{L_NOTE_BEFORE}'' => ''Al\\''ar'',''{L_VALUE_BEFORE}'' => ''6.00'',''{L_EVENT_AFTER}'' => ''Tempest Keep'',''{L_ATTENDEES_AFTER}'' => ''Apoco, Ciara, Crobbie, Ffolg, Gauner, Geland, Guln, Karasola, Lockridge, <span class=\\"negative\\">Lyaera</span>, Maron, <span class=\\"negative\\">Mastidon</span>, Muertaa, Namdaed, Norak, Onokoko, Piter, Raisis, Rallie, Rijda, Serfie, Sethon, <span class=\\"negative\\">Sluki</span>, Snowthine, Sythias, Waka, Wyrmtongue, Zetolious'',''{L_NOTE_AFTER}'' => ''Al\\''ar'',''{L_VALUE_AFTER}'' => ''6.00'',''{L_UPDATED_BY}'' => ''Gman'');', '72.207.240.142', '9a8d9e69eefec8a4428e5eced38685e5', '{L_SUCCESS}', 2),
(736, 1201756701, '{L_ACTION_RAID_ADDED}', '$log_action = array(''header'' => ''{L_ACTION_RAID_ADDED}'',''id'' => ''81'',''{L_EVENT}'' => ''Tempest Keep'',''{L_ATTENDEES}'' => ''Apoco, Ciara, Crobbie, Ffolg, Gauner, Geland, Guln, Karasola, Lockridge, Maron, Muertaa, Namdaed, Norak, Onokoko, Piter, Raisis, Rallie, Rijda, Serfie, Sethon, Snowthine, Sythias, Waka, Wyrmtongue, Zetolious'',''{L_NOTE}'' => ''Void Reaver'',''{L_VALUE}'' => ''8'',''{L_ADDED_BY}'' => ''RaidTracker (by Gman)'');', '72.207.240.142', '9a8d9e69eefec8a4428e5eced38685e5', '{L_SUCCESS}', 2),
(737, 1201756701, '{L_ACTION_MEMBER_UPDATED}', '$log_action = array(''header'' => ''{L_ACTION_MEMBER_UPDATED}'',''{L_NAME_BEFORE}'' => ''Raisis'',''{L_EARNED_BEFORE}'' => ''291.00'',''{L_SPENT_BEFORE}'' => ''100.00'',''{L_ADJUSTMENT_BEFORE}'' => ''0.00'',''{L_LEVEL_BEFORE}'' => ''70'',''{L_RACE_BEFORE}'' => ''0'',''{L_CLASS_BEFORE}'' => ''13'',''{L_NAME_AFTER}'' => ''Raisis'',''{L_EARNED_AFTER}'' => ''291.00'',''{L_SPENT_AFTER}'' => ''100.00'',''{L_ADJUSTMENT_AFTER}'' => ''0.00'',''{L_LEVEL_AFTER}'' => ''70'',''{L_RACE_AFTER}'' => ''0'',''{L_CLASS_AFTER}'' => ''13'',''{L_UPDATED_BY}'' => ''RaidTracker (by Gman)'');', '72.207.240.142', '9a8d9e69eefec8a4428e5eced38685e5', '{L_SUCCESS}', 2),
(738, 1201756701, '{L_ACTION_MEMBER_UPDATED}', '$log_action = array(''header'' => ''{L_ACTION_MEMBER_UPDATED}'',''{L_NAME_BEFORE}'' => ''Rallie'',''{L_EARNED_BEFORE}'' => ''118.00'',''{L_SPENT_BEFORE}'' => ''50.00'',''{L_ADJUSTMENT_BEFORE}'' => ''0.00'',''{L_LEVEL_BEFORE}'' => ''70'',''{L_RACE_BEFORE}'' => ''0'',''{L_CLASS_BEFORE}'' => ''6'',''{L_NAME_AFTER}'' => ''Rallie'',''{L_EARNED_AFTER}'' => ''118.00'',''{L_SPENT_AFTER}'' => ''50.00'',''{L_ADJUSTMENT_AFTER}'' => ''0.00'',''{L_LEVEL_AFTER}'' => ''70'',''{L_RACE_AFTER}'' => ''0'',''{L_CLASS_AFTER}'' => ''6'',''{L_UPDATED_BY}'' => ''RaidTracker (by Gman)'');', '72.207.240.142', '9a8d9e69eefec8a4428e5eced38685e5', '{L_SUCCESS}', 2),
(739, 1201756701, '{L_ACTION_MEMBER_UPDATED}', '$log_action = array(''header'' => ''{L_ACTION_MEMBER_UPDATED}'',''{L_NAME_BEFORE}'' => ''Rijda'',''{L_EARNED_BEFORE}'' => ''377.00'',''{L_SPENT_BEFORE}'' => ''450.00'',''{L_ADJUSTMENT_BEFORE}'' => ''0.00'',''{L_LEVEL_BEFORE}'' => ''70'',''{L_RACE_BEFORE}'' => ''0'',''{L_CLASS_BEFORE}'' => ''13'',''{L_NAME_AFTER}'' => ''Rijda'',''{L_EARNED_AFTER}'' => ''377.00'',''{L_SPENT_AFTER}'' => ''450.00'',''{L_ADJUSTMENT_AFTER}'' => ''0.00'',''{L_LEVEL_AFTER}'' => ''70'',''{L_RACE_AFTER}'' => ''0'',''{L_CLASS_AFTER}'' => ''13'',''{L_UPDATED_BY}'' => ''RaidTracker (by Gman)'');', '72.207.240.142', '9a8d9e69eefec8a4428e5eced38685e5', '{L_SUCCESS}', 2),
(740, 1201756701, '{L_ACTION_MEMBER_UPDATED}', '$log_action = array(''header'' => ''{L_ACTION_MEMBER_UPDATED}'',''{L_NAME_BEFORE}'' => ''Zetolious'',''{L_EARNED_BEFORE}'' => ''380.50'',''{L_SPENT_BEFORE}'' => ''425.00'',''{L_ADJUSTMENT_BEFORE}'' => ''0.00'',''{L_LEVEL_BEFORE}'' => ''70'',''{L_RACE_BEFORE}'' => ''0'',''{L_CLASS_BEFORE}'' => ''10'',''{L_NAME_AFTER}'' => ''Zetolious'',''{L_EARNED_AFTER}'' => ''380.50'',''{L_SPENT_AFTER}'' => ''425.00'',''{L_ADJUSTMENT_AFTER}'' => ''0.00'',''{L_LEVEL_AFTER}'' => ''70'',''{L_RACE_AFTER}'' => ''0'',''{L_CLASS_AFTER}'' => ''10'',''{L_UPDATED_BY}'' => ''RaidTracker (by Gman)'');', '72.207.240.142', '9a8d9e69eefec8a4428e5eced38685e5', '{L_SUCCESS}', 2),
(741, 1201756701, '{L_ACTION_ITEM_ADDED}', '$log_action = array(''header'' => ''{L_ACTION_ITEM_ADDED}'',''{L_NAME}'' => ''Pauldrons of the Vanquished Champion'',''{L_BUYERS}'' => ''Maron'',''{L_RAID_ID}'' => ''81'',''{L_VALUE}'' => ''100.00'',''{L_ADDED_BY}'' => ''RaidTracker (by Gman)'');', '72.207.240.142', '9a8d9e69eefec8a4428e5eced38685e5', '{L_SUCCESS}', 2),
(742, 1201756701, '{L_ACTION_ITEM_ADDED}', '$log_action = array(''header'' => ''{L_ACTION_ITEM_ADDED}'',''{L_NAME}'' => ''Cowl of the Grand Engineer'',''{L_BUYERS}'' => ''Piter'',''{L_RAID_ID}'' => ''81'',''{L_VALUE}'' => ''100.00'',''{L_ADDED_BY}'' => ''RaidTracker (by Gman)'');', '72.207.240.142', '9a8d9e69eefec8a4428e5eced38685e5', '{L_SUCCESS}', 2),
(743, 1201756778, '{L_ACTION_RAID_UPDATED}', '$log_action = array(''header'' => ''{L_ACTION_RAID_UPDATED}'',''id'' => ''81'',''{L_EVENT_BEFORE}'' => ''Tempest Keep'',''{L_ATTENDEES_BEFORE}'' => ''Apoco, Ciara, Crobbie, Ffolg, Gauner, Geland, Guln, Karasola, Lockridge, Maron, Muertaa, Namdaed, Norak, Onokoko, Piter, Raisis, Rallie, Rijda, Serfie, Sethon, Snowthine, Sythias, Waka, Wyrmtongue, Zetolious'',''{L_NOTE_BEFORE}'' => ''Void Reaver'',''{L_VALUE_BEFORE}'' => ''8.00'',''{L_EVENT_AFTER}'' => ''Tempest Keep'',''{L_ATTENDEES_AFTER}'' => ''Apoco, Ciara, Crobbie, Ffolg, Gauner, Geland, Guln, Karasola, Lockridge, <span class=\\"negative\\">Lyaera</span>, Maron, Muertaa, Namdaed, Norak, Onokoko, Piter, Raisis, Rallie, Rijda, Serfie, Sethon, <span class=\\"negative\\">Sluki</span>, Snowthine, Sythias, Waka, Wyrmtongue, Zetolious'',''{L_NOTE_AFTER}'' => ''Void Reaver'',''{L_VALUE_AFTER}'' => ''8.00'',''{L_UPDATED_BY}'' => ''Gman'');', '72.207.240.142', '9a8d9e69eefec8a4428e5eced38685e5', '{L_SUCCESS}', 2);

-- --------------------------------------------------------

--
-- Table structure for table `eqdkp_members`
--

CREATE TABLE IF NOT EXISTS `eqdkp_members` (
  `member_id` smallint(5) unsigned NOT NULL auto_increment,
  `member_name` varchar(30) NOT NULL,
  `member_earned` float(11,2) NOT NULL default '0.00',
  `member_spent` float(11,2) NOT NULL default '0.00',
  `member_adjustment` float(11,2) NOT NULL default '0.00',
  `member_status` enum('0','1') NOT NULL default '1',
  `member_firstraid` int(11) NOT NULL default '0',
  `member_lastraid` int(11) NOT NULL default '0',
  `member_raidcount` int(11) NOT NULL default '0',
  `member_level` tinyint(2) NOT NULL default '60',
  `member_race_id` smallint(3) unsigned NOT NULL default '0',
  `member_class_id` smallint(3) unsigned NOT NULL default '0',
  `member_rank_id` smallint(3) NOT NULL default '0',
  PRIMARY KEY  (`member_id`),
  UNIQUE KEY `member_name` (`member_name`)
) ENGINE=InnoDB  DEFAULT CHARSET=latin1 AUTO_INCREMENT=98 ;

--
-- Dumping data for table `eqdkp_members`
--

INSERT INTO `eqdkp_members` (`member_id`, `member_name`, `member_earned`, `member_spent`, `member_adjustment`, `member_status`, `member_firstraid`, `member_lastraid`, `member_raidcount`, `member_level`, `member_race_id`, `member_class_id`, `member_rank_id`) VALUES
(2, 'Bangu', 20.00, 0.00, 0.00, '0', 1184391086, 1190442477, 7, 70, 5, 11, 0),
(3, 'Bloke', 87.00, 50.00, 0.00, '1', 1184391086, 1201328033, 16, 70, 7, 4, 0),
(4, 'Ciara', 443.50, 625.00, 0.00, '1', 1184391086, 1201762812, 71, 70, 10, 13, 0),
(6, 'Ffolg', 420.50, 175.00, 0.00, '1', 1184391086, 1201762812, 70, 70, 7, 9, 0),
(7, 'Gauner', 424.50, 400.00, 0.00, '1', 1184391086, 1201762812, 70, 70, 5, 2, 0),
(8, 'Ghumganuk', 3.00, 0.00, 0.00, '0', 1184391086, 1185600921, 3, 70, 7, 9, 0),
(9, 'Hoopty', 108.00, 50.00, 0.00, '0', 1184391086, 1199517227, 24, 70, 5, 9, 0),
(10, 'Inke', 19.00, 0.00, 0.00, '0', 1184391086, 1190442477, 7, 70, 6, 10, 0),
(11, 'Kandwana', 17.00, 0.00, 0.00, '0', 1184391086, 1189231728, 6, 70, 8, 7, 0),
(12, 'Kasir', 47.00, 0.00, 0.00, '1', 1184391086, 1201328033, 10, 70, 7, 12, 0),
(13, 'Kivor', 0.00, 0.00, 0.00, '0', 1184391086, 1184391086, 1, 70, 5, 2, 0),
(14, 'Maron', 476.50, 625.00, 0.00, '1', 1184391086, 1201762812, 77, 70, 6, 2, 0),
(15, 'Mistaia', 0.00, 0.00, 0.00, '0', 1184391086, 1184391086, 1, 70, 0, 13, 0),
(16, 'Motility', 3.00, 0.00, 0.00, '0', 1184391086, 1185600921, 3, 70, 6, 10, 0),
(17, 'Norak', 434.50, 375.00, 0.00, '1', 1184391086, 1201762812, 68, 70, 6, 11, 0),
(18, 'Onokoko', 470.50, 350.00, 0.00, '1', 1184391086, 1201762812, 74, 70, 8, 4, 0),
(19, 'Poraga', 3.00, 0.00, 0.00, '0', 1184391086, 1185600921, 2, 70, 8, 7, 0),
(20, 'Rahzull', 0.00, 0.00, 0.00, '0', 1184391086, 1184391086, 1, 70, 6, 6, 0),
(21, 'Shinzarr', 125.50, 0.00, 0.00, '1', 1184391086, 1201328033, 19, 70, 7, 9, 0),
(22, 'Soranna', 9.00, 0.00, 0.00, '0', 1184391086, 1191640826, 5, 70, 5, 6, 0),
(24, 'Valissia', 22.00, 0.00, 0.00, '0', 1184391086, 1190442477, 8, 70, 6, 11, 0),
(25, 'Waka', 459.50, 475.00, 0.00, '1', 1184391086, 1201762812, 72, 70, 8, 12, 0),
(27, 'Aotearoa', 3.00, 0.00, -3.00, '0', 1184994393, 1185600921, 2, 70, 5, 4, 0),
(28, 'Azezel', 3.00, 0.00, -3.00, '0', 1184994393, 1185600921, 2, 70, 6, 2, 0),
(29, 'Dumoch', 99.00, 150.00, 0.00, '1', 1184994393, 1200976952, 16, 70, 8, 12, 0),
(30, 'Piter', 438.50, 500.00, 0.00, '1', 1184994393, 1201762812, 70, 70, 6, 10, 0),
(31, 'Sythias', 410.50, 375.00, 0.00, '1', 1184994393, 1201762812, 67, 70, 6, 6, 0),
(32, 'Tiffanie', 34.00, 0.00, 0.00, '0', 1184994393, 1191640826, 10, 70, 6, 6, 0),
(33, 'Torgrum', 0.00, 0.00, 0.00, '0', 1184994393, 1184994393, 1, 70, 7, 4, 0),
(34, 'Ashava', 3.00, 0.00, -3.00, '0', 1185600921, 1185600921, 1, 70, 6, 11, 0),
(35, 'Gnishi', 225.50, 125.00, 0.00, '0', 1185600921, 1199772329, 38, 70, 6, 6, 0),
(36, 'Rallie', 126.00, 50.00, 0.00, '1', 1185600921, 1201762812, 19, 70, 0, 6, 0),
(37, 'Yanqu', 31.00, 200.00, 3.00, '0', 1189231728, 1191640826, 8, 70, 8, 7, 1),
(38, 'Serfie', 476.50, 350.00, 3.00, '1', 1189231728, 1201762812, 75, 70, 5, 11, 1),
(39, 'Arks', 3.00, 0.00, 0.00, '0', 0, 1188020769, 1, 70, 6, 6, 1),
(40, 'Cylesta', 49.50, 50.00, 0.00, '0', 1189837892, 1193450260, 12, 70, 0, 13, 1),
(41, 'Darkheart', 0.00, 0.00, 0.00, '0', 0, 0, 0, 70, 0, 13, 1),
(42, 'Guln', 476.50, 375.00, 0.00, '1', 1189231728, 1201762812, 75, 70, 7, 12, 1),
(43, 'Iueelyen', 69.00, 0.00, 0.00, '0', 1197693005, 1198301748, 14, 70, 6, 11, 1),
(44, 'Lugarh', 114.50, 125.00, 0.00, '0', 1189231728, 1195541776, 19, 70, 7, 2, 1),
(46, 'Sparrowsong', 70.00, 125.00, 3.00, '0', 1189231728, 1194053141, 17, 70, 8, 7, 1),
(47, 'Rahb', 2.00, 0.00, 2.50, '0', 1190442786, 1190442786, 1, 70, 6, 2, 0),
(48, 'Chopz', 21.00, 50.00, 0.00, '0', 1188270720, 1191640826, 5, 70, 7, 10, 0),
(49, 'Zeddi', 184.50, 125.00, 0.00, '0', 1188270720, 1200112784, 30, 70, 6, 6, 0),
(50, 'Kandern', 40.00, 0.00, 0.00, '1', 1189231728, 1201325217, 7, 70, 8, 7, 0),
(51, 'Lereux', 42.00, 100.00, 0.00, '0', 1189231728, 1194053141, 11, 70, 10, 13, 0),
(52, 'Ardden', 95.00, 300.00, 0.00, '0', 1189232329, 1195541776, 14, 70, 10, 13, 0),
(54, 'Karasola', 381.50, 525.00, 0.00, '1', 1189825661, 1201762812, 57, 70, 8, 9, 1),
(55, 'Marvy', 13.00, 0.00, 0.00, '0', 1189825661, 1191640826, 4, 70, 0, 11, 1),
(56, 'Stroked', 4.00, 0.00, 0.00, '0', 1190442477, 1190442477, 1, 70, 7, 9, 0),
(57, 'Tinyt', 4.00, 50.00, 0.00, '0', 1190442477, 1190442477, 1, 70, 8, 9, 0),
(58, 'Atlin', 34.00, 0.00, 0.00, '0', 1191641006, 1198307605, 7, 70, 6, 10, 1),
(59, 'Ketene', 266.50, 150.00, 0.00, '1', 1191640826, 1201155271, 41, 70, 8, 4, 1),
(60, 'Lockridge', 413.50, 300.00, 0.00, '1', 1191641006, 1201762812, 64, 70, 6, 12, 1),
(61, 'Namdaed', 445.50, 450.00, 0.00, '1', 1192243716, 1201762812, 67, 70, 6, 10, 0),
(63, 'Razed', 103.50, 0.00, 0.00, '0', 1192243716, 1196308158, 13, 70, 6, 10, 0),
(64, 'Shazara', 24.00, 0.00, 0.00, '0', 1192243716, 1193450260, 5, 70, 5, 11, 0),
(65, 'Wyrmtongue', 350.50, 325.00, 0.00, '1', 1184391086, 1201762812, 53, 70, 8, 4, 0),
(66, 'Zetolious', 388.50, 425.00, 0.00, '1', 1192243716, 1201762812, 62, 70, 0, 10, 0),
(68, 'Muertaa', 264.50, 150.00, 0.00, '1', 1193101345, 1201762812, 35, 70, 6, 6, 0),
(69, 'Rijda', 385.00, 450.00, 0.00, '1', 1193101345, 1201762812, 59, 70, 0, 13, 0),
(73, 'Geland', 376.50, 200.00, 0.00, '1', 1194931225, 1201762812, 53, 70, 8, 7, 1),
(74, 'Ithica', 87.00, 0.00, 0.00, '0', 1194931225, 1195541776, 13, 70, 0, 10, 0),
(75, 'Kulrayk', 185.50, 275.00, 54.00, '0', 1195541776, 1199947631, 26, 70, 0, 13, 1),
(76, 'Entrerie', 38.00, 0.00, 0.00, '0', 1196308158, 1197522890, 4, 70, 6, 2, 1),
(77, 'Talian', 28.00, 0.00, 0.00, '0', 1196308158, 1196486558, 3, 70, 0, 13, 1),
(79, 'Vlas', 37.00, 75.00, 0.00, '0', 1196484181, 1197350586, 6, 70, 6, 10, 1),
(81, 'Apoco', 234.00, 175.00, 0.00, '1', 1197350586, 1201762812, 36, 70, 6, 10, 1),
(82, 'Raisis', 299.00, 100.00, 0.00, '1', 1197350586, 1201762812, 46, 70, 0, 13, 1),
(83, 'Sethon', 242.00, 600.00, 0.00, '1', 1197350586, 1201762812, 37, 70, 8, 7, 1),
(84, 'Mastidon', 62.00, 75.00, 0.00, '1', 1197350586, 1201755251, 9, 70, 8, 12, 0),
(85, 'Snowthine', 274.00, 225.00, 0.00, '1', 1197350586, 1201762812, 43, 70, 5, 6, 0),
(86, 'Lyaera', 172.00, 150.00, 0.00, '1', 1197350586, 1201762812, 27, 70, 10, 4, 0),
(87, 'Meinaria', 283.00, 200.00, 0.00, '1', 1197522890, 1201328033, 44, 70, 0, 6, 1),
(89, 'Rajamakah', 43.00, 0.00, 0.00, '1', 1198902259, 1201155271, 7, 70, 5, 6, 1),
(90, 'Valion', 34.00, 75.00, 0.00, '0', 1198902259, 1199517227, 6, 70, 6, 6, 1),
(92, 'Bantdok', 32.00, 50.00, 0.00, '0', 1199506463, 1199772329, 5, 70, 5, 11, 1),
(94, 'Sluki', 145.00, 250.00, 0.00, '1', 1200369867, 1201762812, 21, 70, 7, 12, 0),
(96, 'Rhanjah', 134.00, 0.00, 0.00, '1', 1200369867, 1201328033, 20, 70, 8, 7, 1),
(97, 'Crobbie', 355.00, 275.00, 0.00, '1', 1201755251, 1201762812, 56, 70, 8, 7, 0);

-- --------------------------------------------------------

--
-- Table structure for table `eqdkp_member_ranks`
--

CREATE TABLE IF NOT EXISTS `eqdkp_member_ranks` (
  `rank_id` smallint(5) unsigned NOT NULL,
  `rank_name` varchar(50) NOT NULL,
  `rank_hide` enum('0','1') NOT NULL default '0',
  `rank_prefix` varchar(75) NOT NULL default '',
  `rank_suffix` varchar(75) NOT NULL default '',
  UNIQUE KEY `rank_id` (`rank_id`)
) ENGINE=InnoDB DEFAULT CHARSET=latin1;

--
-- Dumping data for table `eqdkp_member_ranks`
--

INSERT INTO `eqdkp_member_ranks` (`rank_id`, `rank_name`, `rank_hide`, `rank_prefix`, `rank_suffix`) VALUES
(0, '', '0', '', ''),
(1, 'Member', '0', '', '');

-- --------------------------------------------------------

--
-- Table structure for table `eqdkp_member_user`
--

CREATE TABLE IF NOT EXISTS `eqdkp_member_user` (
  `member_id` smallint(5) unsigned NOT NULL,
  `user_id` smallint(5) unsigned NOT NULL,
  KEY `member_id` (`member_id`),
  KEY `user_id` (`user_id`)
) ENGINE=InnoDB DEFAULT CHARSET=latin1;

--
-- Dumping data for table `eqdkp_member_user`
--


-- --------------------------------------------------------

--
-- Table structure for table `eqdkp_news`
--

CREATE TABLE IF NOT EXISTS `eqdkp_news` (
  `news_id` smallint(5) unsigned NOT NULL auto_increment,
  `news_headline` varchar(255) NOT NULL,
  `news_message` text NOT NULL,
  `news_date` int(11) NOT NULL,
  `user_id` smallint(5) unsigned NOT NULL,
  PRIMARY KEY  (`news_id`),
  KEY `user_id` (`user_id`)
) ENGINE=InnoDB DEFAULT CHARSET=latin1 AUTO_INCREMENT=1 ;

--
-- Dumping data for table `eqdkp_news`
--


-- --------------------------------------------------------

--
-- Table structure for table `eqdkp_plugins`
--

CREATE TABLE IF NOT EXISTS `eqdkp_plugins` (
  `plugin_id` smallint(2) unsigned NOT NULL auto_increment,
  `plugin_name` varchar(50) NOT NULL,
  `plugin_code` varchar(20) NOT NULL,
  `plugin_installed` enum('0','1') NOT NULL default '0',
  `plugin_path` varchar(255) NOT NULL,
  `plugin_contact` varchar(100) default NULL,
  `plugin_version` varchar(7) NOT NULL,
  PRIMARY KEY  (`plugin_id`),
  KEY `plugin_code` (`plugin_code`)
) ENGINE=InnoDB  DEFAULT CHARSET=latin1 AUTO_INCREMENT=2 ;

--
-- Dumping data for table `eqdkp_plugins`
--

INSERT INTO `eqdkp_plugins` (`plugin_id`, `plugin_name`, `plugin_code`, `plugin_installed`, `plugin_path`, `plugin_contact`, `plugin_version`) VALUES
(1, 'CT_RaidTrackerImport', 'ctrt', '1', 'ctrt', 'loganfive@blacktower.com', '1.16.3');

-- --------------------------------------------------------

--
-- Table structure for table `eqdkp_races`
--

CREATE TABLE IF NOT EXISTS `eqdkp_races` (
  `race_id` smallint(3) unsigned NOT NULL,
  `race_name` varchar(50) NOT NULL,
  `race_faction_id` smallint(3) NOT NULL default '0',
  `race_hide` enum('0','1') NOT NULL default '0',
  PRIMARY KEY  (`race_id`),
  UNIQUE KEY `race_id` (`race_id`)
) ENGINE=InnoDB DEFAULT CHARSET=latin1;

--
-- Dumping data for table `eqdkp_races`
--

INSERT INTO `eqdkp_races` (`race_id`, `race_name`, `race_faction_id`, `race_hide`) VALUES
(0, 'Unknown', 0, '0'),
(1, 'Gnome', 1, '0'),
(2, 'Human', 1, '0'),
(3, 'Dwarf', 1, '0'),
(4, 'Night Elf', 1, '0'),
(5, 'Troll', 2, '0'),
(6, 'Undead', 2, '0'),
(7, 'Orc', 2, '0'),
(8, 'Tauren', 2, '0'),
(9, 'Draenei', 1, '0'),
(10, 'Blood Elf', 2, '0');

-- --------------------------------------------------------

--
-- Table structure for table `eqdkp_raids`
--

CREATE TABLE IF NOT EXISTS `eqdkp_raids` (
  `raid_id` mediumint(8) unsigned NOT NULL auto_increment,
  `raid_name` varchar(255) default NULL,
  `raid_date` int(11) NOT NULL default '0',
  `raid_note` varchar(255) default NULL,
  `raid_value` float(6,2) NOT NULL default '0.00',
  `raid_added_by` varchar(30) NOT NULL,
  `raid_updated_by` varchar(30) default NULL,
  PRIMARY KEY  (`raid_id`)
) ENGINE=InnoDB  DEFAULT CHARSET=latin1 AUTO_INCREMENT=82 ;

--
-- Dumping data for table `eqdkp_raids`
--

INSERT INTO `eqdkp_raids` (`raid_id`, `raid_name`, `raid_date`, `raid_note`, `raid_value`, `raid_added_by`, `raid_updated_by`) VALUES
(1, 'Serpentshrine Cavern', 1184391086, 'Random Drop', 0.00, 'RaidTracker (by Ciara)', 'Ciara'),
(2, 'Serpentshrine Cavern', 1184994393, 'Random Drop', 0.00, 'RaidTracker (by Ciara)', 'Ciara'),
(3, 'Serpentshrine Cavern', 1185600921, 'Random Drop', 3.00, 'RaidTracker (by Ciara)', 'Ciara'),
(4, 'Serpentshrine Cavern', 1188020769, 'Random Drop', 3.00, 'RaidTracker (by Ciara)', NULL),
(5, 'Serpentshire Cavern', 1188270720, 'Trash Mob', 5.00, 'RaidTracker (by Gman)', NULL),
(6, 'Serpentshrine Cavern', 1189231728, 'Trash Mobs', 6.00, 'Gman', NULL),
(7, 'Serpentshrine Cavern', 1189232329, 'Backup DKP - SSC', 3.00, 'Gman', NULL),
(8, 'Serpentshrine Cavern', 1189825661, 'Random Drop', 0.00, 'RaidTracker (by Ciara)', NULL),
(9, 'Serpentshrine Cavern', 1189825661, 'The Lurker Below', 7.00, 'RaidTracker (by Ciara)', NULL),
(10, 'Serpentshrine Cavern', 1189837892, 'Backup DKP - The Lurker Below', 3.50, 'Ciara', 'Ciara'),
(11, 'Serpentshrine Cavern', 1190442477, 'Trash Mob', 4.00, 'Gman', 'Gman'),
(12, 'Serpentshrine Cavern', 1190442786, 'Backup DKP', 2.00, 'Gman', NULL),
(13, 'Serpentshrine Cavern', 1191641006, 'The Lurker Below', 6.00, 'RaidTracker (by Ciara)', NULL),
(14, 'Serpentshrine Cavern', 1191640826, 'Random Drops', 0.00, 'RaidTracker (by Ciara)', NULL),
(15, 'Serpentshrine Cavern', 1192243716, 'The Lurker Below', 8.00, 'Gman', NULL),
(16, 'Serpentshrine Cavern', 1192245978, 'Trash Mob', 3.00, 'Gman', NULL),
(17, 'Serpentshrine Cavern', 1192246835, 'Trash Mob', 5.00, 'Gman', NULL),
(18, 'Serpentshrine Cavern', 1193101345, 'Random Drop', 3.00, 'Ciara', 'Ciara'),
(19, 'Serpentshrine Cavern', 1193101662, 'Random Drop', 2.00, 'Ciara', 'Ciara'),
(20, 'Serpentshrine Cavern', 1193106784, 'Lurker', 8.00, 'Ciara', NULL),
(21, 'Serpentshrine Cavern', 1193110585, 'Random Drop', 5.00, 'Ciara', NULL),
(22, 'Serpentshrine Cavern', 1193448241, 'Random Drop', 3.00, 'Ciara', NULL),
(23, 'Serpentshrine Cavern', 1193450260, 'Lurker', 5.00, 'Ciara', NULL),
(24, 'Serpentshrine Cavern', 1194053141, 'Random Drop', 2.00, 'Ciara', NULL),
(25, 'Serpentshrine Cavern', 1194670195, 'Lurker', 4.00, 'RaidTracker (by Gman)', NULL),
(26, 'Tempest Keep', 1194931225, 'Trash Mobs', 8.00, 'RaidTracker (by Gman)', 'Gman'),
(27, 'Serpentshrine Cavern', 1195278162, 'Lurker/Hydross/Tidewalker', 28.00, 'RaidTracker (by Gman)', 'Gman'),
(28, 'Tempest Keep', 1195541776, 'Void Reaver', 12.50, 'RaidTracker (by Gman)', 'Gman'),
(29, 'Tempest Keep', 1196308158, 'Trash Mob/Void Reaver', 15.00, 'RaidTracker (by Gman)', 'Gman'),
(30, 'Serpentshire Cavern', 1196484181, 'Lurker', 6.00, 'RaidTracker (by Gman)', NULL),
(31, 'Serpentshire Cavern', 1196486558, 'Hydross the Unstable', 7.00, 'RaidTracker (by Gman)', NULL),
(32, 'Serpentshrine Cavern', 1197350586, 'Hydross the Unstable', 9.00, 'RaidTracker (by Gman)', 'Gman'),
(33, 'Serpentshrine Cavern', 1197350586, 'The Lurker Below', 5.00, 'RaidTracker (by Gman)', 'Gman'),
(34, 'Serpentshrine Cavern', 1197350586, 'Trash Mob', 3.00, 'RaidTracker (by Gman)', 'Gman'),
(35, 'Serpentshrine Cavern', 1197350586, 'Morogrim Tidewalker', 7.00, 'RaidTracker (by Gman)', 'Gman'),
(36, 'Tempest Keep', 1197522890, 'Void Reaver', 10.00, 'RaidTracker (by Gman)', NULL),
(37, 'Serpentshrine Cavern', 1197693005, 'Hydross the Unstable', 7.00, 'RaidTracker (by Gman)', 'Gman'),
(38, 'Serpentshrine Cavern', 1197694407, 'Trash Mob', 2.00, 'RaidTracker (by Gman)', 'Gman'),
(39, 'Serpentshrine Cavern', 1197698594, 'The Lurker Below', 2.00, 'RaidTracker (by Gman)', 'Gman'),
(40, 'Serpentshrine Cavern', 1197701159, 'Trash Mob', 3.00, 'RaidTracker (by Gman)', 'Gman'),
(41, 'Serpentshrine Cavern', 1197702943, 'Morogrim Tidewalker', 4.00, 'RaidTracker (by Gman)', NULL),
(42, 'Tempest Keep', 1198134684, 'Void Reaver', 11.00, 'RaidTracker (by Gman)', 'Gman'),
(43, 'Serpentshrine Cavern', 1198296945, 'Hydross the Unstable', 6.00, 'RaidTracker (by Gman)', NULL),
(44, 'Serpentshrine Cavern', 1198298476, 'Lurker', 6.00, 'RaidTracker (by Gman)', 'Gman'),
(45, 'Serpentshrine Cavern', 1198301748, 'Morogrim Tidewalker', 4.00, 'RaidTracker (by Gman)', 'Gman'),
(46, 'Serpentshrine Cavern', 1198307605, 'Fathom-Lord Karathress', 10.00, 'RaidTracker (by Gman)', 'Gman'),
(47, 'Serpentshrine Cavern', 1198902259, 'Hydross the Unstable', 6.00, 'RaidTracker (by Gman)', 'Gman'),
(48, 'Serpentshrine Cavern', 1198904595, 'The Lurker Below', 3.00, 'RaidTracker (by Gman)', NULL),
(49, 'Serpentshrine Cavern', 1198907773, 'Morogrim Tidewalker', 2.00, 'RaidTracker (by Gman)', 'Gman'),
(50, 'Serpentshrine Cavern', 1198910797, 'Fathom-Lord Karathress', 11.00, 'RaidTracker (by Gman)', 'Gman'),
(51, 'Tempest Keep', 1199339597, 'Void Reaver', 11.00, 'RaidTracker (by Gman)', 'Gman'),
(52, 'Serpentshrine Cavern', 1199506463, 'Hydross the Unstable', 8.00, 'RaidTracker (by Gman)', 'Gman'),
(53, 'Serpentshrine Cavern', 1199508875, 'Lurker', 2.00, 'RaidTracker (by Gman)', 'Gman'),
(54, 'Serpentshrine Cavern', 1199513983, 'Morogrim Tidewalker', 2.00, 'RaidTracker (by Gman)', NULL),
(55, 'Serpentshrine Cavern', 1199517227, 'Fathom-Lord Karathress', 10.00, 'RaidTracker (by Gman)', 'Gman'),
(56, 'Serpentshrine Cavern', 1199772329, 'Leotheras the Blind', 10.00, 'RaidTracker (by Maron)', 'Maron'),
(57, 'Tempest Keep', 1199947631, 'Void Reaver', 11.00, 'RaidTracker (by Gman)', 'Gman'),
(58, 'Serpentshrine Cavern', 1200110736, 'Hydross the Unstable', 2.00, 'RaidTracker (by Gman)', 'Gman'),
(59, 'Serpentshrine Cavern', 1200112784, 'The Lurker Below', 6.00, 'RaidTracker (by Gman)', 'Gman'),
(60, 'Serpentshrine Cavern', 1200369867, 'Trash Mob', 2.00, 'RaidTracker (by Gman)', 'Gman'),
(61, 'Serpentshrine Cavern', 1200373917, 'Morogrim Tidewalker', 2.00, 'RaidTracker (by Gman)', 'Gman'),
(62, 'Serpentshrine Cavern', 1200377093, 'Fathom-Lord Karathress', 10.00, 'RaidTracker (by Gman)', 'Gman'),
(63, 'Tempest Keep', 1200547978, 'Al''ar', 5.00, 'RaidTracker (by Gman)', 'Gman'),
(64, 'Tempest Keep', 1200550807, 'Void Reaver', 12.00, 'RaidTracker (by Gman)', 'Gman'),
(65, 'Tempest Keep', 1200551674, 'Trash Mob', 3.00, 'RaidTracker (by Gman)', 'Gman'),
(66, 'Serpentshrine Cavern', 1200714737, 'Trash Mob', 2.00, 'RaidTracker (by Gman)', 'Gman'),
(67, 'Serpentshrine Cavern', 1200716244, 'Hydross the Unstable', 7.00, 'RaidTracker (by Gman)', 'Gman'),
(68, 'Serpentshrine Cavern', 1200716777, 'Trash Mob', 5.00, 'RaidTracker (by Gman)', 'Gman'),
(69, 'Serpentshrine Cavern', 1200718208, 'Morogrim Tidewalker', 8.00, 'RaidTracker (by Gman)', 'Gman'),
(70, 'Serpentshrine Cavern', 1200724567, 'Fathom-Lord Karathress', 8.00, 'RaidTracker (by Gman)', 'Gman'),
(71, 'Serpentshrine Cavern', 1200976952, 'Leotheras the Blind', 11.00, 'RaidTracker (by Gman)', 'Gman'),
(72, 'Tempest Keep', 1201149951, 'Trash Mob', 3.00, 'RaidTracker (by Gman)', 'Gman'),
(73, 'Tempest Keep', 1201153486, 'Al''ar', 7.00, 'RaidTracker (by Gman)', 'Gman'),
(74, 'Tempest Keep', 1201155271, 'Void Reaver', 11.00, 'RaidTracker (by Gman)', 'Gman'),
(75, 'Serpentshrine Cavern', 1201318694, 'Hydross', 8.00, 'Ciara', 'Ciara'),
(76, 'Serpentshrine Cavern', 1201318904, 'The Lurker Below', 5.00, 'Ciara', 'Ciara'),
(77, 'Serpentshrine Cavern', 1201322757, 'Morogrim Tidewalker', 2.00, 'Ciara', NULL),
(78, 'Serpentshrine Cavern', 1201325217, 'Fathon Lord Karathress', 12.00, 'Ciara', 'Ciara'),
(79, 'Serpentshrine Cavern', 1201328033, 'Leotheras the Blind', 11.00, 'Ciara', 'Ciara'),
(80, 'Tempest Keep', 1201755251, 'Al''ar', 6.00, 'RaidTracker (by Gman)', 'Gman'),
(81, 'Tempest Keep', 1201762812, 'Void Reaver', 8.00, 'RaidTracker (by Gman)', 'Gman');

-- --------------------------------------------------------

--
-- Table structure for table `eqdkp_raid_attendees`
--

CREATE TABLE IF NOT EXISTS `eqdkp_raid_attendees` (
  `raid_id` mediumint(8) unsigned NOT NULL,
  `member_name` varchar(30) NOT NULL,
  KEY `raid_id` (`raid_id`),
  KEY `member_name` (`member_name`)
) ENGINE=InnoDB DEFAULT CHARSET=latin1;

--
-- Dumping data for table `eqdkp_raid_attendees`
--

INSERT INTO `eqdkp_raid_attendees` (`raid_id`, `member_name`) VALUES
(2, 'Aotearoa'),
(2, 'Azezel'),
(2, 'Bangu'),
(2, 'Ciara'),
(2, 'Crobbie'),
(2, 'Dumoch'),
(2, 'Ffolg'),
(2, 'Gauner'),
(2, 'Ghumganuk'),
(2, 'Hoopty'),
(2, 'Inke'),
(2, 'Kandwana'),
(2, 'Kasir'),
(2, 'Maron'),
(2, 'Motility'),
(2, 'Norak'),
(2, 'Piter'),
(2, 'Soranna'),
(2, 'Sythias'),
(2, 'Tiffanie'),
(2, 'Sluki'),
(2, 'Torgrum'),
(2, 'Valissia'),
(2, 'Waka'),
(2, 'Wyrmtongue'),
(1, 'Bangu'),
(1, 'Bloke'),
(1, 'Ciara'),
(1, 'Crobbie'),
(1, 'Ffolg'),
(1, 'Gauner'),
(1, 'Ghumganuk'),
(1, 'Hoopty'),
(1, 'Inke'),
(1, 'Kandwana'),
(1, 'Kasir'),
(1, 'Kivor'),
(1, 'Maron'),
(1, 'Mistaia'),
(1, 'Motility'),
(1, 'Norak'),
(1, 'Onokoko'),
(1, 'Poraga'),
(1, 'Rahzull'),
(1, 'Shinzarr'),
(1, 'Soranna'),
(1, 'Sluki'),
(1, 'Valissia'),
(1, 'Waka'),
(1, 'Wyrmtongue'),
(3, 'Aotearoa'),
(3, 'Ashava'),
(3, 'Azezel'),
(3, 'Ciara'),
(3, 'Dumoch'),
(3, 'Ffolg'),
(3, 'Gauner'),
(3, 'Ghumganuk'),
(3, 'Gnishi'),
(3, 'Hoopty'),
(3, 'Kandwana'),
(3, 'Kasir'),
(3, 'Maron'),
(3, 'Motility'),
(3, 'Norak'),
(3, 'Piter'),
(3, 'Poraga'),
(3, 'Rallie'),
(3, 'Shinzarr'),
(3, 'Soranna'),
(3, 'Sythias'),
(3, 'Tiffanie'),
(3, 'Sluki'),
(3, 'Valissia'),
(3, 'Waka'),
(4, 'Arks'),
(4, 'Bangu'),
(4, 'Bloke'),
(4, 'Ciara'),
(4, 'Cylesta'),
(4, 'Ffolg'),
(4, 'Gauner'),
(4, 'Gnishi'),
(4, 'Guln'),
(4, 'Hoopty'),
(4, 'Inke'),
(4, 'Iueelyen'),
(4, 'Kandwana'),
(4, 'Kasir'),
(4, 'Lugarh'),
(4, 'Onokoko'),
(4, 'Piter'),
(4, 'Crobbie'),
(4, 'Serfie'),
(4, 'Sparrowsong'),
(4, 'Sythias'),
(4, 'Tiffanie'),
(4, 'Valissia'),
(4, 'Waka'),
(4, 'Yanqu'),
(5, 'Bloke'),
(5, 'Chopz'),
(5, 'Ciara'),
(5, 'Dumoch'),
(5, 'Ffolg'),
(5, 'Gauner'),
(5, 'Gnishi'),
(5, 'Guln'),
(5, 'Inke'),
(5, 'Iueelyen'),
(5, 'Kandwana'),
(5, 'Kasir'),
(5, 'Lugarh'),
(5, 'Maron'),
(5, 'Onokoko'),
(5, 'Piter'),
(5, 'Serfie'),
(5, 'Shinzarr'),
(5, 'Sythias'),
(5, 'Tiffanie'),
(5, 'Valissia'),
(5, 'Waka'),
(5, 'Wyrmtongue'),
(5, 'Yanqu'),
(5, 'Zeddi'),
(6, 'Bangu'),
(6, 'Bloke'),
(6, 'Chopz'),
(6, 'Ciara'),
(6, 'Gauner'),
(6, 'Gnishi'),
(6, 'Guln'),
(6, 'Hoopty'),
(6, 'Kandern'),
(6, 'Kandwana'),
(6, 'Kasir'),
(6, 'Lereux'),
(6, 'Lugarh'),
(6, 'Maron'),
(6, 'Norak'),
(6, 'Onokoko'),
(6, 'Piter'),
(6, 'Crobbie'),
(6, 'Serfie'),
(6, 'Shinzarr'),
(6, 'Sparrowsong'),
(6, 'Tiffanie'),
(6, 'Waka'),
(6, 'Yanqu'),
(6, 'Zeddi'),
(7, 'Ardden'),
(7, 'Ithica'),
(8, 'Bangu'),
(8, 'Ciara'),
(8, 'Ffolg'),
(8, 'Guln'),
(8, 'Hoopty'),
(8, 'Inke'),
(8, 'Kandern'),
(8, 'Karasola'),
(8, 'Kasir'),
(8, 'Lereux'),
(8, 'Lugarh'),
(8, 'Maron'),
(8, 'Marvy'),
(8, 'Norak'),
(8, 'Onokoko'),
(8, 'Piter'),
(8, 'Crobbie'),
(8, 'Serfie'),
(8, 'Sparrowsong'),
(8, 'Sythias'),
(8, 'Tiffanie'),
(8, 'Valissia'),
(8, 'Waka'),
(8, 'Yanqu'),
(8, 'Zeddi'),
(9, 'Bangu'),
(9, 'Ciara'),
(9, 'Ffolg'),
(9, 'Guln'),
(9, 'Hoopty'),
(9, 'Inke'),
(9, 'Kandern'),
(9, 'Karasola'),
(9, 'Kasir'),
(9, 'Lereux'),
(9, 'Lugarh'),
(9, 'Maron'),
(9, 'Marvy'),
(9, 'Norak'),
(9, 'Onokoko'),
(9, 'Piter'),
(9, 'Crobbie'),
(9, 'Serfie'),
(9, 'Sparrowsong'),
(9, 'Sythias'),
(9, 'Tiffanie'),
(9, 'Valissia'),
(9, 'Waka'),
(9, 'Yanqu'),
(9, 'Zeddi'),
(10, 'Ardden'),
(10, 'Cylesta'),
(10, 'Dumoch'),
(10, 'Ithica'),
(11, 'Bangu'),
(11, 'Chopz'),
(11, 'Ciara'),
(11, 'Dumoch'),
(11, 'Gauner'),
(11, 'Gnishi'),
(11, 'Guln'),
(11, 'Hoopty'),
(11, 'Inke'),
(11, 'Karasola'),
(11, 'Lugarh'),
(11, 'Maron'),
(11, 'Norak'),
(11, 'Onokoko'),
(11, 'Piter'),
(11, 'Serfie'),
(11, 'Sparrowsong'),
(11, 'Stroked'),
(11, 'Sythias'),
(11, 'Tiffanie'),
(11, 'Tinyt'),
(11, 'Valissia'),
(11, 'Waka'),
(11, 'Yanqu'),
(11, 'Zeddi'),
(12, 'Rahb'),
(13, 'Atlin'),
(13, 'Chopz'),
(13, 'Ciara'),
(13, 'Cylesta'),
(13, 'Gauner'),
(13, 'Gnishi'),
(13, 'Guln'),
(13, 'Hoopty'),
(13, 'Karasola'),
(13, 'Ketene'),
(13, 'Lereux'),
(13, 'Lockridge'),
(13, 'Lugarh'),
(13, 'Maron'),
(13, 'Marvy'),
(13, 'Norak'),
(13, 'Piter'),
(13, 'Serfie'),
(13, 'Soranna'),
(13, 'Sparrowsong'),
(13, 'Sythias'),
(13, 'Tiffanie'),
(13, 'Waka'),
(13, 'Yanqu'),
(13, 'Zeddi'),
(14, 'Atlin'),
(14, 'Chopz'),
(14, 'Ciara'),
(14, 'Cylesta'),
(14, 'Gauner'),
(14, 'Gnishi'),
(14, 'Guln'),
(14, 'Hoopty'),
(14, 'Karasola'),
(14, 'Ketene'),
(14, 'Lereux'),
(14, 'Lockridge'),
(14, 'Lugarh'),
(14, 'Maron'),
(14, 'Marvy'),
(14, 'Norak'),
(14, 'Piter'),
(14, 'Serfie'),
(14, 'Soranna'),
(14, 'Sparrowsong'),
(14, 'Sythias'),
(14, 'Tiffanie'),
(14, 'Waka'),
(14, 'Yanqu'),
(14, 'Zeddi'),
(15, 'Ardden'),
(15, 'Ciara'),
(15, 'Cylesta'),
(15, 'Ffolg'),
(15, 'Gauner'),
(15, 'Gnishi'),
(15, 'Guln'),
(15, 'Hoopty'),
(15, 'Karasola'),
(15, 'Ketene'),
(15, 'Lereux'),
(15, 'Lockridge'),
(15, 'Lugarh'),
(15, 'Maron'),
(15, 'Namdaed'),
(15, 'Onokoko'),
(15, 'Piter'),
(15, 'Razed'),
(15, 'Serfie'),
(15, 'Shazara'),
(15, 'Sparrowsong'),
(15, 'Sythias'),
(15, 'Sluki'),
(15, 'Waka'),
(15, 'Wyrmtongue'),
(15, 'Zeddi'),
(15, 'Zetolious'),
(16, 'Ciara'),
(16, 'Cylesta'),
(16, 'Ffolg'),
(16, 'Gauner'),
(16, 'Gnishi'),
(16, 'Guln'),
(16, 'Hoopty'),
(16, 'Karasola'),
(16, 'Ketene'),
(16, 'Lereux'),
(16, 'Lockridge'),
(16, 'Lugarh'),
(16, 'Maron'),
(16, 'Namdaed'),
(16, 'Onokoko'),
(16, 'Piter'),
(16, 'Razed'),
(16, 'Serfie'),
(16, 'Shazara'),
(16, 'Sparrowsong'),
(16, 'Sythias'),
(16, 'Waka'),
(16, 'Wyrmtongue'),
(16, 'Zeddi'),
(16, 'Zetolious'),
(17, 'Ciara'),
(17, 'Cylesta'),
(17, 'Ffolg'),
(17, 'Gauner'),
(17, 'Gnishi'),
(17, 'Guln'),
(17, 'Hoopty'),
(17, 'Karasola'),
(17, 'Ketene'),
(17, 'Lereux'),
(17, 'Lockridge'),
(17, 'Lugarh'),
(17, 'Maron'),
(17, 'Namdaed'),
(17, 'Onokoko'),
(17, 'Piter'),
(17, 'Razed'),
(17, 'Serfie'),
(17, 'Shazara'),
(17, 'Sparrowsong'),
(17, 'Sythias'),
(17, 'Waka'),
(17, 'Wyrmtongue'),
(17, 'Zeddi'),
(17, 'Zetolious'),
(20, 'Ardden'),
(20, 'Atlin'),
(20, 'Bloke'),
(20, 'Ciara'),
(20, 'Cylesta'),
(20, 'Ffolg'),
(20, 'Gauner'),
(20, 'Gnishi'),
(20, 'Guln'),
(20, 'Lockridge'),
(20, 'Maron'),
(20, 'Muertaa'),
(20, 'Namdaed'),
(20, 'Onokoko'),
(20, 'Piter'),
(20, 'Razed'),
(20, 'Rijda'),
(20, 'Ithica'),
(20, 'Serfie'),
(20, 'Sparrowsong'),
(20, 'Sythias'),
(20, 'Sluki'),
(20, 'Waka'),
(20, 'Zeddi'),
(20, 'Zetolious'),
(18, 'Ardden'),
(18, 'Atlin'),
(18, 'Bloke'),
(18, 'Ciara'),
(18, 'Cylesta'),
(18, 'Ffolg'),
(18, 'Gauner'),
(18, 'Gnishi'),
(18, 'Guln'),
(18, 'Lereux'),
(18, 'Lockridge'),
(18, 'Maron'),
(18, 'Muertaa'),
(18, 'Namdaed'),
(18, 'Onokoko'),
(18, 'Piter'),
(18, 'Razed'),
(18, 'Rijda'),
(18, 'Ithica'),
(18, 'Serfie'),
(18, 'Sparrowsong'),
(18, 'Sythias'),
(18, 'Waka'),
(18, 'Wyrmtongue'),
(18, 'Zeddi'),
(18, 'Zetolious'),
(19, 'Ardden'),
(19, 'Atlin'),
(19, 'Bloke'),
(19, 'Ciara'),
(19, 'Cylesta'),
(19, 'Ffolg'),
(19, 'Gauner'),
(19, 'Gnishi'),
(19, 'Guln'),
(19, 'Lereux'),
(19, 'Lockridge'),
(19, 'Maron'),
(19, 'Muertaa'),
(19, 'Namdaed'),
(19, 'Onokoko'),
(19, 'Piter'),
(19, 'Razed'),
(19, 'Rijda'),
(19, 'Ithica'),
(19, 'Serfie'),
(19, 'Sparrowsong'),
(19, 'Sythias'),
(19, 'Waka'),
(19, 'Wyrmtongue'),
(19, 'Zeddi'),
(19, 'Zetolious'),
(21, 'Ardden'),
(21, 'Atlin'),
(21, 'Bloke'),
(21, 'Ciara'),
(21, 'Ffolg'),
(21, 'Gauner'),
(21, 'Gnishi'),
(21, 'Guln'),
(21, 'Ketene'),
(21, 'Lockridge'),
(21, 'Lugarh'),
(21, 'Maron'),
(21, 'Muertaa'),
(21, 'Namdaed'),
(21, 'Onokoko'),
(21, 'Razed'),
(21, 'Rijda'),
(21, 'Ithica'),
(21, 'Serfie'),
(21, 'Sparrowsong'),
(21, 'Sythias'),
(21, 'Waka'),
(21, 'Zeddi'),
(21, 'Zetolious'),
(22, 'Ardden'),
(22, 'Bloke'),
(22, 'Ciara'),
(22, 'Cylesta'),
(22, 'Ffolg'),
(22, 'Gauner'),
(22, 'Gnishi'),
(22, 'Guln'),
(22, 'Ketene'),
(22, 'Lockridge'),
(22, 'Lugarh'),
(22, 'Maron'),
(22, 'Muertaa'),
(22, 'Namdaed'),
(22, 'Norak'),
(22, 'Onokoko'),
(22, 'Piter'),
(22, 'Rijda'),
(22, 'Ithica'),
(22, 'Serfie'),
(22, 'Shazara'),
(22, 'Sparrowsong'),
(22, 'Sythias'),
(22, 'Waka'),
(22, 'Wyrmtongue'),
(22, 'Zeddi'),
(22, 'Zetolious'),
(23, 'Ardden'),
(23, 'Bloke'),
(23, 'Ciara'),
(23, 'Cylesta'),
(23, 'Ffolg'),
(23, 'Gauner'),
(23, 'Gnishi'),
(23, 'Guln'),
(23, 'Ketene'),
(23, 'Lockridge'),
(23, 'Lugarh'),
(23, 'Maron'),
(23, 'Muertaa'),
(23, 'Namdaed'),
(23, 'Norak'),
(23, 'Onokoko'),
(23, 'Piter'),
(23, 'Rijda'),
(23, 'Ithica'),
(23, 'Serfie'),
(23, 'Shazara'),
(23, 'Sparrowsong'),
(23, 'Sythias'),
(23, 'Waka'),
(23, 'Wyrmtongue'),
(23, 'Zeddi'),
(23, 'Zetolious'),
(24, 'Ardden'),
(24, 'Bloke'),
(24, 'Ciara'),
(24, 'Gauner'),
(24, 'Gnishi'),
(24, 'Guln'),
(24, 'Hoopty'),
(24, 'Karasola'),
(24, 'Ketene'),
(24, 'Lereux'),
(24, 'Lockridge'),
(24, 'Lugarh'),
(24, 'Maron'),
(24, 'Namdaed'),
(24, 'Norak'),
(24, 'Onokoko'),
(24, 'Piter'),
(24, 'Razed'),
(24, 'Rijda'),
(24, 'Ithica'),
(24, 'Serfie'),
(24, 'Sparrowsong'),
(24, 'Sythias'),
(24, 'Wyrmtongue'),
(24, 'Zeddi'),
(24, 'Zetolious'),
(25, 'Ardden'),
(25, 'Ciara'),
(25, 'Dumoch'),
(25, 'Ffolg'),
(25, 'Gauner'),
(25, 'Gnishi'),
(25, 'Guln'),
(25, 'Iueelyen'),
(25, 'Karasola'),
(25, 'Ketene'),
(25, 'Lockridge'),
(25, 'Lugarh'),
(25, 'Maron'),
(25, 'Namdaed'),
(25, 'Norak'),
(25, 'Onokoko'),
(25, 'Razed'),
(25, 'Ithica'),
(25, 'Serfie'),
(25, 'Waka'),
(25, 'Wyrmtongue'),
(25, 'Zeddi'),
(25, 'Zetolious'),
(26, 'Ardden'),
(26, 'Ciara'),
(26, 'Dumoch'),
(26, 'Ffolg'),
(26, 'Gauner'),
(26, 'Geland'),
(26, 'Gnishi'),
(26, 'Guln'),
(26, 'Ithica'),
(26, 'Karasola'),
(26, 'Lockridge'),
(26, 'Lugarh'),
(26, 'Maron'),
(26, 'Muertaa'),
(26, 'Namdaed'),
(26, 'Norak'),
(26, 'Onokoko'),
(26, 'Piter'),
(26, 'Razed'),
(26, 'Rijda'),
(26, 'Serfie'),
(26, 'Sythias'),
(26, 'Waka'),
(26, 'Wyrmtongue'),
(26, 'Zeddi'),
(26, 'Zetolious'),
(27, 'Ardden'),
(27, 'Ciara'),
(27, 'Crobbie'),
(27, 'Gauner'),
(27, 'Geland'),
(27, 'Gnishi'),
(27, 'Guln'),
(27, 'Ithica'),
(27, 'Karasola'),
(27, 'Ketene'),
(27, 'Lockridge'),
(27, 'Lugarh'),
(27, 'Maron'),
(27, 'Muertaa'),
(27, 'Namdaed'),
(27, 'Norak'),
(27, 'Onokoko'),
(27, 'Piter'),
(27, 'Razed'),
(27, 'Rijda'),
(27, 'Serfie'),
(27, 'Sythias'),
(27, 'Waka'),
(27, 'Wyrmtongue'),
(27, 'Zeddi'),
(28, 'Ardden'),
(28, 'Ciara'),
(28, 'Dumoch'),
(28, 'Ffolg'),
(28, 'Gauner'),
(28, 'Geland'),
(28, 'Gnishi'),
(28, 'Guln'),
(28, 'Ithica'),
(28, 'Karasola'),
(28, 'Ketene'),
(28, 'Kulrayk'),
(28, 'Lockridge'),
(28, 'Lugarh'),
(28, 'Maron'),
(28, 'Muertaa'),
(28, 'Namdaed'),
(28, 'Norak'),
(28, 'Onokoko'),
(28, 'Piter'),
(28, 'Razed'),
(28, 'Serfie'),
(28, 'Shinzarr'),
(28, 'Sythias'),
(28, 'Waka'),
(28, 'Wyrmtongue'),
(28, 'Zeddi'),
(28, 'Zetolious'),
(29, 'Ciara'),
(29, 'Dumoch'),
(29, 'Entrerie'),
(29, 'Ffolg'),
(29, 'Gauner'),
(29, 'Geland'),
(29, 'Guln'),
(29, 'Karasola'),
(29, 'Ketene'),
(29, 'Kulrayk'),
(29, 'Lockridge'),
(29, 'Maron'),
(29, 'Muertaa'),
(29, 'Namdaed'),
(29, 'Norak'),
(29, 'Onokoko'),
(29, 'Piter'),
(29, 'Razed'),
(29, 'Serfie'),
(29, 'Shinzarr'),
(29, 'Sluki'),
(29, 'Sythias'),
(29, 'Talian'),
(29, 'Waka'),
(29, 'Wyrmtongue'),
(29, 'Zeddi'),
(29, 'Zetolious'),
(30, 'Ciara'),
(30, 'Dumoch'),
(30, 'Entrerie'),
(30, 'Gauner'),
(30, 'Geland'),
(30, 'Gnishi'),
(30, 'Guln'),
(30, 'Hoopty'),
(30, 'Iueelyen'),
(30, 'Karasola'),
(30, 'Ketene'),
(30, 'Kulrayk'),
(30, 'Lockridge'),
(30, 'Maron'),
(30, 'Namdaed'),
(30, 'Norak'),
(30, 'Onokoko'),
(30, 'Piter'),
(30, 'Serfie'),
(30, 'Sythias'),
(30, 'Talian'),
(30, 'Vlas'),
(30, 'Waka'),
(30, 'Zeddi'),
(30, 'Zetolious'),
(31, 'Ciara'),
(31, 'Dumoch'),
(31, 'Entrerie'),
(31, 'Gauner'),
(31, 'Geland'),
(31, 'Gnishi'),
(31, 'Guln'),
(31, 'Hoopty'),
(31, 'Iueelyen'),
(31, 'Karasola'),
(31, 'Ketene'),
(31, 'Kulrayk'),
(31, 'Lockridge'),
(31, 'Maron'),
(31, 'Namdaed'),
(31, 'Norak'),
(31, 'Onokoko'),
(31, 'Piter'),
(31, 'Serfie'),
(31, 'Sythias'),
(31, 'Talian'),
(31, 'Vlas'),
(31, 'Waka'),
(31, 'Zeddi'),
(31, 'Zetolious'),
(32, 'Apoco'),
(32, 'Ffolg'),
(32, 'Gauner'),
(32, 'Geland'),
(32, 'Gnishi'),
(32, 'Guln'),
(32, 'Karasola'),
(32, 'Kulrayk'),
(32, 'Crobbie'),
(32, 'Lockridge'),
(32, 'Maron'),
(32, 'Mastidon'),
(32, 'Namdaed'),
(32, 'Norak'),
(32, 'Onokoko'),
(32, 'Piter'),
(32, 'Raisis'),
(32, 'Rijda'),
(32, 'Serfie'),
(32, 'Sethon'),
(32, 'Snowthine'),
(32, 'Sythias'),
(32, 'Vlas'),
(32, 'Waka'),
(32, 'Wyrmtongue'),
(32, 'Zeddi'),
(33, 'Apoco'),
(33, 'Ffolg'),
(33, 'Gauner'),
(33, 'Geland'),
(33, 'Gnishi'),
(33, 'Guln'),
(33, 'Karasola'),
(33, 'Kulrayk'),
(33, 'Crobbie'),
(33, 'Lockridge'),
(33, 'Maron'),
(33, 'Mastidon'),
(33, 'Namdaed'),
(33, 'Norak'),
(33, 'Onokoko'),
(33, 'Piter'),
(33, 'Raisis'),
(33, 'Rijda'),
(33, 'Serfie'),
(33, 'Sethon'),
(33, 'Snowthine'),
(33, 'Sythias'),
(33, 'Vlas'),
(33, 'Waka'),
(33, 'Wyrmtongue'),
(33, 'Zeddi'),
(33, 'Zetolious'),
(34, 'Apoco'),
(34, 'Ffolg'),
(34, 'Gauner'),
(34, 'Geland'),
(34, 'Gnishi'),
(34, 'Guln'),
(34, 'Karasola'),
(34, 'Kulrayk'),
(34, 'Crobbie'),
(34, 'Lockridge'),
(34, 'Lyaera'),
(34, 'Maron'),
(34, 'Mastidon'),
(34, 'Namdaed'),
(34, 'Norak'),
(34, 'Onokoko'),
(34, 'Piter'),
(34, 'Raisis'),
(34, 'Rijda'),
(34, 'Serfie'),
(34, 'Sethon'),
(34, 'Snowthine'),
(34, 'Sythias'),
(34, 'Vlas'),
(34, 'Waka'),
(34, 'Wyrmtongue'),
(34, 'Zeddi'),
(35, 'Apoco'),
(35, 'Bloke'),
(35, 'Ffolg'),
(35, 'Gauner'),
(35, 'Geland'),
(35, 'Gnishi'),
(35, 'Guln'),
(35, 'Karasola'),
(35, 'Kulrayk'),
(35, 'Crobbie'),
(35, 'Lockridge'),
(35, 'Lyaera'),
(35, 'Maron'),
(35, 'Namdaed'),
(35, 'Norak'),
(35, 'Onokoko'),
(35, 'Piter'),
(35, 'Raisis'),
(35, 'Rijda'),
(35, 'Serfie'),
(35, 'Sethon'),
(35, 'Sythias'),
(35, 'Vlas'),
(35, 'Waka'),
(35, 'Wyrmtongue'),
(35, 'Zeddi'),
(36, 'Apoco'),
(36, 'Ciara'),
(36, 'Entrerie'),
(36, 'Ffolg'),
(36, 'Gauner'),
(36, 'Geland'),
(36, 'Guln'),
(36, 'Iueelyen'),
(36, 'Karasola'),
(36, 'Kulrayk'),
(36, 'Lockridge'),
(36, 'Maron'),
(36, 'Meinaria'),
(36, 'Namdaed'),
(36, 'Norak'),
(36, 'Onokoko'),
(36, 'Piter'),
(36, 'Raisis'),
(36, 'Rijda'),
(36, 'Serfie'),
(36, 'Sethon'),
(36, 'Sythias'),
(36, 'Waka'),
(36, 'Wyrmtongue'),
(36, 'Zetolious'),
(37, 'Apoco'),
(37, 'Ciara'),
(37, 'Ffolg'),
(37, 'Gauner'),
(37, 'Geland'),
(37, 'Gnishi'),
(37, 'Guln'),
(37, 'Iueelyen'),
(37, 'Karasola'),
(37, 'Kulrayk'),
(37, 'Crobbie'),
(37, 'Lockridge'),
(37, 'Maron'),
(37, 'Meinaria'),
(37, 'Namdaed'),
(37, 'Norak'),
(37, 'Onokoko'),
(37, 'Piter'),
(37, 'Raisis'),
(37, 'Rijda'),
(37, 'Serfie'),
(37, 'Sethon'),
(37, 'Snowthine'),
(37, 'Sythias'),
(37, 'Wyrmtongue'),
(37, 'Zetolious'),
(38, 'Apoco'),
(38, 'Ciara'),
(38, 'Ffolg'),
(38, 'Gauner'),
(38, 'Geland'),
(38, 'Gnishi'),
(38, 'Guln'),
(38, 'Iueelyen'),
(38, 'Karasola'),
(38, 'Kulrayk'),
(38, 'Crobbie'),
(38, 'Lockridge'),
(38, 'Maron'),
(38, 'Meinaria'),
(38, 'Namdaed'),
(38, 'Norak'),
(38, 'Onokoko'),
(38, 'Piter'),
(38, 'Raisis'),
(38, 'Rijda'),
(38, 'Serfie'),
(38, 'Sethon'),
(38, 'Snowthine'),
(38, 'Sythias'),
(38, 'Wyrmtongue'),
(38, 'Zetolious'),
(39, 'Apoco'),
(39, 'Ciara'),
(39, 'Ffolg'),
(39, 'Gauner'),
(39, 'Geland'),
(39, 'Gnishi'),
(39, 'Guln'),
(39, 'Iueelyen'),
(39, 'Karasola'),
(39, 'Crobbie'),
(39, 'Lockridge'),
(39, 'Lyaera'),
(39, 'Maron'),
(39, 'Meinaria'),
(39, 'Namdaed'),
(39, 'Norak'),
(39, 'Onokoko'),
(39, 'Piter'),
(39, 'Raisis'),
(39, 'Rijda'),
(39, 'Serfie'),
(39, 'Sethon'),
(39, 'Snowthine'),
(39, 'Sluki'),
(39, 'Sythias'),
(39, 'Wyrmtongue'),
(39, 'Zetolious'),
(40, 'Apoco'),
(40, 'Ciara'),
(40, 'Ffolg'),
(40, 'Gauner'),
(40, 'Geland'),
(40, 'Gnishi'),
(40, 'Guln'),
(40, 'Iueelyen'),
(40, 'Karasola'),
(40, 'Crobbie'),
(40, 'Lockridge'),
(40, 'Lyaera'),
(40, 'Maron'),
(40, 'Meinaria'),
(40, 'Namdaed'),
(40, 'Norak'),
(40, 'Onokoko'),
(40, 'Piter'),
(40, 'Raisis'),
(40, 'Rijda'),
(40, 'Serfie'),
(40, 'Sethon'),
(40, 'Snowthine'),
(40, 'Sluki'),
(40, 'Sythias'),
(40, 'Zetolious'),
(41, 'Ciara'),
(41, 'Ffolg'),
(41, 'Gauner'),
(41, 'Geland'),
(41, 'Gnishi'),
(41, 'Guln'),
(41, 'Iueelyen'),
(41, 'Karasola'),
(41, 'Crobbie'),
(41, 'Lockridge'),
(41, 'Lyaera'),
(41, 'Maron'),
(41, 'Meinaria'),
(41, 'Namdaed'),
(41, 'Norak'),
(41, 'Onokoko'),
(41, 'Piter'),
(41, 'Raisis'),
(41, 'Rijda'),
(41, 'Serfie'),
(41, 'Sethon'),
(41, 'Snowthine'),
(41, 'Sluki'),
(41, 'Sythias'),
(41, 'Zetolious'),
(42, 'Apoco'),
(42, 'Ciara'),
(42, 'Ffolg'),
(42, 'Gauner'),
(42, 'Geland'),
(42, 'Gnishi'),
(42, 'Guln'),
(42, 'Karasola'),
(42, 'Kulrayk'),
(42, 'Crobbie'),
(42, 'Lockridge'),
(42, 'Maron'),
(42, 'Mastidon'),
(42, 'Meinaria'),
(42, 'Muertaa'),
(42, 'Namdaed'),
(42, 'Norak'),
(42, 'Onokoko'),
(42, 'Piter'),
(42, 'Raisis'),
(42, 'Rijda'),
(42, 'Serfie'),
(42, 'Snowthine'),
(42, 'Sythias'),
(42, 'Waka'),
(42, 'Wyrmtongue'),
(42, 'Zetolious'),
(43, 'Ciara'),
(43, 'Ffolg'),
(43, 'Gauner'),
(43, 'Geland'),
(43, 'Gnishi'),
(43, 'Guln'),
(43, 'Hoopty'),
(43, 'Iueelyen'),
(43, 'Karasola'),
(43, 'Ketene'),
(43, 'Kulrayk'),
(43, 'Crobbie'),
(43, 'Lockridge'),
(43, 'Maron'),
(43, 'Meinaria'),
(43, 'Namdaed'),
(43, 'Norak'),
(43, 'Onokoko'),
(43, 'Piter'),
(43, 'Raisis'),
(43, 'Rijda'),
(43, 'Serfie'),
(43, 'Sythias'),
(43, 'Waka'),
(43, 'Zetolious'),
(44, 'Ciara'),
(44, 'Ffolg'),
(44, 'Gauner'),
(44, 'Geland'),
(44, 'Gnishi'),
(44, 'Guln'),
(44, 'Hoopty'),
(44, 'Iueelyen'),
(44, 'Karasola'),
(44, 'Ketene'),
(44, 'Kulrayk'),
(44, 'Crobbie'),
(44, 'Lockridge'),
(44, 'Maron'),
(44, 'Meinaria'),
(44, 'Namdaed'),
(44, 'Norak'),
(44, 'Onokoko'),
(44, 'Piter'),
(44, 'Raisis'),
(44, 'Rijda'),
(44, 'Serfie'),
(44, 'Snowthine'),
(44, 'Sythias'),
(44, 'Waka'),
(44, 'Zetolious'),
(45, 'Ciara'),
(45, 'Dumoch'),
(45, 'Ffolg'),
(45, 'Gauner'),
(45, 'Geland'),
(45, 'Gnishi'),
(45, 'Guln'),
(45, 'Hoopty'),
(45, 'Iueelyen'),
(45, 'Karasola'),
(45, 'Ketene'),
(45, 'Kulrayk'),
(45, 'Crobbie'),
(45, 'Lockridge'),
(45, 'Maron'),
(45, 'Meinaria'),
(45, 'Namdaed'),
(45, 'Norak'),
(45, 'Onokoko'),
(45, 'Piter'),
(45, 'Raisis'),
(45, 'Rijda'),
(45, 'Serfie'),
(45, 'Snowthine'),
(45, 'Sythias'),
(45, 'Waka'),
(45, 'Zetolious'),
(48, 'Ciara'),
(48, 'Ffolg'),
(48, 'Gauner'),
(48, 'Geland'),
(48, 'Guln'),
(48, 'Ketene'),
(48, 'Kulrayk'),
(48, 'Crobbie'),
(48, 'Lockridge'),
(48, 'Maron'),
(48, 'Meinaria'),
(48, 'Muertaa'),
(48, 'Namdaed'),
(48, 'Norak'),
(48, 'Onokoko'),
(48, 'Piter'),
(48, 'Rajamakah'),
(48, 'Rijda'),
(48, 'Serfie'),
(48, 'Shinzarr'),
(48, 'Snowthine'),
(48, 'Sythias'),
(48, 'Valion'),
(48, 'Waka'),
(48, 'Zetolious'),
(47, 'Ciara'),
(47, 'Ffolg'),
(47, 'Gauner'),
(47, 'Geland'),
(47, 'Guln'),
(47, 'Ketene'),
(47, 'Kulrayk'),
(47, 'Crobbie'),
(47, 'Lockridge'),
(47, 'Maron'),
(47, 'Meinaria'),
(47, 'Muertaa'),
(47, 'Namdaed'),
(47, 'Norak'),
(47, 'Onokoko'),
(47, 'Piter'),
(47, 'Rajamakah'),
(47, 'Rijda'),
(47, 'Serfie'),
(47, 'Shinzarr'),
(47, 'Snowthine'),
(47, 'Sythias'),
(47, 'Valion'),
(47, 'Waka'),
(47, 'Zetolious'),
(46, 'Atlin'),
(46, 'Ciara'),
(46, 'Ffolg'),
(46, 'Gauner'),
(46, 'Geland'),
(46, 'Gnishi'),
(46, 'Guln'),
(46, 'Hoopty'),
(46, 'Karasola'),
(46, 'Ketene'),
(46, 'Kulrayk'),
(46, 'Crobbie'),
(46, 'Lockridge'),
(46, 'Maron'),
(46, 'Meinaria'),
(46, 'Namdaed'),
(46, 'Norak'),
(46, 'Onokoko'),
(46, 'Piter'),
(46, 'Raisis'),
(46, 'Rijda'),
(46, 'Serfie'),
(46, 'Snowthine'),
(46, 'Sythias'),
(46, 'Waka'),
(49, 'Ciara'),
(49, 'Ffolg'),
(49, 'Gauner'),
(49, 'Geland'),
(49, 'Guln'),
(49, 'Ketene'),
(49, 'Kulrayk'),
(49, 'Crobbie'),
(49, 'Lockridge'),
(49, 'Maron'),
(49, 'Meinaria'),
(49, 'Muertaa'),
(49, 'Namdaed'),
(49, 'Norak'),
(49, 'Onokoko'),
(49, 'Piter'),
(49, 'Rajamakah'),
(49, 'Rijda'),
(49, 'Serfie'),
(49, 'Shinzarr'),
(49, 'Snowthine'),
(49, 'Sythias'),
(49, 'Valion'),
(49, 'Waka'),
(49, 'Wyrmtongue'),
(49, 'Zetolious'),
(50, 'Ciara'),
(50, 'Ffolg'),
(50, 'Gauner'),
(50, 'Geland'),
(50, 'Guln'),
(50, 'Ketene'),
(50, 'Kulrayk'),
(50, 'Crobbie'),
(50, 'Lockridge'),
(50, 'Maron'),
(50, 'Meinaria'),
(50, 'Muertaa'),
(50, 'Namdaed'),
(50, 'Norak'),
(50, 'Onokoko'),
(50, 'Piter'),
(50, 'Rajamakah'),
(50, 'Rijda'),
(50, 'Serfie'),
(50, 'Shinzarr'),
(50, 'Snowthine'),
(50, 'Sythias'),
(50, 'Valion'),
(50, 'Waka'),
(50, 'Wyrmtongue'),
(50, 'Zetolious'),
(51, 'Apoco'),
(51, 'Ciara'),
(51, 'Ffolg'),
(51, 'Gauner'),
(51, 'Geland'),
(51, 'Guln'),
(51, 'Karasola'),
(51, 'Ketene'),
(51, 'Crobbie'),
(51, 'Lockridge'),
(51, 'Maron'),
(51, 'Meinaria'),
(51, 'Muertaa'),
(51, 'Namdaed'),
(51, 'Norak'),
(51, 'Onokoko'),
(51, 'Piter'),
(51, 'Raisis'),
(51, 'Rijda'),
(51, 'Serfie'),
(51, 'Sethon'),
(51, 'Sluki'),
(51, 'Snowthine'),
(51, 'Sythias'),
(51, 'Waka'),
(51, 'Wyrmtongue'),
(51, 'Zetolious'),
(52, 'Apoco'),
(52, 'Bantdok'),
(52, 'Dumoch'),
(52, 'Ffolg'),
(52, 'Gauner'),
(52, 'Geland'),
(52, 'Guln'),
(52, 'Hoopty'),
(52, 'Karasola'),
(52, 'Ketene'),
(52, 'Kulrayk'),
(52, 'Crobbie'),
(52, 'Lockridge'),
(52, 'Maron'),
(52, 'Meinaria'),
(52, 'Namdaed'),
(52, 'Norak'),
(52, 'Onokoko'),
(52, 'Raisis'),
(52, 'Rijda'),
(52, 'Serfie'),
(52, 'Sethon'),
(52, 'Snowthine'),
(52, 'Sythias'),
(52, 'Waka'),
(52, 'Zetolious'),
(53, 'Apoco'),
(53, 'Bantdok'),
(53, 'Ffolg'),
(53, 'Gauner'),
(53, 'Geland'),
(53, 'Guln'),
(53, 'Hoopty'),
(53, 'Karasola'),
(53, 'Ketene'),
(53, 'Kulrayk'),
(53, 'Crobbie'),
(53, 'Lockridge'),
(53, 'Maron'),
(53, 'Meinaria'),
(53, 'Namdaed'),
(53, 'Norak'),
(53, 'Onokoko'),
(53, 'Raisis'),
(53, 'Rijda'),
(53, 'Serfie'),
(53, 'Sethon'),
(53, 'Shinzarr'),
(53, 'Sythias'),
(53, 'Waka'),
(53, 'Zetolious'),
(54, 'Apoco'),
(54, 'Bantdok'),
(54, 'Ffolg'),
(54, 'Gauner'),
(54, 'Geland'),
(54, 'Guln'),
(54, 'Hoopty'),
(54, 'Karasola'),
(54, 'Ketene'),
(54, 'Kulrayk'),
(54, 'Crobbie'),
(54, 'Lockridge'),
(54, 'Maron'),
(54, 'Meinaria'),
(54, 'Namdaed'),
(54, 'Norak'),
(54, 'Onokoko'),
(54, 'Raisis'),
(54, 'Rijda'),
(54, 'Serfie'),
(54, 'Shinzarr'),
(54, 'Sythias'),
(54, 'Valion'),
(54, 'Waka'),
(54, 'Zetolious'),
(55, 'Apoco'),
(55, 'Bantdok'),
(55, 'Ciara'),
(55, 'Ffolg'),
(55, 'Gauner'),
(55, 'Geland'),
(55, 'Guln'),
(55, 'Hoopty'),
(55, 'Karasola'),
(55, 'Ketene'),
(55, 'Kulrayk'),
(55, 'Crobbie'),
(55, 'Lockridge'),
(55, 'Maron'),
(55, 'Meinaria'),
(55, 'Namdaed'),
(55, 'Norak'),
(55, 'Onokoko'),
(55, 'Raisis'),
(55, 'Rijda'),
(55, 'Serfie'),
(55, 'Shinzarr'),
(55, 'Sluki'),
(55, 'Sythias'),
(55, 'Valion'),
(55, 'Waka'),
(55, 'Zetolious'),
(56, 'Apoco'),
(56, 'Bantdok'),
(56, 'Bloke'),
(56, 'Ciara'),
(56, 'Ffolg'),
(56, 'Geland'),
(56, 'Gnishi'),
(56, 'Guln'),
(56, 'Karasola'),
(56, 'Kulrayk'),
(56, 'Lockridge'),
(56, 'Maron'),
(56, 'Meinaria'),
(56, 'Muertaa'),
(56, 'Namdaed'),
(56, 'Norak'),
(56, 'Onokoko'),
(56, 'Raisis'),
(56, 'Crobbie'),
(56, 'Rijda'),
(56, 'Serfie'),
(56, 'Sethon'),
(56, 'Shinzarr'),
(56, 'Sythias'),
(56, 'Waka'),
(56, 'Zetolious'),
(57, 'Apoco'),
(57, 'Ciara'),
(57, 'Ffolg'),
(57, 'Gauner'),
(57, 'Geland'),
(57, 'Guln'),
(57, 'Karasola'),
(57, 'Ketene'),
(57, 'Kulrayk'),
(57, 'Crobbie'),
(57, 'Lockridge'),
(57, 'Lyaera'),
(57, 'Maron'),
(57, 'Meinaria'),
(57, 'Muertaa'),
(57, 'Namdaed'),
(57, 'Norak'),
(57, 'Onokoko'),
(57, 'Piter'),
(57, 'Raisis'),
(57, 'Rijda'),
(57, 'Serfie'),
(57, 'Sethon'),
(57, 'Snowthine'),
(57, 'Sluki'),
(57, 'Sythias'),
(57, 'Waka'),
(57, 'Wyrmtongue'),
(57, 'Zetolious'),
(58, 'Ciara'),
(58, 'Dumoch'),
(58, 'Ffolg'),
(58, 'Gauner'),
(58, 'Geland'),
(58, 'Guln'),
(58, 'Karasola'),
(58, 'Ketene'),
(58, 'Crobbie'),
(58, 'Lockridge'),
(58, 'Lyaera'),
(58, 'Maron'),
(58, 'Meinaria'),
(58, 'Namdaed'),
(58, 'Norak'),
(58, 'Onokoko'),
(58, 'Piter'),
(58, 'Raisis'),
(58, 'Rijda'),
(58, 'Serfie'),
(58, 'Snowthine'),
(58, 'Sythias'),
(58, 'Waka'),
(58, 'Wyrmtongue'),
(58, 'Zeddi'),
(58, 'Zetolious'),
(59, 'Ciara'),
(59, 'Dumoch'),
(59, 'Ffolg'),
(59, 'Gauner'),
(59, 'Geland'),
(59, 'Guln'),
(59, 'Karasola'),
(59, 'Ketene'),
(59, 'Crobbie'),
(59, 'Lockridge'),
(59, 'Lyaera'),
(59, 'Maron'),
(59, 'Meinaria'),
(59, 'Namdaed'),
(59, 'Norak'),
(59, 'Onokoko'),
(59, 'Piter'),
(59, 'Raisis'),
(59, 'Rijda'),
(59, 'Serfie'),
(59, 'Snowthine'),
(59, 'Sythias'),
(59, 'Waka'),
(59, 'Wyrmtongue'),
(59, 'Zeddi'),
(59, 'Zetolious'),
(60, 'Apoco'),
(60, 'Ciara'),
(60, 'Ffolg'),
(60, 'Gauner'),
(60, 'Geland'),
(60, 'Guln'),
(60, 'Karasola'),
(60, 'Ketene'),
(60, 'Lockridge'),
(60, 'Maron'),
(60, 'Meinaria'),
(60, 'Muertaa'),
(60, 'Namdaed'),
(60, 'Norak'),
(60, 'Onokoko'),
(60, 'Piter'),
(60, 'Raisis'),
(60, 'Crobbie'),
(60, 'Rhanjah'),
(60, 'Rijda'),
(60, 'Serfie'),
(60, 'Sethon'),
(60, 'Sluki'),
(60, 'Snowthine'),
(60, 'Sythias'),
(60, 'Waka'),
(60, 'Wyrmtongue'),
(60, 'Zetolious'),
(61, 'Apoco'),
(61, 'Ciara'),
(61, 'Ffolg'),
(61, 'Gauner'),
(61, 'Geland'),
(61, 'Guln'),
(61, 'Karasola'),
(61, 'Ketene'),
(61, 'Lockridge'),
(61, 'Maron'),
(61, 'Meinaria'),
(61, 'Muertaa'),
(61, 'Namdaed'),
(61, 'Norak'),
(61, 'Onokoko'),
(61, 'Piter'),
(61, 'Raisis'),
(61, 'Crobbie'),
(61, 'Rhanjah'),
(61, 'Rijda'),
(61, 'Serfie'),
(61, 'Sethon'),
(61, 'Snowthine'),
(61, 'Sythias'),
(61, 'Waka'),
(61, 'Wyrmtongue'),
(61, 'Zetolious'),
(62, 'Apoco'),
(62, 'Ciara'),
(62, 'Ffolg'),
(62, 'Gauner'),
(62, 'Geland'),
(62, 'Guln'),
(62, 'Karasola'),
(62, 'Ketene'),
(62, 'Lockridge'),
(62, 'Maron'),
(62, 'Meinaria'),
(62, 'Muertaa'),
(62, 'Namdaed'),
(62, 'Norak'),
(62, 'Onokoko'),
(62, 'Piter'),
(62, 'Raisis'),
(62, 'Crobbie'),
(62, 'Rhanjah'),
(62, 'Rijda'),
(62, 'Serfie'),
(62, 'Sethon'),
(62, 'Sluki'),
(62, 'Snowthine'),
(62, 'Sythias'),
(62, 'Waka'),
(62, 'Wyrmtongue'),
(62, 'Zetolious'),
(63, 'Apoco'),
(63, 'Bloke'),
(63, 'Ciara'),
(63, 'Ffolg'),
(63, 'Gauner'),
(63, 'Geland'),
(63, 'Guln'),
(63, 'Karasola'),
(63, 'Ketene'),
(63, 'Lockridge'),
(63, 'Lyaera'),
(63, 'Maron'),
(63, 'Meinaria'),
(63, 'Muertaa'),
(63, 'Namdaed'),
(63, 'Norak'),
(63, 'Onokoko'),
(63, 'Piter'),
(63, 'Raisis'),
(63, 'Crobbie'),
(63, 'Rallie'),
(63, 'Rhanjah'),
(63, 'Rijda'),
(63, 'Serfie'),
(63, 'Sethon'),
(63, 'Snowthine'),
(63, 'Sythias'),
(63, 'Waka'),
(63, 'Wyrmtongue'),
(63, 'Zetolious'),
(64, 'Apoco'),
(64, 'Ciara'),
(64, 'Ffolg'),
(64, 'Gauner'),
(64, 'Geland'),
(64, 'Guln'),
(64, 'Karasola'),
(64, 'Ketene'),
(64, 'Lockridge'),
(64, 'Lyaera'),
(64, 'Maron'),
(64, 'Meinaria'),
(64, 'Muertaa'),
(64, 'Namdaed'),
(64, 'Norak'),
(64, 'Onokoko'),
(64, 'Piter'),
(64, 'Raisis'),
(64, 'Crobbie'),
(64, 'Rallie'),
(64, 'Rhanjah'),
(64, 'Rijda'),
(64, 'Serfie'),
(64, 'Sethon'),
(64, 'Snowthine'),
(64, 'Sythias'),
(64, 'Waka'),
(64, 'Wyrmtongue'),
(64, 'Zetolious'),
(65, 'Apoco'),
(65, 'Ciara'),
(65, 'Ffolg'),
(65, 'Gauner'),
(65, 'Geland'),
(65, 'Guln'),
(65, 'Karasola'),
(65, 'Ketene'),
(65, 'Lockridge'),
(65, 'Lyaera'),
(65, 'Maron'),
(65, 'Meinaria'),
(65, 'Muertaa'),
(65, 'Namdaed'),
(65, 'Norak'),
(65, 'Onokoko'),
(65, 'Piter'),
(65, 'Raisis'),
(65, 'Crobbie'),
(65, 'Rallie'),
(65, 'Rhanjah'),
(65, 'Rijda'),
(65, 'Serfie'),
(65, 'Sethon'),
(65, 'Snowthine'),
(65, 'Sythias'),
(65, 'Waka'),
(65, 'Wyrmtongue'),
(65, 'Zetolious'),
(66, 'Apoco'),
(66, 'Ciara'),
(66, 'Ffolg'),
(66, 'Gauner'),
(66, 'Geland'),
(66, 'Guln'),
(66, 'Ketene'),
(66, 'Lockridge'),
(66, 'Lyaera'),
(66, 'Maron'),
(66, 'Meinaria'),
(66, 'Muertaa'),
(66, 'Namdaed'),
(66, 'Norak'),
(66, 'Onokoko'),
(66, 'Piter'),
(66, 'Raisis'),
(66, 'Crobbie'),
(66, 'Rallie'),
(66, 'Rhanjah'),
(66, 'Rijda'),
(66, 'Serfie'),
(66, 'Sethon'),
(66, 'Snowthine'),
(66, 'Sythias'),
(66, 'Waka'),
(66, 'Wyrmtongue'),
(66, 'Zetolious'),
(67, 'Apoco'),
(67, 'Ciara'),
(67, 'Ffolg'),
(67, 'Gauner'),
(67, 'Geland'),
(67, 'Guln'),
(67, 'Lockridge'),
(67, 'Lyaera'),
(67, 'Maron'),
(67, 'Mastidon'),
(67, 'Meinaria'),
(67, 'Muertaa'),
(67, 'Namdaed'),
(67, 'Norak'),
(67, 'Onokoko'),
(67, 'Piter'),
(67, 'Raisis'),
(67, 'Crobbie'),
(67, 'Rallie'),
(67, 'Rhanjah'),
(67, 'Rijda'),
(67, 'Serfie'),
(67, 'Sethon'),
(67, 'Snowthine'),
(67, 'Sythias'),
(67, 'Waka'),
(67, 'Wyrmtongue'),
(67, 'Zetolious'),
(70, 'Ciara'),
(70, 'Ffolg'),
(70, 'Gauner'),
(70, 'Geland'),
(70, 'Guln'),
(70, 'Karasola'),
(70, 'Lockridge'),
(70, 'Lyaera'),
(70, 'Maron'),
(70, 'Mastidon'),
(70, 'Meinaria'),
(70, 'Muertaa'),
(70, 'Namdaed'),
(70, 'Norak'),
(70, 'Onokoko'),
(70, 'Piter'),
(70, 'Raisis'),
(70, 'Crobbie'),
(70, 'Rallie'),
(70, 'Rhanjah'),
(70, 'Rijda'),
(70, 'Serfie'),
(70, 'Sethon'),
(70, 'Snowthine'),
(70, 'Sythias'),
(70, 'Waka'),
(70, 'Wyrmtongue'),
(70, 'Zetolious'),
(69, 'Ciara'),
(69, 'Ffolg'),
(69, 'Gauner'),
(69, 'Geland'),
(69, 'Guln'),
(69, 'Lockridge'),
(69, 'Lyaera'),
(69, 'Maron'),
(69, 'Mastidon'),
(69, 'Meinaria'),
(69, 'Muertaa'),
(69, 'Namdaed'),
(69, 'Norak'),
(69, 'Onokoko'),
(69, 'Piter'),
(69, 'Raisis'),
(69, 'Crobbie'),
(69, 'Rallie'),
(69, 'Rhanjah'),
(69, 'Rijda'),
(69, 'Serfie'),
(69, 'Sethon'),
(69, 'Snowthine'),
(69, 'Sythias'),
(69, 'Waka'),
(69, 'Wyrmtongue'),
(69, 'Zetolious'),
(68, 'Apoco'),
(68, 'Ciara'),
(68, 'Ffolg'),
(68, 'Gauner'),
(68, 'Geland'),
(68, 'Guln'),
(68, 'Lockridge'),
(68, 'Lyaera'),
(68, 'Maron'),
(68, 'Mastidon'),
(68, 'Meinaria'),
(68, 'Muertaa'),
(68, 'Namdaed'),
(68, 'Norak'),
(68, 'Onokoko'),
(68, 'Piter'),
(68, 'Raisis'),
(68, 'Crobbie'),
(68, 'Rallie'),
(68, 'Rhanjah'),
(68, 'Rijda'),
(68, 'Serfie'),
(68, 'Sethon'),
(68, 'Snowthine'),
(68, 'Sythias'),
(68, 'Waka'),
(68, 'Wyrmtongue'),
(68, 'Zetolious'),
(71, 'Ciara'),
(71, 'Dumoch'),
(71, 'Ffolg'),
(71, 'Gauner'),
(71, 'Geland'),
(71, 'Guln'),
(71, 'Karasola'),
(71, 'Lockridge'),
(71, 'Lyaera'),
(71, 'Maron'),
(71, 'Meinaria'),
(71, 'Muertaa'),
(71, 'Namdaed'),
(71, 'Norak'),
(71, 'Onokoko'),
(71, 'Piter'),
(71, 'Raisis'),
(71, 'Crobbie'),
(71, 'Rhanjah'),
(71, 'Rijda'),
(71, 'Serfie'),
(71, 'Sethon'),
(71, 'Snowthine'),
(71, 'Sythias'),
(71, 'Waka'),
(71, 'Wyrmtongue'),
(71, 'Zetolious'),
(72, 'Apoco'),
(72, 'Ciara'),
(72, 'Ffolg'),
(72, 'Gauner'),
(72, 'Guln'),
(72, 'Karasola'),
(72, 'Ketene'),
(72, 'Lockridge'),
(72, 'Lyaera'),
(72, 'Maron'),
(72, 'Meinaria'),
(72, 'Muertaa'),
(72, 'Namdaed'),
(72, 'Onokoko'),
(72, 'Piter'),
(72, 'Raisis'),
(72, 'Crobbie'),
(72, 'Rajamakah'),
(72, 'Rallie'),
(72, 'Rhanjah'),
(72, 'Rijda'),
(72, 'Serfie'),
(72, 'Sethon'),
(72, 'Sluki'),
(72, 'Snowthine'),
(72, 'Waka'),
(72, 'Wyrmtongue'),
(72, 'Zetolious'),
(73, 'Apoco'),
(73, 'Ciara'),
(73, 'Ffolg'),
(73, 'Gauner'),
(73, 'Guln'),
(73, 'Karasola'),
(73, 'Ketene'),
(73, 'Lockridge'),
(73, 'Lyaera'),
(73, 'Maron'),
(73, 'Meinaria'),
(73, 'Muertaa'),
(73, 'Namdaed'),
(73, 'Norak'),
(73, 'Onokoko'),
(73, 'Piter'),
(73, 'Raisis'),
(73, 'Crobbie'),
(73, 'Rajamakah'),
(73, 'Rallie'),
(73, 'Rhanjah'),
(73, 'Rijda'),
(73, 'Serfie'),
(73, 'Sethon'),
(73, 'Sluki'),
(73, 'Snowthine'),
(73, 'Waka'),
(73, 'Wyrmtongue'),
(73, 'Zetolious'),
(74, 'Apoco'),
(74, 'Ciara'),
(74, 'Ffolg'),
(74, 'Gauner'),
(74, 'Guln'),
(74, 'Ketene'),
(74, 'Lockridge'),
(74, 'Lyaera'),
(74, 'Maron'),
(74, 'Meinaria'),
(74, 'Muertaa'),
(74, 'Namdaed'),
(74, 'Norak'),
(74, 'Onokoko'),
(74, 'Piter'),
(74, 'Raisis'),
(74, 'Crobbie'),
(74, 'Rajamakah'),
(74, 'Rallie'),
(74, 'Rhanjah'),
(74, 'Rijda'),
(74, 'Serfie'),
(74, 'Sethon'),
(74, 'Sluki'),
(74, 'Snowthine'),
(74, 'Waka'),
(74, 'Wyrmtongue'),
(74, 'Zetolious'),
(77, 'Apoco'),
(77, 'Ciara'),
(77, 'Ffolg'),
(77, 'Geland'),
(77, 'Guln'),
(77, 'Kandern'),
(77, 'Karasola'),
(77, 'Lyaera'),
(77, 'Maron'),
(77, 'Meinaria'),
(77, 'Namdaed'),
(77, 'Norak'),
(77, 'Onokoko'),
(77, 'Piter'),
(77, 'Raisis'),
(77, 'Crobbie'),
(77, 'Rallie'),
(77, 'Rhanjah'),
(77, 'Rijda'),
(77, 'Serfie'),
(77, 'Sethon'),
(77, 'Shinzarr'),
(77, 'Snowthine'),
(77, 'Waka'),
(77, 'Wyrmtongue'),
(77, 'Zetolious'),
(76, 'Apoco'),
(76, 'Ciara'),
(76, 'Ffolg'),
(76, 'Geland'),
(76, 'Guln'),
(76, 'Kandern'),
(76, 'Karasola'),
(76, 'Lyaera'),
(76, 'Maron'),
(76, 'Meinaria'),
(76, 'Namdaed'),
(76, 'Norak'),
(76, 'Onokoko'),
(76, 'Piter'),
(76, 'Raisis'),
(76, 'Crobbie'),
(76, 'Rallie'),
(76, 'Rhanjah'),
(76, 'Rijda'),
(76, 'Serfie'),
(76, 'Sethon'),
(76, 'Shinzarr'),
(76, 'Snowthine'),
(76, 'Waka'),
(76, 'Wyrmtongue'),
(76, 'Zetolious'),
(75, 'Apoco'),
(75, 'Ciara'),
(75, 'Ffolg'),
(75, 'Geland'),
(75, 'Guln'),
(75, 'Kandern'),
(75, 'Karasola'),
(75, 'Lyaera'),
(75, 'Maron'),
(75, 'Meinaria'),
(75, 'Namdaed'),
(75, 'Norak'),
(75, 'Onokoko'),
(75, 'Piter'),
(75, 'Raisis'),
(75, 'Crobbie'),
(75, 'Rallie'),
(75, 'Rhanjah'),
(75, 'Rijda'),
(75, 'Serfie'),
(75, 'Sethon'),
(75, 'Shinzarr'),
(75, 'Snowthine'),
(75, 'Waka'),
(75, 'Wyrmtongue'),
(75, 'Zetolious'),
(78, 'Apoco'),
(78, 'Bloke'),
(78, 'Ciara'),
(78, 'Ffolg'),
(78, 'Geland'),
(78, 'Guln'),
(78, 'Kandern'),
(78, 'Karasola'),
(78, 'Kasir'),
(78, 'Lyaera'),
(78, 'Maron'),
(78, 'Meinaria'),
(78, 'Namdaed'),
(78, 'Norak'),
(78, 'Onokoko'),
(78, 'Piter'),
(78, 'Raisis'),
(78, 'Crobbie'),
(78, 'Rallie'),
(78, 'Rhanjah'),
(78, 'Rijda'),
(78, 'Serfie'),
(78, 'Sethon'),
(78, 'Shinzarr'),
(78, 'Sluki'),
(78, 'Snowthine'),
(78, 'Waka'),
(78, 'Wyrmtongue'),
(78, 'Zetolious'),
(79, 'Apoco'),
(79, 'Bloke'),
(79, 'Ciara'),
(79, 'Ffolg'),
(79, 'Geland'),
(79, 'Guln'),
(79, 'Karasola'),
(79, 'Kasir'),
(79, 'Lyaera'),
(79, 'Maron'),
(79, 'Meinaria'),
(79, 'Namdaed'),
(79, 'Norak'),
(79, 'Onokoko'),
(79, 'Piter'),
(79, 'Raisis'),
(79, 'Crobbie'),
(79, 'Rallie'),
(79, 'Rhanjah'),
(79, 'Rijda'),
(79, 'Serfie'),
(79, 'Sethon'),
(79, 'Shinzarr'),
(79, 'Sluki'),
(79, 'Snowthine'),
(79, 'Waka'),
(79, 'Wyrmtongue'),
(79, 'Zetolious'),
(80, 'Apoco'),
(80, 'Ciara'),
(80, 'Crobbie'),
(80, 'Ffolg'),
(80, 'Gauner'),
(80, 'Geland'),
(80, 'Guln'),
(80, 'Karasola'),
(80, 'Lockridge'),
(80, 'Lyaera'),
(80, 'Maron'),
(80, 'Mastidon'),
(80, 'Muertaa'),
(80, 'Namdaed'),
(80, 'Norak'),
(80, 'Onokoko'),
(80, 'Piter'),
(80, 'Raisis'),
(80, 'Rallie'),
(80, 'Rijda'),
(80, 'Serfie'),
(80, 'Sethon'),
(80, 'Sluki'),
(80, 'Snowthine'),
(80, 'Sythias'),
(80, 'Waka'),
(80, 'Wyrmtongue'),
(80, 'Zetolious'),
(81, 'Apoco'),
(81, 'Ciara'),
(81, 'Crobbie'),
(81, 'Ffolg'),
(81, 'Gauner'),
(81, 'Geland'),
(81, 'Guln'),
(81, 'Karasola'),
(81, 'Lockridge'),
(81, 'Lyaera'),
(81, 'Maron'),
(81, 'Muertaa'),
(81, 'Namdaed'),
(81, 'Norak'),
(81, 'Onokoko'),
(81, 'Piter'),
(81, 'Raisis'),
(81, 'Rallie'),
(81, 'Rijda'),
(81, 'Serfie'),
(81, 'Sethon'),
(81, 'Sluki'),
(81, 'Snowthine'),
(81, 'Sythias'),
(81, 'Waka'),
(81, 'Wyrmtongue'),
(81, 'Zetolious');

-- --------------------------------------------------------

--
-- Table structure for table `eqdkp_sessions`
--

CREATE TABLE IF NOT EXISTS `eqdkp_sessions` (
  `session_id` varchar(32) NOT NULL,
  `session_user_id` smallint(5) NOT NULL default '-1',
  `session_last_visit` int(11) NOT NULL default '0',
  `session_start` int(11) NOT NULL,
  `session_current` int(11) NOT NULL,
  `session_page` varchar(100) NOT NULL default '0',
  `session_ip` varchar(15) NOT NULL,
  PRIMARY KEY  (`session_id`),
  KEY `session_current` (`session_current`)
) ENGINE=InnoDB DEFAULT CHARSET=latin1;

--
-- Dumping data for table `eqdkp_sessions`
--

INSERT INTO `eqdkp_sessions` (`session_id`, `session_user_id`, `session_last_visit`, `session_start`, `session_current`, `session_page`, `session_ip`) VALUES
('777da83eb4a3c70fc2f8830b2986255f', -1, 1201807096, 1201807096, 1201807096, 'listmembers&o=4.0&filter=none', '24.113.52.52');

-- --------------------------------------------------------

--
-- Table structure for table `eqdkp_styles`
--

CREATE TABLE IF NOT EXISTS `eqdkp_styles` (
  `style_id` smallint(5) unsigned NOT NULL auto_increment,
  `style_name` varchar(100) NOT NULL default '',
  `template_path` varchar(30) NOT NULL default 'default',
  `body_background` varchar(6) default NULL,
  `body_link` varchar(6) default NULL,
  `body_link_style` varchar(30) default NULL,
  `body_hlink` varchar(6) default NULL,
  `body_hlink_style` varchar(30) default NULL,
  `header_link` varchar(6) default NULL,
  `header_link_style` varchar(30) default NULL,
  `header_hlink` varchar(6) default NULL,
  `header_hlink_style` varchar(30) default NULL,
  `tr_color1` varchar(6) default NULL,
  `tr_color2` varchar(6) default NULL,
  `th_color1` varchar(6) default NULL,
  `fontface1` varchar(60) default NULL,
  `fontface2` varchar(60) default NULL,
  `fontface3` varchar(60) default NULL,
  `fontsize1` tinyint(4) default NULL,
  `fontsize2` tinyint(4) default NULL,
  `fontsize3` tinyint(4) default NULL,
  `fontcolor1` varchar(6) default NULL,
  `fontcolor2` varchar(6) default NULL,
  `fontcolor3` varchar(6) default NULL,
  `fontcolor_neg` varchar(6) default NULL,
  `fontcolor_pos` varchar(6) default NULL,
  `table_border_width` tinyint(3) default NULL,
  `table_border_color` varchar(6) default NULL,
  `table_border_style` varchar(30) default NULL,
  `input_color` varchar(6) default NULL,
  `input_border_width` tinyint(3) default NULL,
  `input_border_color` varchar(6) default NULL,
  `input_border_style` varchar(30) default NULL,
  PRIMARY KEY  (`style_id`)
) ENGINE=InnoDB  DEFAULT CHARSET=latin1 AUTO_INCREMENT=14 ;

--
-- Dumping data for table `eqdkp_styles`
--

INSERT INTO `eqdkp_styles` (`style_id`, `style_name`, `template_path`, `body_background`, `body_link`, `body_link_style`, `body_hlink`, `body_hlink_style`, `header_link`, `header_link_style`, `header_hlink`, `header_hlink_style`, `tr_color1`, `tr_color2`, `th_color1`, `fontface1`, `fontface2`, `fontface3`, `fontsize1`, `fontsize2`, `fontsize3`, `fontcolor1`, `fontcolor2`, `fontcolor3`, `fontcolor_neg`, `fontcolor_pos`, `table_border_width`, `table_border_color`, `table_border_style`, `input_color`, `input_border_width`, `input_border_color`, `input_border_style`) VALUES
(1, 'Default', 'default', '212042', '31308C', 'underline', '000084', 'underline', 'CECFEF', 'underline', 'E6E6F5', 'underline', 'EFEFEF', 'FFFFFF', '424563', 'Verdana, Tahoma, Arial', 'Verdana, Tahoma, Arial', 'Verdana, Tahoma, Arial', 10, 11, 12, '000000', 'CECFEF', '000000', 'F80000', '008800', 1, '7B819A', 'solid', 'FFFFFF', 1, '000000', 'solid'),
(2, 'Old School', 'default', 'FFFFFF', '000000', 'underline', '000000', 'underline', '000000', 'underline', '000000', 'underline', 'BCBFCB', 'D3D7DE', '7B819A', 'Verdana, Tahoma, Arial', 'Verdana, Tahoma, Arial', 'Verdana, Tahoma, Arial', 10, 11, 12, '000000', '000000', '000000', 'F80000', '008800', 0, '000000', 'solid', 'FFFFFF', 1, '000000', 'solid'),
(3, 'EQdkp VB', 'default', '8080A6', '000000', 'underline', 'FB4400', 'underline', 'FFF788', 'none', 'FFF788', 'underline', 'F1F1F1', 'DFDFDF', '606096', 'Verdana, Tahoma, Arial', 'Verdana, Tahoma, Arial', 'Verdana, Tahoma, Arial', 10, 11, 12, '000000', '000000', '000000', 'F80000', '008800', 0, '000000', 'none', 'FFFFFF', 1, '000000', 'solid'),
(4, 'Blueish', 'default', '939EAF', '586273', 'underline', 'FFF9F3', 'underline', 'FFFFFF', 'none', 'FFFFFF', 'none', 'D6DAE6', 'BFC5D3', '828FA2', 'Verdana, Tahoma, Arial', 'Verdana, Tahoma, Arial', 'Verdana, Tahoma, Arial', 10, 11, 12, '000000', 'FFFFFF', 'FFFFFF', 'F80000', '008800', 1, '455164', 'solid', '727E93', 1, 'FFFFFF', 'solid'),
(5, 'EQdkp Items', 'default', 'FFFFFF', '2F415D', 'underline', 'E98219', 'underline', 'FFFFFF', 'underline', 'E98219', 'underline', 'F1F1F3', 'E3E4E8', '263B58', 'Verdana, Tahoma, Arial', 'Verdana, Tahoma, Arial', 'Verdana, Tahoma, Arial', 10, 11, 12, '000000', '000000', '000000', 'F80000', '008800', 1, '1D2846', 'solid', 'FFFFFF', 1, '000000', 'solid'),
(6, 'aallix Silver', 'default', 'FFFFFF', '555555', 'none', 'EC8500', 'underline', '555555', 'none', 'EC8500', 'underline', 'F2F2F2', 'FAFAFA', 'E0E0E0', 'Verdana, Tahoma, Arial', 'Verdana, Tahoma, Arial', 'Verdana, Tahoma, Arial', 10, 11, 12, '000000', '000000', '000000', 'F80000', '008800', 1, '999999', 'solid', 'D1D1D1', 1, '000000', 'solid'),
(7, 'Penguin', 'default', 'FFFFFF', '000000', 'underline', '000000', 'underline', '000000', 'underline', '000000', 'underline', 'EEEEEE', 'FFFFFF', 'FFCC00', 'Verdana, Tahoma, Arial', 'Verdana, Tahoma, Arial', 'Verdana, Tahoma, Arial', 10, 11, 12, '000000', '000000', '000000', 'F80000', '008800', 1, 'FFCC00', 'solid', 'FFFFFF', 1, '000000', 'solid'),
(8, 'Collab', 'default', 'FFFFFF', '354A55', 'underline', '5B7F93', 'underline', '5B7F93', 'underline', '354A55', 'underline', 'F5F5F5', 'DEE7EB', 'C4D3DB', 'Verdana, Tahoma, Arial', 'Verdana, Tahoma, Arial', 'Verdana, Tahoma, Arial', 10, 11, 12, '000000', '000000', '000000', 'F80000', '008800', 1, '999999', 'solid', 'FFFFFF', 1, '000000', 'solid'),
(9, 'EQdkp Invision', 'default', 'FFFFFF', '000000', 'underline', '465584', 'underline', '3A4F6C', 'none', '3A4F6C', 'underline', 'E4EAF2', 'DFE6EF', 'BCD0ED', 'Verdana, Tahoma, Arial', 'Verdana, Tahoma, Arial', 'Verdana, Tahoma, Arial', 10, 11, 12, '000000', '000000', '000000', 'F80000', '008800', 1, '345487', 'solid', 'FFFFFF', 1, '000000', 'solid'),
(10, 'dkpUA', 'default', '253546', 'C6C6C6', 'underline', '576695', 'underline', 'C6C6C6', 'none', 'C6C6C6', 'underline', '39495A', '283846', '1F2F3D', 'Verdana', 'Verdana', 'Verdana', 10, 11, 12, 'C6C6C6', 'C6C6C6', '000000', 'FF0000', '00C000', 1, '60707E', 'solid', 'FFFFFF', 1, '60707E', 'solid'),
(11, 'subSilver', 'default', 'FFFFFF', '006699', 'underline', 'DD6900', 'underline', 'FFA34F', 'none', 'FFA34F', 'underline', 'DEE3E7', 'EFEFEF', '1073A5', 'Verdana, Arial', 'Verdana, Arial', 'Verdana, Arial', 10, 11, 12, '000000', '000000', '000000', 'F80000', '008800', 1, '006699', 'solid', 'FFFFFF', 1, '000000', 'solid'),
(12, 'EQdkp VB2', 'default', 'FFFFFF', '000000', 'underline', 'FF4400', 'underline', 'FFF788', 'none', 'FFF788', 'underline', 'F1F1F1', 'DFDFDF', '8080A6', 'Verdana, Arial', 'Verdana, Arial', 'Verdana, Arial', 10, 11, 12, '000000', '000000', '000000', 'F80000', '008800', 1, '555576', 'solid', 'FFFFFF', 1, '000000', 'solid'),
(13, 'EQCPS', 'default', '7B7984', '151F41', 'underline', '800000', 'underline', 'FFFFFF', 'none', 'FFFFFF', 'none', 'CECBCE', 'BDBABD', '424952', 'Verdana, Arial', 'Verdana, Arial', 'Verdana, Arial', 10, 11, 12, '000000', '000000', '000000', '800000', '008000', 1, '000000', 'solid', 'C0C0C0', 1, '000000', 'solid');

-- --------------------------------------------------------

--
-- Table structure for table `eqdkp_style_config`
--

CREATE TABLE IF NOT EXISTS `eqdkp_style_config` (
  `style_id` smallint(5) unsigned NOT NULL,
  `attendees_columns` enum('1','2','3','4','5','6','7','8','9','10') NOT NULL default '6',
  `date_notime_long` varchar(10) NOT NULL default 'F j, Y',
  `date_notime_short` varchar(10) NOT NULL default 'm/d/y',
  `date_time` varchar(20) NOT NULL default 'm/d/y h:ia T',
  `logo_path` varchar(255) NOT NULL default 'logo.gif',
  PRIMARY KEY  (`style_id`)
) ENGINE=InnoDB DEFAULT CHARSET=latin1;

--
-- Dumping data for table `eqdkp_style_config`
--

INSERT INTO `eqdkp_style_config` (`style_id`, `attendees_columns`, `date_notime_long`, `date_notime_short`, `date_time`, `logo_path`) VALUES
(1, '6', 'F j, Y', 'm/d/y', 'm/d/y h:ia T', 'logo.gif'),
(2, '4', 'F j, Y', 'm/d/y', 'm/d/y h:ia T', 'old_school_logo.gif'),
(3, '6', 'F j, Y', 'm/d/y', 'm/d/y h:ia T', 'vb_logo.gif'),
(4, '6', 'F j, Y', 'm/d/y', 'm/d/y h:ia T', 'blueish_logo.gif'),
(5, '6', 'F j, Y', 'm/d/y', 'm/d/y h:ia T', 'items_logo.gif'),
(6, '6', 'F j, Y', 'm/d/y', 'm/d/y h:ia T', 'aallix_logo.gif'),
(7, '6', 'F j, Y', 'm/d/y', 'm/d/y h:ia T', 'penguin_logo.gif'),
(8, '6', 'F j, Y', 'm/d/y', 'm/d/y h:ia T', 'collab_logo.gif'),
(9, '6', 'F j, Y', 'm/d/y', 'm/d/y h:ia T', 'invision_logo.gif'),
(10, '8', 'F j, Y', 'm/d/y', 'm/d/y h:ia T', 'dkpua_logo.gif'),
(11, '8', 'F j, Y', 'm/d/y', 'm/d/y h:ia T', 'subsilver_logo.gif'),
(12, '8', 'F j, Y', 'm/d/y', 'm/d/y h:ia T', 'logo.gif'),
(13, '8', 'F j, Y', 'm/d/y', 'm/d/y h:ia T', 'logo.gif');

-- --------------------------------------------------------

--
-- Table structure for table `eqdkp_users`
--

CREATE TABLE IF NOT EXISTS `eqdkp_users` (
  `user_id` smallint(5) unsigned NOT NULL auto_increment,
  `username` varchar(30) NOT NULL,
  `user_password` varchar(32) NOT NULL,
  `user_email` varchar(100) default NULL,
  `user_alimit` smallint(4) NOT NULL default '100',
  `user_elimit` smallint(4) NOT NULL default '100',
  `user_ilimit` smallint(4) NOT NULL default '100',
  `user_nlimit` smallint(2) NOT NULL default '10',
  `user_rlimit` smallint(4) NOT NULL default '100',
  `user_style` tinyint(4) default NULL,
  `user_lang` varchar(255) default NULL,
  `user_key` varchar(32) default NULL,
  `user_lastvisit` int(11) NOT NULL default '0',
  `user_lastpage` varchar(100) default '',
  `user_active` enum('0','1') NOT NULL default '1',
  `user_newpassword` varchar(32) default NULL,
  PRIMARY KEY  (`user_id`),
  UNIQUE KEY `username` (`username`)
) ENGINE=InnoDB  DEFAULT CHARSET=latin1 AUTO_INCREMENT=7 ;

--
-- Dumping data for table `eqdkp_users`
--

INSERT INTO `eqdkp_users` (`user_id`, `username`, `user_password`, `user_email`, `user_alimit`, `user_elimit`, `user_ilimit`, `user_nlimit`, `user_rlimit`, `user_style`, `user_lang`, `user_key`, `user_lastvisit`, `user_lastpage`, `user_active`, `user_newpassword`) VALUES
(1, 'Ciara', '8215e48bd370871e71a61118277b6876', 'kmkaylor@tampabay.rr.com', 100, 100, 100, 10, 100, 6, 'english', NULL, 1201657834, '/eqdkp/listraids.php', '1', NULL),
(2, 'Gman', '34f9a22e6912e5a9da3cd229595b4229', 'dallasclarke@cox.net', 100, 100, 100, 10, 100, 6, 'english', 'fce65a3', 1201756788, 'listmembers&o=0.1&filter=none', '1', NULL),
(3, 'Saiv', '912af0dff974604f1321254ca8ff38b6', 'wowshaman@firehousemail.com', 100, 100, 100, 10, 100, 6, 'english', 'a23323a', 1190223252, '', '', NULL),
(4, 'Rijda', 'd25b8b4934a8ec7e98d9dbcd08a78a07', 'rijda@yahoo.com', 100, 100, 100, 10, 100, 6, 'english', '6e2e75c', 1192564023, '', '', NULL),
(5, 'Riijda', 'd25b8b4934a8ec7e98d9dbcd08a78a07', 'd_a_r_k_goten@yahoo.com', 100, 100, 100, 10, 100, 6, 'english', '0bbede1', 1192867205, '', '', NULL),
(6, 'Maron', '1a949e75567df2e2922c817e9bebaee2', 'chrisvisser@ozinga.com', 100, 100, 100, 10, 100, 6, 'english', '8b3db79', 1200712637, 'listmembers&compare=6,7,86,14,18,96&o=4.0', '1', NULL);

-- --------------------------------------------------------

--
-- Table structure for table `item_cache`
--

CREATE TABLE IF NOT EXISTS `item_cache` (
  `item_name` varchar(100) NOT NULL default '',
  `item_id` varchar(100) default '0',
  `item_lang` varchar(2) default '',
  `item_link` varchar(100) default NULL,
  `item_color` varchar(20) NOT NULL default '',
  `item_icon` varchar(50) NOT NULL default '',
  `item_html` text NOT NULL,
  UNIQUE KEY `item_name` (`item_name`),
  FULLTEXT KEY `item_html` (`item_html`)
) ENGINE=MyISAM DEFAULT CHARSET=latin1;

--
-- Dumping data for table `item_cache`
--

INSERT INTO `item_cache` (`item_name`, `item_id`, `item_lang`, `item_link`, `item_color`, `item_icon`, `item_html`) VALUES
('Nether Vortex', '30183', 'en', 'http://wow.allakhazam.com/db/item.html?witem=30183&locale=enUS', 'purplename', 'INV_Elemental_Mote_Nether', '<table cellpadding=''0'' border=''0'' class=''borderless''>\n	<tr>\n		<td valign=''top'' class=''itemicon''>\n			<img class=''itemicon'' src=''{ITEM_ICON_LINK}''>\n		</td>\n		<td>\n			<body>\n<div class=''wowitem wowitemlive''>\n<span class=''iname''><span class=''purplename''>Nether Vortex</span></span><br />\nBinds when picked up<br />\n<span class=''wowrttxt''>Reagent</span><br />\n{ITEMSTATS_LINK}</div>\n		</td>\n	</tr>\n</table>'),
('Serpentshrine Shuriken', '30025', 'en', 'http://wow.allakhazam.com/db/item.html?witem=30025&locale=enUS', 'purplename', 'INV_ThrowingKnife_06', '<table cellpadding=''0'' border=''0'' class=''borderless''>\n	<tr>\n		<td valign=''top'' class=''itemicon''>\n			<img class=''itemicon'' src=''{ITEM_ICON_LINK}''>\n		</td>\n		<td>\n			<body>\n<div class=''wowitem wowitemlive''>\n<span class=''iname''><span class=''purplename''>Serpentshrine Shuriken</span></span><br />\nBinds when picked up<br />\nThrowing<span class=''wowrttxt''>Thrown</span><br />\n94 -  142 Damage<span class=''wowrttxt''>Speed 1.40</span><br />\n84.3 damage per second<br />\n+12 Stamina<br />\nRequires&nbsp;Level&nbsp;70<br />\n<span class=''itemeffectlink''>Equip: Improves hit rating by 11.</span><br />\n<span class=''itemeffectlink''>Equip: Improves critical strike rating by 20.</span><br />\n{ITEMSTATS_LINK}</div>\n		</td>\n	</tr>\n</table>'),
('Wildfury Greatstaff', '30021', 'en', 'http://wow.allakhazam.com/db/item.html?witem=30021&locale=enUS', 'purplename', 'INV_Staff_50', '<table cellpadding=''0'' border=''0'' class=''borderless''>\n	<tr>\n		<td valign=''top'' class=''itemicon''>\n			<img class=''itemicon'' src=''{ITEM_ICON_LINK}''>\n		</td>\n		<td>\n			<body>\n<div class=''wowitem wowitemlive''>\n<span class=''iname''><span class=''purplename''>Wildfury Greatstaff</span></span><br />\nBinds when picked up<br />\nUnique<br />\nTwo-Hand<span class=''wowrttxt''>Staff</span><br />\n500 Armor<br />\n135 -  281 Damage<span class=''wowrttxt''>Speed 3.00</span><br />\n69.3 damage per second<br />\n+70 Stamina<br />\nRequires&nbsp;Level&nbsp;70<br />\n<span class=''itemeffectlink''>Equip: <a target=''_new'' href=''/db/spell.html?wspell=42085'' class=''itemeffectlink''>Increases attack power by 731 in Cat, Bear, Dire Bear, and Moonkin forms only.</a>&nbsp;</span><br />\n<span class=''itemeffectlink''>Equip: Increases your dodge rating by 50.</span><br />\n{ITEMSTATS_LINK}</div>\n		</td>\n	</tr>\n</table>'),
('Pattern: Boots of Blasting', '30282', 'en', 'http://wow.allakhazam.com/db/item.html?witem=30282&locale=enUS', 'purplename', 'INV_Scroll_04', '<table cellpadding=''0'' border=''0'' class=''borderless''>\n	<tr>\n		<td valign=''top'' class=''itemicon''>\n			<img class=''itemicon'' src=''{ITEM_ICON_LINK}''>\n		</td>\n		<td>\n			<body>\n<div class=''wowitem wowitemlive''>\n<span class=''iname''><span class=''purplename''>Pattern: Boots of Blasting</span></span><br />\n<span class=''wowrttxt''>Tailoring</span><br />\nRequires Tailoring 375<br />\n<span class=''itemeffectlink''>Use: <a target=''_new'' href=''/db/spell.html?wspell=36321'' class=''itemeffectlink''>Teaches you how to sew Boots of Blasting.</a>&nbsp;</span><br /><br><span class=''itemeffectlink''>Creates: </span><a target=''_new'' href=''/db/item.html?witem=30037'' class=''itemcreatelink''>Boots of Blasting</a><br />\n{ITEMSTATS_LINK}</div>\n		</td>\n	</tr>\n</table>'),
('Glowing Breastplate of Truth', '30065', 'en', 'http://wow.allakhazam.com/db/item.html?witem=30065&locale=enUS', 'purplename', 'INV_Chest_Plate05', '<table cellpadding=''0'' border=''0'' class=''borderless''>\n	<tr>\n		<td valign=''top'' class=''itemicon''>\n			<img class=''itemicon'' src=''{ITEM_ICON_LINK}''>\n		</td>\n		<td>\n			<body>\n<div class=''wowitem wowitemlive''>\n<span class=''iname''><span class=''purplename''>Glowing Breastplate of Truth</span></span><br />\nBinds when picked up<br />\nChest<span class=''wowrttxt''>Plate</span><br />\n1607 Armor<br />\n+39 Stamina<br />\n+40 Intellect<br />\nRequires&nbsp;Level&nbsp;70<br />\n<span class=''itemeffectlink''>Equip: <a target=''_new'' href=''/db/spell.html?wspell=21633'' class=''itemeffectlink''>Restores 10 mana per 5 sec.</a>&nbsp;</span><br />\n<span class=''itemeffectlink''>Equip: <a target=''_new'' href=''/db/spell.html?wspell=15696'' class=''itemeffectlink''>Increases healing done by spells and effects by up to 53.</a>&nbsp;</span><br />\n<span class=''itemeffectlink''>Equip: Improves spell critical strike rating by 42.</span><br />\n{ITEMSTATS_LINK}</div>\n		</td>\n	</tr>\n</table>'),
('Grove-Bands of Remulos', '30062', 'en', 'http://wow.allakhazam.com/db/item.html?witem=30062&locale=enUS', 'purplename', 'INV_Bracer_02', '<table cellpadding=''0'' border=''0'' class=''borderless''>\n	<tr>\n		<td valign=''top'' class=''itemicon''>\n			<img class=''itemicon'' src=''{ITEM_ICON_LINK}''>\n		</td>\n		<td>\n			<body>\n<div class=''wowitem wowitemlive''>\n<span class=''iname''><span class=''purplename''>Grove-Bands of Remulos</span></span><br />\nBinds when picked up<br />\nWrist<span class=''wowrttxt''>Leather</span><br />\n177 Armor<br />\n+21 Stamina<br />\n+14 Intellect<br />\n+21 Spirit<br />\nRequires&nbsp;Level&nbsp;70<br />\n<span class=''itemeffectlink''>Equip: <a target=''_new'' href=''/db/spell.html?wspell=18042'' class=''itemeffectlink''>Increases healing done by spells and effects by up to 68.</a>&nbsp;</span><br />\n{ITEMSTATS_LINK}</div>\n		</td>\n	</tr>\n</table>'),
('Spyglass of the Hidden Fleet', '30620', 'en', 'http://wow.allakhazam.com/db/item.html?witem=30620&locale=enUS', 'purplename', 'INV_Misc_Spyglass_02', '<table cellpadding=''0'' border=''0'' class=''borderless''>\n	<tr>\n		<td valign=''top'' class=''itemicon''>\n			<img class=''itemicon'' src=''{ITEM_ICON_LINK}''>\n		</td>\n		<td>\n			<body>\n<div class=''wowitem wowitemlive''>\n<span class=''iname''><span class=''purplename''>Spyglass of the Hidden Fleet</span></span><br />\nBinds when picked up<br />\nUnique<br />\nTrinket<span class=''wowrttxt''>Miscellaneous</span><br />\n+40 Stamina<br />\nRequires&nbsp;Level&nbsp;70<br />\n<span class=''itemeffectlink''>Use: <a target=''_new'' href=''/db/spell.html?wspell=38325'' class=''itemeffectlink''>Heals 1300 damage over 12 seconds.</a>&nbsp;</span><br />\n{ITEMSTATS_LINK}</div>\n		</td>\n	</tr>\n</table>'),
('Pattern: Boots of the Crimson Hawk', '30307', 'en', 'http://wow.allakhazam.com/db/item.html?witem=30307&locale=enUS', 'purplename', 'INV_Scroll_04', '<table cellpadding=''0'' border=''0'' class=''borderless''>\n	<tr>\n		<td valign=''top'' class=''itemicon''>\n			<img class=''itemicon'' src=''{ITEM_ICON_LINK}''>\n		</td>\n		<td>\n			<body>\n<div class=''wowitem wowitemlive''>\n<span class=''iname''><span class=''purplename''>Pattern: Boots of the Crimson Hawk</span></span><br />\n<span class=''wowrttxt''>Leatherworking</span><br />\nRequires Leatherworking 375<br />\n<span class=''itemeffectlink''>Use: <a target=''_new'' href=''/db/spell.html?wspell=36368'' class=''itemeffectlink''>Teaches you how to make Boots of the Crimson Hawk.</a>&nbsp;</span><br /><br><span class=''itemeffectlink''>Creates: </span><a target=''_new'' href=''/db/item.html?witem=30045'' class=''itemcreatelink''>Boots of the Crimson Hawk</a><br />\n{ITEMSTATS_LINK}</div>\n		</td>\n	</tr>\n</table>'),
('Pendant of the Perilous', '30022', 'en', 'http://wow.allakhazam.com/db/item.html?witem=30022&locale=enUS', 'purplename', 'INV_Jewelry_Necklace_AhnQiraj_01', '<table cellpadding=''0'' border=''0'' class=''borderless''>\n	<tr>\n		<td valign=''top'' class=''itemicon''>\n			<img class=''itemicon'' src=''{ITEM_ICON_LINK}''>\n		</td>\n		<td>\n			<body>\n<div class=''wowitem wowitemlive''>\n<span class=''iname''><span class=''purplename''>Pendant of the Perilous</span></span><br />\nBinds when picked up<br />\nNeck<span class=''wowrttxt''>Miscellaneous</span><br />\n+32 Strength<br />\n+24 Stamina<br />\nRequires&nbsp;Level&nbsp;70<br />\n<span class=''itemeffectlink''>Equip: Improves critical strike rating by 23.</span><br />\n{ITEMSTATS_LINK}</div>\n		</td>\n	</tr>\n</table>'),
('Pattern: Belt of the Long Road', '30281', 'en', 'http://wow.allakhazam.com/db/item.html?witem=30281&locale=enUS', 'purplename', 'INV_Scroll_04', '<table cellpadding=''0'' border=''0'' class=''borderless''>\n	<tr>\n		<td valign=''top'' class=''itemicon''>\n			<img class=''itemicon'' src=''{ITEM_ICON_LINK}''>\n		</td>\n		<td>\n			<body>\n<div class=''wowitem wowitemlive''>\n<span class=''iname''><span class=''purplename''>Pattern: Belt of the Long Road</span></span><br />\nBinds when picked up<br />\n<span class=''wowrttxt''>Tailoring</span><br />\nRequires Tailoring 375<br />\n<span class=''itemeffectlink''>Use: <a target=''_new'' href=''/db/spell.html?wspell=36324'' class=''itemeffectlink''>Teaches you how to sew a Belt of the Long Road.</a>&nbsp;</span><br /><br><span class=''itemeffectlink''>Creates: </span><a target=''_new'' href=''/db/item.html?witem=30036'' class=''itemcreatelink''>Belt of the Long Road</a><br />\n{ITEMSTATS_LINK}</div>\n		</td>\n	</tr>\n</table>'),
('Pattern: Monsoon Belt', '30304', 'en', 'http://wow.allakhazam.com/db/item.html?witem=30304&locale=enUS', 'purplename', 'INV_Scroll_04', '<table cellpadding=''0'' border=''0'' class=''borderless''>\n	<tr>\n		<td valign=''top'' class=''itemicon''>\n			<img class=''itemicon'' src=''{ITEM_ICON_LINK}''>\n		</td>\n		<td>\n			<body>\n<div class=''wowitem wowitemlive''>\n<span class=''iname''><span class=''purplename''>Pattern: Monsoon Belt</span></span><br />\nBinds when picked up<br />\n<span class=''wowrttxt''>Leatherworking</span><br />\nRequires Leatherworking 375<br />\n<span class=''itemeffectlink''>Use: <a target=''_new'' href=''/db/spell.html?wspell=36365'' class=''itemeffectlink''>Teaches you how to make a Monsoon Belt.</a>&nbsp;</span><br /><br><span class=''itemeffectlink''>Creates: </span><a target=''_new'' href=''/db/item.html?witem=30044'' class=''itemcreatelink''>Monsoon Belt</a><br />\n{ITEMSTATS_LINK}</div>\n		</td>\n	</tr>\n</table>'),
('Velvet Boots of the Guardian', '30067', 'en', 'http://wow.allakhazam.com/db/item.html?witem=30067&locale=enUS', 'purplename', 'INV_Boots_05', '<table cellpadding=''0'' border=''0'' class=''borderless''>\n	<tr>\n		<td valign=''top'' class=''itemicon''>\n			<img class=''itemicon'' src=''{ITEM_ICON_LINK}''>\n		</td>\n		<td>\n			<body>\n<div class=''wowitem wowitemlive''>\n<span class=''iname''><span class=''purplename''>Velvet Boots of the Guardian</span></span><br />\nBinds when picked up<br />\nFeet<span class=''wowrttxt''>Cloth</span><br />\n148 Armor<br />\n+21 Intellect<br />\n+15 Spirit<br />\n+21 Stamina<br />\nRequires&nbsp;Level&nbsp;70<br />\n<span class=''itemeffectlink''>Equip: <a target=''_new'' href=''/db/spell.html?wspell=28360'' class=''itemeffectlink''>Increases damage and healing done by magical spells and effects by up to 49.</a>&nbsp;</span><br />\n<span class=''itemeffectlink''>Equip: Improves spell critical strike rating by 24.</span><br />\n{ITEMSTATS_LINK}</div>\n		</td>\n	</tr>\n</table>'),
('Choker of Animalistic Fury', '30059', 'en', 'http://wow.allakhazam.com/db/item.html?witem=30059&locale=enUS', 'purplename', 'INV_Jewelry_Necklace_AhnQiraj_03', '<table cellpadding=''0'' border=''0'' class=''borderless''>\n	<tr>\n		<td valign=''top'' class=''itemicon''>\n			<img class=''itemicon'' src=''{ITEM_ICON_LINK}''>\n		</td>\n		<td>\n			<body>\n<div class=''wowitem wowitemlive''>\n<span class=''iname''><span class=''purplename''>Choker of Animalistic Fury</span></span><br />\nBinds when picked up<br />\nNeck<span class=''wowrttxt''>Miscellaneous</span><br />\n+24 Stamina<br />\nRequires&nbsp;Level&nbsp;70<br />\n<span class=''itemeffectlink''>Equip: <a target=''_new'' href=''/db/spell.html?wspell=15817'' class=''itemeffectlink''>Increases attack power by 64.</a>&nbsp;</span><br />\n<span class=''itemeffectlink''>Equip: Improves critical strike rating by 23.</span><br />\n{ITEMSTATS_LINK}</div>\n		</td>\n	</tr>\n</table>'),
('Boots of Courage Unending', '30027', 'en', 'http://wow.allakhazam.com/db/item.html?witem=30027&locale=enUS', 'purplename', 'INV_Boots_Chain_08', '<table cellpadding=''0'' border=''0'' class=''borderless''>\n	<tr>\n		<td valign=''top'' class=''itemicon''>\n			<img class=''itemicon'' src=''{ITEM_ICON_LINK}''>\n		</td>\n		<td>\n			<body>\n<div class=''wowitem wowitemlive''>\n<span class=''iname''><span class=''purplename''>Boots of Courage Unending</span></span><br />\nBinds when picked up<br />\nFeet<span class=''wowrttxt''>Plate</span><br />\n1105 Armor<br />\n+20 Intellect<br />\n+19 Stamina<br />\nRequires&nbsp;Level&nbsp;70<br />\n<span class=''itemeffectlink''>Equip: <a target=''_new'' href=''/db/spell.html?wspell=26154'' class=''itemeffectlink''>Increases healing done by spells and effects by up to 90.</a>&nbsp;</span><br />\n<span class=''itemeffectlink''>Equip: Improves spell critical strike rating by 31.</span><br />\n{ITEMSTATS_LINK}</div>\n		</td>\n	</tr>\n</table>'),
('The Seal of Danzalar', '33054', 'en', 'http://wow.allakhazam.com/db/item.html?witem=33054&locale=enUS', 'purplename', 'INV_Jewelry_Ring_39', '<table cellpadding=''0'' border=''0'' class=''borderless''>\n	<tr>\n		<td valign=''top'' class=''itemicon''>\n			<img class=''itemicon'' src=''{ITEM_ICON_LINK}''>\n		</td>\n		<td>\n			<body>\n<div class=''wowitem wowitemlive''>\n<span class=''iname''><span class=''purplename''>The Seal of Danzalar</span></span><br />\nBinds when picked up<br />\nUnique<br />\nFinger<span class=''wowrttxt''>Miscellaneous</span><br />\n295 Armor<br />\n+33 Stamina<br />\nRequires&nbsp;Level&nbsp;70<br />\n<span class=''itemeffectlink''>Equip: <a target=''_new'' href=''/db/spell.html?wspell=15715'' class=''itemeffectlink''>Increases damage and healing done by magical spells and effects by up to 25.</a>&nbsp;</span><br />\n<span class=''itemeffectlink''>Equip: Improves your resilience rating by 21.</span><br />\n<span class=''goldtext''>''From beneath you it devours.''</span><br />\n{ITEMSTATS_LINK}</div>\n		</td>\n	</tr>\n</table>'),
('Tempest-Strider Boots', '30066', 'en', 'http://wow.allakhazam.com/db/item.html?witem=30066&locale=enUS', 'purplename', 'INV_Boots_Chain_05', '<table cellpadding=''0'' border=''0'' class=''borderless''>\n	<tr>\n		<td valign=''top'' class=''itemicon''>\n			<img class=''itemicon'' src=''{ITEM_ICON_LINK}''>\n		</td>\n		<td>\n			<body>\n<div class=''wowitem wowitemlive''>\n<span class=''iname''><span class=''purplename''>Tempest-Strider Boots</span></span><br />\nBinds when picked up<br />\nFeet<span class=''wowrttxt''>Mail</span><br />\n619 Armor<br />\n+25 Stamina<br />\n+26 Intellect<br />\nRequires&nbsp;Level&nbsp;70<br />\n<span class=''itemeffectlink''>Equip: <a target=''_new'' href=''/db/spell.html?wspell=18035'' class=''itemeffectlink''>Increases healing done by spells and effects by up to 51.</a>&nbsp;</span><br />\n<span class=''itemeffectlink''>Equip: <a target=''_new'' href=''/db/spell.html?wspell=42082'' class=''itemeffectlink''>Restores 16 mana per 5 sec.</a>&nbsp;</span><br />\n{ITEMSTATS_LINK}</div>\n		</td>\n	</tr>\n</table>'),
('Pauldrons of the Vanquished Champion', '30248', 'en', 'http://wow.allakhazam.com/db/item.html?witem=30248&locale=enUS', 'purplename', 'INV_Shoulder_22', '<table cellpadding=''0'' border=''0'' class=''borderless''>\n	<tr>\n		<td valign=''top'' class=''itemicon''>\n			<img class=''itemicon'' src=''{ITEM_ICON_LINK}''>\n		</td>\n		<td>\n			<body>\n<div class=''wowitem wowitemlive''>\n<span class=''iname''><span class=''purplename''>Pauldrons of the Vanquished Champion</span></span><br />\nBinds when picked up<br />\n<span class=''wowrttxt''>Misc</span><br />\nClasses: Shaman Rogue Paladin <br />\nRequires&nbsp;Level&nbsp;70<br />\n{ITEMSTATS_LINK}</div>\n		</td>\n	</tr>\n</table>'),
('Seventh Ring of the Tirisfalen', '30028', 'en', 'http://wow.allakhazam.com/db/item.html?witem=30028&locale=enUS', 'purplename', 'INV_Jewelry_Ring_24', '<table cellpadding=''0'' border=''0'' class=''borderless''>\n	<tr>\n		<td valign=''top'' class=''itemicon''>\n			<img class=''itemicon'' src=''{ITEM_ICON_LINK}''>\n		</td>\n		<td>\n			<body>\n<div class=''wowitem wowitemlive''>\n<span class=''iname''><span class=''purplename''>Seventh Ring of the Tirisfalen</span></span><br />\nBinds when picked up<br />\nUnique<br />\nFinger<span class=''wowrttxt''>Miscellaneous</span><br />\n+37 Stamina<br />\nRequires&nbsp;Level&nbsp;70<br />\n<span class=''itemeffectlink''>Equip: <a target=''_new'' href=''/db/spell.html?wspell=23181'' class=''itemeffectlink''>Increases the block value of your shield by 24.</a>&nbsp;</span><br />\n<span class=''itemeffectlink''>Equip: Increases your shield block rating by 24.</span><br />\n<span class=''itemeffectlink''>Equip: Increases defense rating by 17.</span><br />\n{ITEMSTATS_LINK}</div>\n		</td>\n	</tr>\n</table>'),
('Fel-Steel Warhelm', '29983', 'en', 'http://wow.allakhazam.com/db/item.html?witem=29983&locale=enUS', 'purplename', 'INV_Helmet_03', '<table cellpadding=''0'' border=''0'' class=''borderless''>\n	<tr>\n		<td valign=''top'' class=''itemicon''>\n			<img class=''itemicon'' src=''{ITEM_ICON_LINK}''>\n		</td>\n		<td>\n			<body>\n<div class=''wowitem wowitemlive''>\n<span class=''iname''><span class=''purplename''>Fel-Steel Warhelm</span></span><br />\nBinds when picked up<br />\nHead<span class=''wowrttxt''>Plate</span><br />\n1306 Armor<br />\n+46 Strength<br />\n+46 Stamina<br />\nRequires&nbsp;Level&nbsp;70<br />\n<span class=''itemeffectlink''>Equip: Improves critical strike rating by 44.</span><br />\n<span class=''itemeffectlink''>Equip: Improves hit rating by 30.</span><br />\n{ITEMSTATS_LINK}</div>\n		</td>\n	</tr>\n</table>'),
('Warboots of Obliteration', '30081', 'en', 'http://wow.allakhazam.com/db/item.html?witem=30081&locale=enUS', 'purplename', 'INV_Boots_Plate_04', '<table cellpadding=''0'' border=''0'' class=''borderless''>\n	<tr>\n		<td valign=''top'' class=''itemicon''>\n			<img class=''itemicon'' src=''{ITEM_ICON_LINK}''>\n		</td>\n		<td>\n			<body>\n<div class=''wowitem wowitemlive''>\n<span class=''iname''><span class=''purplename''>Warboots of Obliteration</span></span><br />\nBinds when picked up<br />\nFeet<span class=''wowrttxt''>Plate</span><br />\n1105 Armor<br />\n+44 Strength<br />\n+29 Stamina<br />\nRequires&nbsp;Level&nbsp;70<br />\n<span class=''itemeffectlink''>Equip: Improves critical strike rating by 31.</span><br />\n{ITEMSTATS_LINK}</div>\n		</td>\n	</tr>\n</table>'),
('Living Root of the Wildheart', '0', 'na', NULL, 'greyname', 'INV_Misc_QuestionMark', '<table cellpadding=''0'' border=''0'' class=''borderless''>\n	<tr>\n		<td valign=''top'' class=''itemicon''>\n			<img class=''itemicon'' src=''{ITEM_ICON_LINK}''>\n		</td>\n		<td>\n			<table class=''wowitemt''>\n				<td>\nThe object don''t exist, or website is busy.  Click to search again.<br/>\nL''objet n''existe pas, ou le site est occupé.  Cliquez pour rechercher à nouveau.                    \n{ITEMSTATS_LINK}\n				</td>\n			</table>\n		</td>\n	</tr>\n</table>'),
('Shoulderpads of the Stranger', '0', 'na', NULL, 'greyname', 'INV_Misc_QuestionMark', '<table cellpadding=''0'' border=''0'' class=''borderless''>\n	<tr>\n		<td valign=''top'' class=''itemicon''>\n			<img class=''itemicon'' src=''{ITEM_ICON_LINK}''>\n		</td>\n		<td>\n			<table class=''wowitemt''>\n				<td>\nThe object don''t exist, or website is busy.  Click to search again.<br/>\nL''objet n''existe pas, ou le site est occupé.  Cliquez pour rechercher à nouveau.                    \n{ITEMSTATS_LINK}\n				</td>\n			</table>\n		</td>\n	</tr>\n</table>'),
('Talon of Azshara', '0', 'na', NULL, 'greyname', 'INV_Misc_QuestionMark', '<table cellpadding=''0'' border=''0'' class=''borderless''>\n	<tr>\n		<td valign=''top'' class=''itemicon''>\n			<img class=''itemicon'' src=''{ITEM_ICON_LINK}''>\n		</td>\n		<td>\n			<table class=''wowitemt''>\n				<td>\nThe object don''t exist, or website is busy.  Click to search again.<br/>\nL''objet n''existe pas, ou le site est occupé.  Cliquez pour rechercher à nouveau.                    \n{ITEMSTATS_LINK}\n				</td>\n			</table>\n		</td>\n	</tr>\n</table>'),
('Pauldrons of the Vanquished Hero', '0', 'na', NULL, 'greyname', 'INV_Misc_QuestionMark', '<table cellpadding=''0'' border=''0'' class=''borderless''>\n	<tr>\n		<td valign=''top'' class=''itemicon''>\n			<img class=''itemicon'' src=''{ITEM_ICON_LINK}''>\n		</td>\n		<td>\n			<table class=''wowitemt''>\n				<td>\nThe object don''t exist, or website is busy.  Click to search again.<br/>\nL''objet n''existe pas, ou le site est occupé.  Cliquez pour rechercher à nouveau.                    \n{ITEMSTATS_LINK}\n				</td>\n			</table>\n		</td>\n	</tr>\n</table>'),
('Mallet of the Tides', '0', 'na', NULL, 'greyname', 'INV_Misc_QuestionMark', '<table cellpadding=''0'' border=''0'' class=''borderless''>\n	<tr>\n		<td valign=''top'' class=''itemicon''>\n			<img class=''itemicon'' src=''{ITEM_ICON_LINK}''>\n		</td>\n		<td>\n			<table class=''wowitemt''>\n				<td>\nThe object don''t exist, or website is busy.  Click to search again.<br/>\nL''objet n''existe pas, ou le site est occupé.  Cliquez pour rechercher à nouveau.                    \n{ITEMSTATS_LINK}\n				</td>\n			</table>\n		</td>\n	</tr>\n</table>'),
('Scarab of Displacement', '0', 'na', NULL, 'greyname', 'INV_Misc_QuestionMark', '<table cellpadding=''0'' border=''0'' class=''borderless''>\n	<tr>\n		<td valign=''top'' class=''itemicon''>\n			<img class=''itemicon'' src=''{ITEM_ICON_LINK}''>\n		</td>\n		<td>\n			<table class=''wowitemt''>\n				<td>\nThe object don''t exist, or website is busy.  Click to search again.<br/>\nL''objet n''existe pas, ou le site est occupé.  Cliquez pour rechercher à nouveau.                    \n{ITEMSTATS_LINK}\n				</td>\n			</table>\n		</td>\n	</tr>\n</table>'),
('Fel Reaver''s Piston', '0', 'na', NULL, 'greyname', 'INV_Misc_QuestionMark', '<table cellpadding=''0'' border=''0'' class=''borderless''>\n	<tr>\n		<td valign=''top'' class=''itemicon''>\n			<img class=''itemicon'' src=''{ITEM_ICON_LINK}''>\n		</td>\n		<td>\n			<table class=''wowitemt''>\n				<td>\nThe object don''t exist, or website is busy.  Click to search again.<br/>\nL''objet n''existe pas, ou le site est occupé.  Cliquez pour rechercher à nouveau.                    \n{ITEMSTATS_LINK}\n				</td>\n			</table>\n		</td>\n	</tr>\n</table>'),
('Sextant of Unstable Currents', '0', 'na', NULL, 'greyname', 'INV_Misc_QuestionMark', '<table cellpadding=''0'' border=''0'' class=''borderless''>\n	<tr>\n		<td valign=''top'' class=''itemicon''>\n			<img class=''itemicon'' src=''{ITEM_ICON_LINK}''>\n		</td>\n		<td>\n			<table class=''wowitemt''>\n				<td>\nThe object don''t exist, or website is busy.  Click to search again.<br/>\nL''objet n''existe pas, ou le site est occupé.  Cliquez pour rechercher à nouveau.                    \n{ITEMSTATS_LINK}\n				</td>\n			</table>\n		</td>\n	</tr>\n</table>'),
('Ranger-General''s Chestguard', '0', 'na', NULL, 'greyname', 'INV_Misc_QuestionMark', '<table cellpadding=''0'' border=''0'' class=''borderless''>\n	<tr>\n		<td valign=''top'' class=''itemicon''>\n			<img class=''itemicon'' src=''{ITEM_ICON_LINK}''>\n		</td>\n		<td>\n			<table class=''wowitemt''>\n				<td>\nThe object don''t exist, or website is busy.  Click to search again.<br/>\nL''objet n''existe pas, ou le site est occupé.  Cliquez pour rechercher à nouveau.                    \n{ITEMSTATS_LINK}\n				</td>\n			</table>\n		</td>\n	</tr>\n</table>'),
('Ring of Lethality', '0', 'na', NULL, 'greyname', 'INV_Misc_QuestionMark', '<table cellpadding=''0'' border=''0'' class=''borderless''>\n	<tr>\n		<td valign=''top'' class=''itemicon''>\n			<img class=''itemicon'' src=''{ITEM_ICON_LINK}''>\n		</td>\n		<td>\n			<table class=''wowitemt''>\n				<td>\nThe object don''t exist, or website is busy.  Click to search again.<br/>\nL''objet n''existe pas, ou le site est occupé.  Cliquez pour rechercher à nouveau.                    \n{ITEMSTATS_LINK}\n				</td>\n			</table>\n		</td>\n	</tr>\n</table>'),
('Soul-Strider Boots', '0', 'na', NULL, 'greyname', 'INV_Misc_QuestionMark', '<table cellpadding=''0'' border=''0'' class=''borderless''>\n	<tr>\n		<td valign=''top'' class=''itemicon''>\n			<img class=''itemicon'' src=''{ITEM_ICON_LINK}''>\n		</td>\n		<td>\n			<table class=''wowitemt''>\n				<td>\nThe object don''t exist, or website is busy.  Click to search again.<br/>\nL''objet n''existe pas, ou le site est occupé.  Cliquez pour rechercher à nouveau.                    \n{ITEMSTATS_LINK}\n				</td>\n			</table>\n		</td>\n	</tr>\n</table>'),
('Leggings of the Vanquished Defender', '0', 'na', NULL, 'greyname', 'INV_Misc_QuestionMark', '<table cellpadding=''0'' border=''0'' class=''borderless''>\n	<tr>\n		<td valign=''top'' class=''itemicon''>\n			<img class=''itemicon'' src=''{ITEM_ICON_LINK}''>\n		</td>\n		<td>\n			<table class=''wowitemt''>\n				<td>\nThe object don''t exist, or website is busy.  Click to search again.<br/>\nL''objet n''existe pas, ou le site est occupé.  Cliquez pour rechercher à nouveau.                    \n{ITEMSTATS_LINK}\n				</td>\n			</table>\n		</td>\n	</tr>\n</table>'),
('Frayed Tether of the Drowned', '0', 'na', NULL, 'greyname', 'INV_Misc_QuestionMark', '<table cellpadding=''0'' border=''0'' class=''borderless''>\n	<tr>\n		<td valign=''top'' class=''itemicon''>\n			<img class=''itemicon'' src=''{ITEM_ICON_LINK}''>\n		</td>\n		<td>\n			<table class=''wowitemt''>\n				<td>\nThe object don''t exist, or website is busy.  Click to search again.<br/>\nL''objet n''existe pas, ou le site est occupé.  Cliquez pour rechercher à nouveau.                    \n{ITEMSTATS_LINK}\n				</td>\n			</table>\n		</td>\n	</tr>\n</table>'),
('Pendant of the Lost Ages', '0', 'na', NULL, 'greyname', 'INV_Misc_QuestionMark', '<table cellpadding=''0'' border=''0'' class=''borderless''>\n	<tr>\n		<td valign=''top'' class=''itemicon''>\n			<img class=''itemicon'' src=''{ITEM_ICON_LINK}''>\n		</td>\n		<td>\n			<table class=''wowitemt''>\n				<td>\nThe object don''t exist, or website is busy.  Click to search again.<br/>\nL''objet n''existe pas, ou le site est occupé.  Cliquez pour rechercher à nouveau.                    \n{ITEMSTATS_LINK}\n				</td>\n			</table>\n		</td>\n	</tr>\n</table>'),
('Leggings of the Vanquished Hero', '0', 'na', NULL, 'greyname', 'INV_Misc_QuestionMark', '<table cellpadding=''0'' border=''0'' class=''borderless''>\n	<tr>\n		<td valign=''top'' class=''itemicon''>\n			<img class=''itemicon'' src=''{ITEM_ICON_LINK}''>\n		</td>\n		<td>\n			<table class=''wowitemt''>\n				<td>\nThe object don''t exist, or website is busy.  Click to search again.<br/>\nL''objet n''existe pas, ou le site est occupé.  Cliquez pour rechercher à nouveau.                    \n{ITEMSTATS_LINK}\n				</td>\n			</table>\n		</td>\n	</tr>\n</table>'),
('Cord of Screaming Terrors', '0', 'na', NULL, 'greyname', 'INV_Misc_QuestionMark', '<table cellpadding=''0'' border=''0'' class=''borderless''>\n	<tr>\n		<td valign=''top'' class=''itemicon''>\n			<img class=''itemicon'' src=''{ITEM_ICON_LINK}''>\n		</td>\n		<td>\n			<table class=''wowitemt''>\n				<td>\nThe object don''t exist, or website is busy.  Click to search again.<br/>\nL''objet n''existe pas, ou le site est occupé.  Cliquez pour rechercher à nouveau.                    \n{ITEMSTATS_LINK}\n				</td>\n			</table>\n		</td>\n	</tr>\n</table>'),
('Cowl of the Grand Engineer', '0', 'na', NULL, 'greyname', 'INV_Misc_QuestionMark', '<table cellpadding=''0'' border=''0'' class=''borderless''>\n	<tr>\n		<td valign=''top'' class=''itemicon''>\n			<img class=''itemicon'' src=''{ITEM_ICON_LINK}''>\n		</td>\n		<td>\n			<table class=''wowitemt''>\n				<td>\nThe object don''t exist, or website is busy.  Click to search again.<br/>\nL''objet n''existe pas, ou le site est occupé.  Cliquez pour rechercher à nouveau.                    \n{ITEMSTATS_LINK}\n				</td>\n			</table>\n		</td>\n	</tr>\n</table>'),
('Tsunami Talisman', '0', 'na', NULL, 'greyname', 'INV_Misc_QuestionMark', '<table cellpadding=''0'' border=''0'' class=''borderless''>\n	<tr>\n		<td valign=''top'' class=''itemicon''>\n			<img class=''itemicon'' src=''{ITEM_ICON_LINK}''>\n		</td>\n		<td>\n			<table class=''wowitemt''>\n				<td>\nThe object don''t exist, or website is busy.  Click to search again.<br/>\nL''objet n''existe pas, ou le site est occupé.  Cliquez pour rechercher à nouveau.                    \n{ITEMSTATS_LINK}\n				</td>\n			</table>\n		</td>\n	</tr>\n</table>'),
('Ring of Sundered Souls', '0', 'na', NULL, 'greyname', 'INV_Misc_QuestionMark', '<table cellpadding=''0'' border=''0'' class=''borderless''>\n	<tr>\n		<td valign=''top'' class=''itemicon''>\n			<img class=''itemicon'' src=''{ITEM_ICON_LINK}''>\n		</td>\n		<td>\n			<table class=''wowitemt''>\n				<td>\nThe object don''t exist, or website is busy.  Click to search again.<br/>\nL''objet n''existe pas, ou le site est occupé.  Cliquez pour rechercher à nouveau.                    \n{ITEMSTATS_LINK}\n				</td>\n			</table>\n		</td>\n	</tr>\n</table>'),
('Fathomstone', '0', 'na', NULL, 'greyname', 'INV_Misc_QuestionMark', '<table cellpadding=''0'' border=''0'' class=''borderless''>\n	<tr>\n		<td valign=''top'' class=''itemicon''>\n			<img class=''itemicon'' src=''{ITEM_ICON_LINK}''>\n		</td>\n		<td>\n			<table class=''wowitemt''>\n				<td>\nThe object don''t exist, or website is busy.  Click to search again.<br/>\nL''objet n''existe pas, ou le site est occupé.  Cliquez pour rechercher à nouveau.                    \n{ITEMSTATS_LINK}\n				</td>\n			</table>\n		</td>\n	</tr>\n</table>'),
('Bloodsea Brigand''s Vest', '0', 'na', NULL, 'greyname', 'INV_Misc_QuestionMark', '<table cellpadding=''0'' border=''0'' class=''borderless''>\n	<tr>\n		<td valign=''top'' class=''itemicon''>\n			<img class=''itemicon'' src=''{ITEM_ICON_LINK}''>\n		</td>\n		<td>\n			<table class=''wowitemt''>\n				<td>\nThe object don''t exist, or website is busy.  Click to search again.<br/>\nL''objet n''existe pas, ou le site est occupé.  Cliquez pour rechercher à nouveau.                    \n{ITEMSTATS_LINK}\n				</td>\n			</table>\n		</td>\n	</tr>\n</table>'),
('Orca-Hide Boots', '0', 'na', NULL, 'greyname', 'INV_Misc_QuestionMark', '<table cellpadding=''0'' border=''0'' class=''borderless''>\n	<tr>\n		<td valign=''top'' class=''itemicon''>\n			<img class=''itemicon'' src=''{ITEM_ICON_LINK}''>\n		</td>\n		<td>\n			<table class=''wowitemt''>\n				<td>\nThe object don''t exist, or website is busy.  Click to search again.<br/>\nL''objet n''existe pas, ou le site est occupé.  Cliquez pour rechercher à nouveau.                    \n{ITEMSTATS_LINK}\n				</td>\n			</table>\n		</td>\n	</tr>\n</table>'),
('Pauldrons of the Vanquished Defender', '0', 'na', NULL, 'greyname', 'INV_Misc_QuestionMark', '<table cellpadding=''0'' border=''0'' class=''borderless''>\n	<tr>\n		<td valign=''top'' class=''itemicon''>\n			<img class=''itemicon'' src=''{ITEM_ICON_LINK}''>\n		</td>\n		<td>\n			<table class=''wowitemt''>\n				<td>\nThe object don''t exist, or website is busy.  Click to search again.<br/>\nL''objet n''existe pas, ou le site est occupé.  Cliquez pour rechercher à nouveau.                    \n{ITEMSTATS_LINK}\n				</td>\n			</table>\n		</td>\n	</tr>\n</table>');
